-- Table structure for table `role`
--

CREATE TABLE `role` (
  `createdAt` datetime(6) NOT NULL DEFAULT current_timestamp(6),
  `updatedAt` datetime(6) NOT NULL DEFAULT current_timestamp(6) ON UPDATE current_timestamp(6),
  `code` varchar(255) NOT NULL,
  `description` varchar(255) NOT NULL,
  `permissions` text NOT NULL,
  `id` int(11) NOT NULL AUTO_INCREMENT,
  PRIMARY KEY (`id`)
) ENGINE=InnoDB AUTO_INCREMENT=6 DEFAULT CHARSET=utf8mb4 COLLATE=utf8mb4_general_ci;

--
-- Dumping data for table `role`
--

INSERT INTO `role` VALUES
('2024-06-01 19:19:41.147222','2024-06-01 19:19:41.147222','__super_admin_role__','SuperAdmin','Authenticated,SuperAdmin,UpdateGlobalSettings,CreateCatalog,ReadCatalog,UpdateCatalog,DeleteCatalog,CreateSettings,ReadSettings,UpdateSettings,DeleteSettings,CreateAdministrator,ReadAdministrator,UpdateAdministrator,DeleteAdministrator,CreateAsset,ReadAsset,UpdateAsset,DeleteAsset,CreateChannel,ReadChannel,UpdateChannel,DeleteChannel,CreateCollection,ReadCollection,UpdateCollection,DeleteCollection,CreateCountry,ReadCountry,UpdateCountry,DeleteCountry,CreateCustomer,ReadCustomer,UpdateCustomer,DeleteCustomer,CreateCustomerGroup,ReadCustomerGroup,UpdateCustomerGroup,DeleteCustomerGroup,CreateFacet,ReadFacet,UpdateFacet,DeleteFacet,CreateOrder,ReadOrder,UpdateOrder,DeleteOrder,CreatePaymentMethod,ReadPaymentMethod,UpdatePaymentMethod,DeletePaymentMethod,CreateProduct,ReadProduct,UpdateProduct,DeleteProduct,CreatePromotion,ReadPromotion,UpdatePromotion,DeletePromotion,CreateShippingMethod,ReadShippingMethod,UpdateShippingMethod,DeleteShippingMethod,CreateTag,ReadTag,UpdateTag,DeleteTag,CreateTaxCategory,ReadTaxCategory,UpdateTaxCategory,DeleteTaxCategory,CreateTaxRate,ReadTaxRate,UpdateTaxRate,DeleteTaxRate,CreateSeller,ReadSeller,UpdateSeller,DeleteSeller,CreateStockLocation,ReadStockLocation,UpdateStockLocation,DeleteStockLocation,CreateSystem,ReadSystem,UpdateSystem,DeleteSystem,CreateZone,ReadZone,UpdateZone,DeleteZone',1),
('2024-06-01 19:19:41.151606','2024-06-01 19:19:41.151606','__customer_role__','Customer','Authenticated',2),
('2024-06-01 19:19:42.536099','2024-06-01 19:19:42.536099','administrator','Administrator','Authenticated,CreateCatalog,ReadCatalog,UpdateCatalog,DeleteCatalog,CreateSettings,ReadSettings,UpdateSettings,DeleteSettings,CreateCustomer,ReadCustomer,UpdateCustomer,DeleteCustomer,CreateCustomerGroup,ReadCustomerGroup,UpdateCustomerGroup,DeleteCustomerGroup,CreateOrder,ReadOrder,UpdateOrder,DeleteOrder,CreateSystem,ReadSystem,UpdateSystem,DeleteSystem',3),
('2024-06-01 19:19:42.537948','2024-06-01 19:19:42.537948','order-manager','Order manager','Authenticated,CreateOrder,ReadOrder,UpdateOrder,DeleteOrder,ReadCustomer,ReadPaymentMethod,ReadShippingMethod,ReadPromotion,ReadCountry,ReadZone',4),
('2024-06-01 19:19:42.540033','2024-06-01 19:19:42.540033','inventory-manager','Inventory manager','Authenticated,CreateCatalog,ReadCatalog,UpdateCatalog,DeleteCatalog,CreateTag,ReadTag,UpdateTag,DeleteTag,ReadCustomer',5);

--
-- Table structure for table `role_channels_channel`
--

CREATE TABLE `role_channels_channel` (
  `roleId` int(11) NOT NULL,
  `channelId` int(11) NOT NULL,
  PRIMARY KEY (`roleId`,`channelId`),
  KEY `IDX_bfd2a03e9988eda6a9d1176011` (`roleId`),
  KEY `IDX_e09dfee62b158307404202b43a` (`channelId`),
  CONSTRAINT `FK_bfd2a03e9988eda6a9d11760119` FOREIGN KEY (`roleId`) REFERENCES `role` (`id`) ON DELETE CASCADE ON UPDATE CASCADE,
  CONSTRAINT `FK_e09dfee62b158307404202b43a5` FOREIGN KEY (`channelId`) REFERENCES `channel` (`id`) ON DELETE CASCADE ON UPDATE NO ACTION
) ENGINE=InnoDB DEFAULT CHARSET=utf8mb4 COLLATE=utf8mb4_general_ci;

--
-- Dumping data for table `role_channels_channel`
--

INSERT INTO `role_channels_channel` VALUES
(1,1),
(2,1),
(3,1),
(4,1),
(5,1);

--
-- Table structure for table `search_index_item`
--

CREATE TABLE `search_index_item` (
  `languageCode` varchar(255) NOT NULL,
  `enabled` tinyint(4) NOT NULL,
  `productName` varchar(255) NOT NULL,
  `productVariantName` varchar(255) NOT NULL,
  `description` text NOT NULL,
  `slug` varchar(255) NOT NULL,
  `sku` varchar(255) NOT NULL,
  `facetIds` text NOT NULL,
  `facetValueIds` text NOT NULL,
  `collectionIds` text NOT NULL,
  `collectionSlugs` text NOT NULL,
  `channelIds` text NOT NULL,
  `productPreview` varchar(255) NOT NULL,
  `productPreviewFocalPoint` text DEFAULT NULL,
  `productVariantPreview` varchar(255) NOT NULL,
  `productVariantPreviewFocalPoint` text DEFAULT NULL,
  `inStock` tinyint(4) NOT NULL DEFAULT 1,
  `productInStock` tinyint(4) NOT NULL DEFAULT 1,
  `productVariantId` int(11) NOT NULL,
  `channelId` int(11) NOT NULL,
  `productId` int(11) NOT NULL,
  `productAssetId` int(11) DEFAULT NULL,
  `productVariantAssetId` int(11) DEFAULT NULL,
  `price` int(11) NOT NULL,
  `priceWithTax` int(11) NOT NULL,
  PRIMARY KEY (`languageCode`,`productVariantId`,`channelId`),
  FULLTEXT KEY `IDX_6fb55742e13e8082954d0436dc` (`productName`),
  FULLTEXT KEY `IDX_d8791f444a8bf23fe4c1bc020c` (`productVariantName`),
  FULLTEXT KEY `IDX_9a5a6a556f75c4ac7bfdd03410` (`description`)
) ENGINE=InnoDB DEFAULT CHARSET=utf8mb4 COLLATE=utf8mb4_general_ci;

--
-- Dumping data for table `search_index_item`
--

INSERT INTO `search_index_item` VALUES
('en',1,'Delayed Surface Marker Buoy','Delayed Surface Marker Buoy','<p>4\' Delayed Surface Marker Buoy. With oral inflator/deflator. Light weight and small enough to clip on to your BCD.</p><h4>Shipping Size</h4><p><strong>Dimensions:&nbsp;</strong>18cm x 8cm x 5cm<br><strong>Weight: </strong>140g</p>','delayed-surface-marker-buoy','641-1006','1','40','11','safety-gear','1','preview/0a/delayed-surface-marker-buoy__preview.jpeg',NULL,'',NULL,1,1,1,1,1,355,NULL,45500,52325),
('en',1,'EEZYCUT / Linecutter','EEZYCUT / Linecutter','<p>Ergonomically designed to provide the cleanest, sharpest, and most effortless cutting action available.</p><ul><li><p>2 spare blades</p></li><li><p>Storage pouch</p></li></ul><h4>Shipping Size</h4><p><strong>Dimensions:&nbsp;</strong>17cm x 10cm x 2.5cm<br><strong>Weight:</strong>&nbsp;65g</p>','eezycut-linecutter','000000','1','40','11','safety-gear','1','preview/c9/eezycut-linecutter__preview.jpeg',NULL,'',NULL,1,1,2,1,2,356,NULL,55000,63250),
('en',1,'DAN Membership Card','DAN Membership Card','<p>The DAN membership card offers divers an easy way to display important information that may help medical personnel respond quicker and more effectively in the event of a dive emergency. When travelling with a DAN membership card, your name and DAN number are available to first responders — even if you can’t communicate. This information can help rescuers make informed decisions about your care and enable them to alert your family or spouse about your condition no matter where in the world you are diving. &nbsp;Crafted from Polyvinyl Chloride (PVC) and laser printed with your information, the DAN membership is &nbsp;corrosion resistance and easily placed in your wallet or logbook.</p><p><em><strong>The DAN tag is a pre-order item and takes approximately 7 to 14 days to produce and ship.&nbsp;You will be notified when your tag is ready for collection or the shipping date.</strong></em></p><h3>Shipping Size</h3><p><strong>Dimensions:</strong>&nbsp;9cm x 5cm x 0.2cm<br><strong>Weight:&nbsp;</strong>5g</p>','dan-membership-card','MEM-CRD','1','40','11','safety-gear','1','preview/60/dan-membership-card---back__preview.png',NULL,'',NULL,1,1,3,1,3,357,NULL,2500,2875),
('en',1,'DAN Tag','DAN Tag','<p>The DAN Tag offers divers an easy way to display important information that may help medical personnel respond quicker and more effectively in the event of a dive emergency. When diving with a DAN Tag, your name and DAN number are available to first responders — even if you can’t communicate. This information can help rescuers make informed decisions about your care and enable them to alert your family or spouse about your condition no matter where in the world you are diving. &nbsp;Crafted from Polyvinyl Chloride (PVC) and laser engraved with your information, the DAN Tag is &nbsp;corrosion resistance and easily attaches to your BCD.<br><br><em><strong>The DAN tag is a pre-order item and takes approximately 7 to 14 days to produce and ship.&nbsp;You will be notified when your tag is ready for collection or the shipping date.</strong></em></p><h4>Shipping Size</h4><p><strong>Dimensions:</strong>&nbsp;6.5cm x 4cm x 0.5cm<br><strong>Weight:&nbsp;</strong>5g</p>','dan-tag','DAN-TAF','1','40','11','safety-gear','1','preview/bc/dan-tag__preview.png',NULL,'',NULL,1,1,4,1,4,359,NULL,9900,11385),
('en',1,'Rescue Pk Extended Care Plus','Rescue Pk Extended Care Plus','<p>Providing emergency oxygen at concentrations nearing 100 percent can reduce damage to oxygen starved tissues, making a dramatic difference in the injured divers’ conditions, and improving their response to further medical treatment. When diving, help is not always close by. If you are diving in a remote location, be prepared to respond to an emergency with the DAN Rescue Pack Extended Care Plus oxygen unit.&nbsp;</p><h4>Kit Details</h4><ul><li><p>1- Compact, rolling waterproof case</p></li><li><p>1- Brass multi-function regulator</p></li><li><p>1- Demand Valve with 1.83M green hose</p></li><li><p>1- Pin Index 2ltr Aluminium Oxygen cylinder</p></li><li><p>2- Non Re-breather mask</p></li><li><p>1- Oronasal resuscitation mask</p></li></ul><h4>Shipping Size</h4><p><strong>Dimensions:&nbsp;</strong>18cm x 8cm x 5cm<br><strong>Weight:</strong>&nbsp;140g</p>','rescue-pk-extended-care-plus','601-1203','1','48','17','oxygen-units','1','preview/b0/rescue-pk-extended-care-plus__preview.png',NULL,'',NULL,1,1,5,1,5,243,NULL,1892000,2175800),
('en',1,'Rescue Ext. Care PLUS w/FA Kit','Rescue Ext. Care PLUS w/FA Kit','<p>Providing emergency oxygen at concentrations nearing 100 percent can reduce damage to oxygen starved tissues, making a dramatic difference in the injured divers’ conditions, and improving their response to further medical treatment. When diving, help is not always close by. If you are diving in a remote location, be prepared to respond to an emergency with the DAN Rescue Pack Extended Care Plus oxygen unit.&nbsp;</p><h4>Kit Details</h4><ul><li><p>1-Pair of Nitrile gloves</p></li><li><p>1-Pin Index Oxygen Cylinder Aluminium D Size 2Ltr (Empty)</p></li><li><p>1-Brass Multi-function Regulator</p></li><li><p>1-Demand Valve with hose</p></li><li><p>2-Non-Rebreather mask</p></li><li><p>1- Oronasal Resuscitation mask</p></li><li><p>1-Slate set (7 pieces)</p></li><li><p>1-Orange CAT Tourniquet</p></li><li><p>1-First Aid Kit</p></li></ul><h4>Shipping Size</h4><p><strong>Dimensions:</strong>&nbsp;55cm x 35cm x 22cm<br><strong>Weight</strong>: 12 kg</p>','rescue-ext.-care-plus-wfa-kit','601-6203','1','48','17','oxygen-units','1','preview/02/rescue-ext.-care-plus-wfa-kit__preview.png',NULL,'',NULL,1,1,6,1,6,244,NULL,2171000,2496650),
('en',1,'First-Aid Backpack w/O2','First-Aid Backpack w/O2','<p>Providing emergency oxygen at concentrations nearing 100 percent can reduce damage to oxygen starved tissues, making a dramatic difference in the injured divers’ conditions, and improving their response to further medical treatment. When diving, help is not always close by. If you are diving in a remote location, be prepared to respond to an emergency with the DAN Rescue Pak Extended Care Plus oxygen unit.&nbsp;</p><h4>Kit Details</h4><ul><li><p>1-Tourniquet</p></li><li><p>1-Pin Index Aluminium 2ltr cylinder (empty)</p></li><li><p>1-Brass multi function regulator</p></li><li><p>1-Demand valve with hose</p></li><li><p>2-Non-Rebreather mask</p></li><li><p>1- Oronasal resuscitation mask</p></li><li><p>1-Backpack First Aid kit</p></li></ul><h4>Shipping Size</h4><p><strong>Dimensions:</strong>&nbsp;55cm x 35cm x 22cm <br><strong>Weight</strong>: 7 Kg</p>','first-aid-backpack-wo2','O2-PB','1','48','17','oxygen-units','1','preview/a5/first-aid-backpack-wo2__preview.jpeg',NULL,'',NULL,1,1,7,1,7,245,NULL,1424000,1637600),
('en',1,'Multifunction Regulator','Multifunction Regulator','<p>With its durable body and heavy-duty brass core, these regulators fit all DAN oxygen tanks and are designed to provide oxygen using both demand and constant-flow delivery. Features a pressure gauge measuring up to 3,000 psi (200 Bar) for easy readability.</p><h4>Shipping Size</h4><p><strong>Dimensions:</strong>&nbsp;17cm x 7cm x 11cm<br><strong>Weight:&nbsp;</strong>860g</p>','multifunction-regulator','611-2000','1','47','18','oxygen-accessories','1','preview/9f/multifunction-regulator__preview.jpeg',NULL,'',NULL,1,1,8,1,8,367,NULL,490400,563960),
('en',1,'Demand Valve with 6ft Hose','Demand Valve with 6ft Hose','<p>Our reliable demand valves have the same design as those used by professional EMS. The standard demand valve allows oxygen to flow freely for the treatment of conscious divers. This 6ft oxygen clean pressure hose is designed for use with both the DAN Demand Valve with 6-foot hose and the MTV-100 with 6-foot hose.</p><h4>Shipping Size</h4><p><strong>Dimensions:</strong>&nbsp;35cm x 14cm x 25cm<br><strong>Weight:</strong>&nbsp;500g</p>','demand-valve-with-6ft-hose','611-3000','1','47','18','oxygen-accessories','1','preview/42/demand-valve-with-6ft-hose__preview.jpeg',NULL,'',NULL,1,1,9,1,9,247,NULL,636500,731975),
('en',1,'Pin Index Oxygen Cylinder 3ltr','Pin Index Oxygen Cylinder 3ltr','<p>This cylinder is used as an add-on cylinder to your regular oxygen unit.</p><ul><li><p>3 liter Aluminium Medical Oxygen cylinder with pin index valve.</p></li><li><p>150 bar operating pressure</p></li><li><p>Cylinder length is 63cm</p></li></ul><h4>Shipping Size</h4><p><strong>Dimensions:&nbsp;</strong>13cm x 13cm x 65cm<br><strong>Weight:&nbsp;</strong>3.20 Kg</p>','pin-index-oxygen-cylinder-3ltr','','1','47','18','oxygen-accessories','1','preview/e9/pin-index-oxygen-cylinder-3ltr__preview.png',NULL,'',NULL,1,1,10,1,10,249,NULL,252500,290375),
('en',1,'Pin Index to BSP Cylinder Adapter','Pin Index to BSP Cylinder Adapter','<p>Oxygen adapter to connect a Pin Index Oxygen regulator to a BSP G5/8\" (bullnose) medical oxygen cylinder valve.</p><ul><li><p><strong>Thread:</strong>&nbsp;BSP G5/8\" external thread to Pin Index</p></li><li><p><strong>Working Pressure:</strong>&nbsp;200 BAR</p></li></ul><p>Irak -Ireland -Egypt -Jordania -Quwait -Liberia - Lybia - Maldives - Malta - Saudi-Arabia -South-Africa - UAE (Emirates) - United Kindom - Yemen</p><h4>Shipping Size</h4><p><strong>Dimensions:</strong>&nbsp;10cm x 5cm x 5cm<br><strong>Weight:</strong>&nbsp;365g</p>','pin-index-to-bsp-cylinder-adapter','O2PIBS','1','47','18','oxygen-accessories','1','preview/a8/pin-index-to-bsp-cylinder-adapter__preview.jpeg',NULL,'',NULL,1,1,11,1,11,250,NULL,154000,177100),
('en',1,'Pin Index to DIN Adapter','Pin Index to DIN Adapter','<p>Oxygen adapter to connect a Pin Index Oxygen regulator to a Air/INT scuba cylinder valve. The air cylinder should be oxygen safe and oxygen cleaned by a professional before connecting any oxygen materials to it. This adapter is to be used only in case of emergency when a medical oxygen cylinder is not available. In no case should you connect it with a non oxygen cleaned air tank. The content of the air cylinder should be 100% medical oxygen, filled by an authorised centre. Do not connect any DAN oxygen materials to non oxygen clean cylinders or to cylinders filled by non authorised centres. In case of doubt do not use the adapter.</p><h4>Shipping Size</h4><p><strong>Dimensions:</strong>&nbsp;10cm x 10cm x 10cm<br><strong>Weight</strong>: 310g</p>','pin-index-to-din-adapter','O2PIDM','1','47','18','oxygen-accessories','1','preview/7c/pin-index-to-din-adapter__preview.jpeg',NULL,'',NULL,1,1,12,1,12,251,NULL,222600,255990),
('en',1,'Multifunction Regulator - External Service Kit','Multifunction Regulator - External Service Kit','<p>Multifunction regulator - external service kit.</p><h4>Shipping Size</h4><p><strong>Dimensions:&nbsp;</strong>18cm x 15cm x 0.5cm<br><strong>Weight:</strong>&nbsp;50g</p>','multifunction-regulator---external-service-kit','L270015','1','47','18','oxygen-accessories','1','preview/b9/multifunction-regulator---external-service-kit__preview.png',NULL,'',NULL,1,1,13,1,13,252,NULL,30400,30400),
('en',1,'Metal / Rubber Washer','Metal / Rubber Washer','<p>This oxygen-safe washer is designed expressly for the brass multifunction regulator. Provides a seal between the oxygen cylinder and the regulator.</p><h4>Shipping Size</h4><p><strong>Dimensions:&nbsp;</strong>1.5cm x 1.5cm x 0,25cm<br><strong>Weight:&nbsp;</strong>10g</p>','metal-rubber-washer','611-9000','1','47','18','oxygen-accessories','1','preview/b1/metal-rubber-washer__preview.png',NULL,'',NULL,1,1,14,1,14,253,NULL,6000,6000),
('en',1,'DIN477 Yearly Maintenance Kit','DIN477 Yearly Maintenance Kit','<p>DIN447 yearly multifunction regulator - external service kit.</p><h4>Shipping Size</h4><p><strong>Dimensions:&nbsp;</strong>8cm x 15cm x 0.5cm<br><strong>Weight</strong>: 70g</p>','din477-yearly-maintenance-kit','DIN477-SERVKIT','1','47','18','oxygen-accessories','1','preview/52/din477-yearly-maintenance-kit__preview.png',NULL,'',NULL,1,1,15,1,15,254,NULL,66500,66500),
('en',1,'Pin Index Oxygen Cylinder 2ltr','Pin Index Oxygen Cylinder 2ltr','<p>This cylinder is used as an add-on cylinder to your regular oxygen unit.</p><ul><li><p>2 liter Aluminium Medical Oxygen cylinder with pin index valve.</p></li><li><p>150 bar operating pressure</p></li><li><p>Cylinder length is 46cm</p></li></ul><h4>Shipping Size</h4><p><strong>Dimensions:</strong>&nbsp;13cm x 13cm x 50cm<br><strong>Weight:&nbsp;</strong>2.90 Kg</p>','pin-index-oxygen-cylinder-2ltr','O2CYLP-2LTR','1','47','18','oxygen-accessories','1','preview/15/pin-index-oxygen-cylinder-2ltr__preview.jpeg',NULL,'',NULL,1,1,16,1,16,257,NULL,200000,200000),
('en',1,'Silicone Mask','Silicone Mask','<p>High quality oxygen mask, compatible with the DAN demand inhalator valve and MTV-100.</p><h4>Shipping Size</h4><p><strong>Dimensions:</strong>&nbsp;15cm x 10cm x 10cm<br><strong>Weight:</strong>&nbsp;95g</p>','silicone-mask','010502007','1','47','18','oxygen-accessories','1','preview/9c/silicone-mask__preview.jpeg',NULL,'',NULL,1,1,17,1,17,258,NULL,14500,14500),
('en',1,'Marine MedKit','Marine MedKit','<p>This water-resistant pouch with handle and clear storage compartments for easy viewing of materials. You can assemble and organize your own kit so you can easily locate all of your essential first aid materials quickly during an emergency. There is no easier way to improve readiness for emergencies in remote settings than to bring a first aid kit. The presence of a few important items can make a big difference in an injured person\'s ability to continue a trip. Some of these items, when used quickly and skillfully, can even speed recovery and improve the ultimate outcome of an accident.</p><h4>Kit Includes</h4><ul><li><p>Water-resistant pouch</p></li><li><p>1 Pocket Mask</p></li><li><p>1 CPR Barrier</p></li><li><p>2 nitrile gloves</p></li><li><p>1 8x10 trauma pad</p></li><li><p>3 antiseptic towelettes</p></li><li><p>1 syringe</p></li><li><p>1 18g catheter</p></li><li><p>5 PVP Betadine®&nbsp;swabstick</p></li><li><p>15 adhesive bandages 1\" x 3\"</p></li><li><p>5 knuckle adhesive bandages</p></li><li><p>2 extra-large adhesive bandages</p></li><li><p>1 wound-closure strip</p></li><li><p>5 sterile 2\" x 2\" dressing</p></li><li><p>4 sterile 4\" x 4\" dressing</p></li><li><p>2 non-sterile 2\" Kling</p></li><li><p>1 tape 1\" x 10-yds.</p></li><li><p>1 EMT shears</p></li><li><p>1 splinter picker</p></li><li><p>2 tincture of benzoin</p></li><li><p>1 eye pad</p></li><li><p>1 eye patch</p></li><li><p>1 cold compress</p></li><li><p>1 Ace 3\"</p></li><li><p>2 triangular bandage</p></li></ul><h4>Shipping Size</h4><p><strong>Dimensions:</strong>&nbsp;26cm x 18cm x 11cm<br><strong>Weight:</strong>&nbsp;less than 965g</p>','marine-medkit','631-2605','1','49','19','first-aid-kits','1','preview/a6/marine-medkit__preview.jpeg',NULL,'',NULL,1,1,18,1,18,259,NULL,133000,133000),
('en',1,'Grab and Go Travel Pack','Grab and Go Travel Pack','<p>DAN’s compact Grab and Go Travel Pack is perfect for a range of applications. Small enough to go anywhere, this kit features zippered pockets and basic first-aid supplies to handle minor cuts, scrapes and injuries. Ideal for 1-2 people.</p><h4>Kit Includes</h4><ul><li><p>2 Sterile dressings 10.16 cm x 10.16 cm</p></li><li><p>2 Sterile dressings 7.62 cm x 7.62 cm</p></li><li><p>2 Conforming gauze bandages</p></li><li><p>1 Elastic bandage with Velcro 5.08 cm</p></li><li><p>3 Butterfly closure strips</p></li><li><p>6 Adhesive bandages 1.54 cm x 7.62 cm</p></li><li><p>3 Adhesive bandages 5.08 cm x 11.43 cm</p></li><li><p>1 Triangular bandage</p></li><li><p>2 Sting relief wipes</p></li><li><p>3 Antiseptic towelettes</p></li><li><p>2 Tincture of benzoin swabs</p></li><li><p>1 Disposable razor</p></li><li><p>1 Folding scissors</p></li><li><p>1 Splinter picker forceps</p></li><li><p>1 Wound cleaning syringe</p></li><li><p>1 Pair nitrile gloves</p></li><li><p>2 Fingertip bandages</p></li><li><p>1 Roll cloth tape, 2.51 cm wide</p></li><li><p>1 Face shield</p></li></ul><h4>Shipping Size</h4><p><strong>Dimensions:&nbsp;</strong>22cm x 16cm x 8cm<br><strong>Weight</strong>: less than 455g</p>','grab-and-go-travel-pack','631-3115','1','49','19','first-aid-kits','1','preview/71/grab-and-go-travel-pack__preview.png',NULL,'',NULL,1,1,19,1,19,263,NULL,58500,58500),
('en',1,'CPR Pocket Mask','CPR Pocket Mask','<p>This reusable and easy-to-clean CPR mask is designed to administer rescue breaths to a non-breathing person. With oxygen inlet and replaceable one-way valve, this mask can be used with a demand valve or MTV-100.</p><ul><li><p>Hard plastic protective case</p></li><li><p>Oxygen inlet</p></li><li><p>Strap for secure fit</p></li><li><p>Can be used with DAN Demand Valve or MTV-100</p></li></ul><h4>Shipping Size</h4><p><strong>Dimensions:</strong>&nbsp;14cm x 11cm x 4.5cm<br><strong>Weight:</strong>&nbsp;115g</p>','cpr-pocket-mask','70010700','1','50','20','first-aid-accessories','1','preview/cf/cpr-pocket-mask-__preview.jpeg',NULL,'',NULL,1,1,20,1,20,271,NULL,9000,9000),
('en',1,'SMART Bag Valve Mask','SMART Bag Valve Mask','<p>Use this bag valve mask to ventilate a non-breathing person. The \'Smart Bag\' offers accurate controlled ventilation that significantly reduces the risk of gastric insufflation. &nbsp;The easy-to-grip textured surface ensures a secure, slip-free hold. An integrated swivel allows the caregiver to change positions. The BVM requires special training to use.</p><h4>Useful Information</h4><p><a href=\"https://otwo.com/wp-content/uploads/2023/06/OTWO-SPECIFICATION-SHEET-SMARTBAG-15PL2136-Rev17-SET-2022.pdf\" rel=\"noopener noreferrer\" target=\"_blank\">Download</a>&nbsp;Specification Sheet<br><a href=\"https://otwo.com/wp-content/uploads/2023/10/SMARTBAG-MO-IFU-REV24-JUL-2023.pdf\" rel=\"noopener noreferrer\" target=\"_blank\">Download</a>&nbsp;User Manual</p><h4>Shipping Size</h4><p><strong>Dimensions:</strong>&nbsp;24cm x 16cm x 15cm<br><strong>Weight:&nbsp;</strong>540g</p>','smart-bag-valve-mask','BVMSM','1','50','20','first-aid-accessories','1','preview/66/smart-bag-valve-mask__preview.png',NULL,'',NULL,1,1,21,1,21,272,NULL,108000,108000),
('en',1,'Non-Rebreather Mask','Non-Rebreather Mask','<p>This disposable mask provides oxygen for breathing persons who cannot tolerate demand-valve oxygen regulators or when two divers need emergency oxygen.</p><h4>Shipping Size</h4><p><strong>Dimensions:</strong>&nbsp;20cm x 18cm x 2cm<br><strong>Weight:&nbsp;</strong>65g</p>','non-rebreather-mask','O2NONR','1','50','20','first-aid-accessories','1','preview/82/non-rebreather-mask-__preview.jpeg',NULL,'',NULL,1,1,22,1,22,273,NULL,133000,133000),
('en',1,'Red First Aid Backpack','Red First Aid Backpack','<p>New DAN First Aid Back Pack. This well-designed backpack has storage compartments for all first aid components plus an open storage area for additional supplies. This durable First Aid Backpack is designed for the active individual on the go.<br><br><strong>Backpack ONLY - Not Stocked</strong></p><h4>Shipping Size</h4><p><strong>Dimensions:</strong>&nbsp;55cm x 35cm x 22cm<br><strong>Weight:&nbsp;</strong>1.5 Kg</p>','red-first-aid-backpack','501-6310','1','50','20','first-aid-accessories','1','preview/6a/red-first-aid-backpack-__preview.jpeg',NULL,'',NULL,1,1,23,1,23,276,NULL,352500,352500),
('en',1,'Bag Valve Mask','Bag Valve Mask','<p>The Silicone BVM has a special textured surface to ensures that a comfortable and firm grip is guaranteed, allowing for effective ventilation over extended periods, without the problem of hand fatigue. The Silicone BVM is made out of a view parts that can be disassembled easily. The Silicone BVM can easy be cleaned and autoclaved (except the oxygen reservoir) at a temperature of 134° Celsius. The unique shape is small and easy to hold. The ergonomic, lightweight design of Silicone BVM is made for optimal user handling and support even during extended ventilations. The BVM’s are semi-transparent allowing for a visual check of the patient’s condition. A pressure limitation valve has been included into the design for the adult and the paediatric versions to ensure the safety of the patient.</p><h4>Product Specifications</h4><p><strong>Total Bag volume:</strong>&nbsp;1475ml<br><strong>Stroke Volumes:</strong>&nbsp;Approx. 700ml<br><strong>Dimensions:&nbsp;</strong>29.5cm x 12.7cm<br><strong>Patients Weight Category:</strong>&nbsp;&gt; 30 kg (±10 years)</p><h4>Shipping Size</h4><p><strong>Dimensions:&nbsp;</strong>24cm x 16cm x 15cm<br><strong>Weight:&nbsp;</strong>420g</p>','bag-valve-mask','CPRLK-CBK','1','50','20','first-aid-accessories','1','preview/1a/bag-valve-mask-__preview.png',NULL,'',NULL,1,1,24,1,24,281,NULL,62000,62000),
('en',1,'Black Keychain Pouch','Black Keychain Pouch','<p>Use this bag valve mask to ventilate a non-breathing person. The \'Smart Bag\' offers accurate controlled ventilation that significantly reduces the risk of gastric insufflation. &nbsp;The easy-to-grip textured surface ensures a secure, slip-free hold. An integrated swivel allows the caregiver to change positions. The BVM requires special training to use.</p><h4>Shipping Size</h4><p><strong>Dimensions:</strong>&nbsp;5cm x 4.5cm x 2cm<br><strong>Weight:&nbsp;</strong>15g</p>','black-keychain-pouch','CPRLK-CBK','1','50','20','first-aid-accessories','1','preview/b5/black-keychain-pouch-__preview.png',NULL,'',NULL,1,1,25,1,25,282,NULL,1900,1900),
('en',1,'SAM Splint','SAM Splint','<p>Easy to use, unique and versatile immobilisation splint. The splint is built from a thin core of aluminium alloy, sandwiched between two layers of closed-cell foam. The Splint is extremely pliable. Bent into any of three simple curves, it becomes extremely strong and supportive. Instructions are printed on the splint.</p><h4>Dimensions</h4><p><strong>Folded:&nbsp;</strong>10,5cm x 9,0 cm<br><strong>Unfolded:</strong>&nbsp;10,5cm x 91,40cm</p><h4>Shipping Size</h4><p><strong>Dimensions:</strong>&nbsp;15cm x 10cm x 10cm<br><strong>Weight:&nbsp;</strong>145g</p>','sam-splint','SAM','1','50','20','first-aid-accessories','1','preview/c7/sam-splint-__preview.jpeg',NULL,'',NULL,1,1,26,1,26,283,NULL,13800,13800),
('en',1,'Red Keychain Pouch','Red Keychain Pouch','<p>Use this bag valve mask to ventilate a non-breathing person. The \'Smart Bag\' offers accurate controlled ventilation that significantly reduces the risk of gastric insufflation. &nbsp;The easy-to-grip textured surface ensures a secure, slip-free hold. An integrated swivel allows the caregiver to change positions. The BVM requires special training to use.</p><h4>Shipping Size</h4><p><strong>Dimensions:&nbsp;</strong>5cm x 4.5cm x 2cm<br><strong>Weight:</strong>&nbsp;15g</p>','red-keychain-pouch','CPRLK-CR','1','50','20','first-aid-accessories','1','preview/df/red-keychain-pouch-__preview.png',NULL,'',NULL,1,1,27,1,27,286,NULL,1900,1900),
('en',1,'Red Optic-Fiber Otoscope w/pouch','Red Optic-Fiber Otoscope w/pouch','<p>Fiber optic otoscope with (10) ten standard disposable specula. Requires 2 \'AA\' batteries, not inlcuded.</p><h4>Shipping Size</h4><p><strong>Dimensions:</strong>&nbsp;20cm x 10cm x 5cm<br><strong>Weight:</strong>&nbsp;115g</p>','red-optic-fiber-otoscope-wpouch','00000000','1','50','20','first-aid-accessories','1','preview/a0/14913281_2048x2048_500__preview.jpeg',NULL,'',NULL,1,1,28,1,28,220,NULL,49500,49500),
('en',1,'Medical Tourniquet','Medical Tourniquet','<p>RHINORESCUE™ Tactical Tourniquet: Fast, Safe &amp; Effective Prehospital Field Tourniquet.<br><br><strong>One-Handed Tourniquet</strong></p><ul><li><p>Single route buckle design for easy individual operation.</p></li><li><p>Ideal for life-threatening extremity bleeding without assistance.</p></li></ul><p><strong>V-Shaped Windlass Clip</strong></p><ul><li><p>Locks the windlass faster and easier than parallel clips.</p></li><li><p>Reduces difficulty and shortens rescue time.</p></li></ul><p><strong>Reinforced Windlass</strong></p><ul><li><p>Durable windlass bar resists bending or breaking under pressure.</p></li><li><p>Anti-slip design ensures a secure grip and improved handling during use.</p></li></ul><p><strong>100% Effective</strong></p><ul><li><p>Blocks blood flow quickly to control life-threatening bleeding.</p></li><li><p>Saves time and lives in critical moments.</p></li></ul><p><strong>Multipurpose Use</strong></p><ul><li><p>Perfect for military, household, and outdoor exploration.</p></li><li><p>Fully adjustable to accommodate various situations, including artery bleeding.</p></li></ul><h4>Shipping Size</h4><p><strong>Dimensions:</strong>&nbsp;16cm x 5.5cm x 5cm<br><strong>Weight:</strong>&nbsp;90g</p>','medical-tourniquet','MedTo','1','50','20','first-aid-accessories','1','preview/9e/14913133_1000x1000_500__preview.jpeg',NULL,'',NULL,1,1,29,1,29,205,NULL,15000,15000),
('en',1,'Bendable Splint','Bendable Splint','<p>Easy to use, unique and versatile immobilisation splint. The splint is built from a thin core of aluminium alloy, sandwiched between two layers of closed-cell foam. The splint is extremely pliable. Bent into any of three simple curves, it becomes extremely strong and supportive. Instructions are printed on the splint.</p><h4>Dimensions</h4><p><strong>Folded:&nbsp;</strong>10,5cm x 9,0 cm<br><strong>Unfolded:</strong>&nbsp;10,5cm x 91,40cm</p><h4>Shipping Size</h4><p><strong>Dimensions:</strong>&nbsp;15cm x 10cm x 10cm<br><strong>Weight:&nbsp;</strong>145g</p>','bendable-splint','021301001','1','50','20','first-aid-accessories','1','preview/d0/14288386_800x800_500__preview.png',NULL,'',NULL,1,1,30,1,30,142,NULL,13800,13800),
('en',1,'30ltr Dry Bag','30ltr Dry Bag','<p>Versatile and durable, your gear will stay dry inside this round bottom dry bag. Shut out water by rolling down the top a few times and snapping the side release buckles together. The dry bag has supportive shoulder straps. Great for all kinds of different water sports.</p><h4>Shipping Size</h4><p><strong>Dimensions:</strong>&nbsp;30cm x 42cm x 1cm<br><strong>Weight:</strong>&nbsp;470g</p>','30ltr-dry-bag','000000','1','41','22','lifestyle','1','preview/15/14930160_1080x1080_500__preview.png',NULL,'',NULL,1,1,31,1,31,230,NULL,63000,63000),
('en',1,'20ltr Dry Bag','20ltr Dry Bag','<p>Versatile and durable, your gear will stay dry inside this round bottom dry bag. Shut out water by rolling down the top a few times and snapping the side release buckles together. The dry bag has supportive shoulder strap. Great for all kinds of different water sports.</p><h4>Shipping Size</h4><p><strong>Dimensions:</strong>&nbsp;30cm x 32cm x 1cm<br><strong>Weight:</strong>&nbsp;355g</p>','20ltr-dry-bag','000000','1','41','22','lifestyle','1','preview/c5/14930180_1080x1080_500__preview.png',NULL,'',NULL,1,1,32,1,32,228,NULL,56000,56000),
('en',1,'3ltr Dry Bag','3ltr Dry Bag','<p>Versatile and durable, your gear will stay dry inside this round bottom dry bag. Shut out water by rolling down the top a few times and snapping the side release buckles together. The dry bag has supportive shoulder strap. Great for all kinds of different water sports.</p><h4>Shipping Size</h4><p><strong>Dimensions:</strong>&nbsp;35cm x 17cm x 1cm<br><strong>Weight:</strong>&nbsp;150g</p>','3ltr-dry-bag','000000','1','41','22','lifestyle','1','preview/f9/14930185_1080x1080_500__preview.png',NULL,'',NULL,1,1,33,1,33,226,NULL,49000,49000),
('en',1,'Rash Vest','Rash Vest','<p>The Reef UV products have been tested and all passed with a minimum UV50 factor. Using these products will decrease your exposure to the sun’s harmful rays and help protect you against getting skin cancer. While using our products or any other brands we still recommend using approved sun blocks for added protection.</p><h4>Garment Care</h4><p>You’ve invested in the clothing that will protect you from the harmful rays of the sun. But are you taking care of those rash guard shirts as well as you are caring for your skin? If you don’t launder them properly, they can lose their effectiveness. So read up!<br><br></p><ul><li><p>Rinse it out with fresh water immediately after wearing</p></li><li><p>Never use hot water, only cool or lukewarm</p></li><li><p>Turn the garment inside out and hand wash, using a biodegradable soap</p></li><li><p>Hang dry away from direct sun or heat</p></li><li><p>Don’t fold or ball up the garment because it can weaken the fabric</p></li><li><p>Don’t leave in the trunk of your car because it can be damaged by the heat</p></li></ul><h4>Shipping Size</h4><p><strong>Dimensions:</strong>&nbsp;42.5cm x 30cm x 1.5cm<br><strong>Weight:</strong>&nbsp;240g</p><h4>Size Guide</h4><table><tbody><tr><th data-colwidth=\"99\"><p>Size</p></th><th data-colwidth=\"125\"><p>Chest</p></th><th data-colwidth=\"102\"><p>Waist</p></th></tr><tr><td data-colwidth=\"99\"><p>S</p></td><td data-colwidth=\"125\"><p>91cm</p></td><td data-colwidth=\"102\"><p>73cm</p></td></tr><tr><td data-colwidth=\"99\"><p>M</p></td><td data-colwidth=\"125\"><p>97cm</p></td><td data-colwidth=\"102\"><p>78cm</p></td></tr><tr><td data-colwidth=\"99\"><p>L</p></td><td data-colwidth=\"125\"><p>104cm</p></td><td data-colwidth=\"102\"><p>88cm</p></td></tr><tr><td data-colwidth=\"99\"><p>XL</p></td><td data-colwidth=\"125\"><p>110cm</p></td><td data-colwidth=\"102\"><p>94cm</p></td></tr><tr><td data-colwidth=\"99\"><p>XXL</p></td><td data-colwidth=\"125\"><p>115cm</p></td><td data-colwidth=\"102\"><p>100cm</p></td></tr><tr><td data-colwidth=\"99\"><p>XXXL</p></td><td data-colwidth=\"125\"><p>120cm</p></td><td data-colwidth=\"102\"><p>108cm</p></td></tr></tbody></table>','rash-vest','000000','1','41','22','lifestyle','1','preview/f3/mens---red-rash-vest__preview.jpg',NULL,'',NULL,1,1,34,1,34,360,NULL,63000,63000),
('en',1,'Buff','Buff','<p>This is an extremely versatile multi-purpose garment, manufactured from soft and stretchy polyester. It is wind resistant, breathable, wicks perspiration and is quick drying.<br>The DAN buff can be worn as either casual wear or in the outdoors where it offers protection from sun, wind, dust and insects in summer and keeps the neck and head warm in winter. It can be worn as a head band, beanie, pirate style cap, foulard, helmet liner, neck gaiter, balaclava, dust screen, scarf, hair band, scrunchie, bandana or wrist band. Great for diving, boating, fishing, cycling, hiking, camping, motorcycling, running, yoga and more. This item is machine washable, doesn’t need ironing and is one size fits all.<br><br><strong>Size:</strong>&nbsp;50 cm x 24 cm x 17 cm<br><strong>Material:</strong>&nbsp;100% polyester</p>','buff','dan_buff','1','41','22','lifestyle','1','preview/96/buff__preview.png',NULL,'',NULL,1,1,35,1,35,365,NULL,8500,8500),
('en',1,'Microfiber Towel','Microfiber Towel','<p>These towels are light and compact which makes for easy packing. The plush microfibre gives these towels a soft handle and they are incredibly quick drying. Machine washable, these are a must have item for every outdoor occasion.<br><br><strong>Size:</strong>&nbsp;53cm x 100cm<br><strong>Material:&nbsp;</strong>microfiber towel (350gr) made of 80% Polyester and 20% Polyamide.</p>','microfiber-towel','TOWD','1','41','22','lifestyle','1','preview/e0/14289957_1080x1080_500__preview.png',NULL,'',NULL,1,1,36,1,36,234,NULL,28900,28900),
('en',1,'Rescue T-Shirt','Rescue T-Shirt Unisex S','<p>We’re thrilled to add the rescue design to our t-shirt collection.<br><br>We make original, limited edition tees using local materials and suppliers to international brand specification. Please allow 7 - 10 working days for delivery.</p><h4>Garment Care</h4><p>Taking proper care of your garments can lengthen the lifetime of a piece of clothing. Adding heat to cotton products by exposing the garment to hot water through tumble drying will cause shrinkage, even when garments have been pre-shrunk.</p><ul><li><p>Cool wash only</p></li><li><p>Do not bleach</p></li><li><p>Do not table dry</p></li><li><p>Avoid ironing on print</p></li><li><p>Do not dry clean</p></li></ul><h4>Shipping Size</h4><p><strong>Dimensions:</strong>&nbsp;42.5cm x 30cm x 1.5cm<br><strong>Weight:</strong>&nbsp;240g</p>','rescue-t-shirt','000000','1','41','22','lifestyle','1','preview/ce/rescue1__preview.png',NULL,'',NULL,1,1,37,1,37,326,NULL,40000,40000),
('en',1,'First Aid T-Shirt','First Aid T-Shirt Unisex S','<p>We’re thrilled to add the first aid design to our t-shirt collection.<br><br>We make original, limited edition tees using local materials and suppliers to international brand specification. Please allow 7 - 10 working days for delivery.</p><h4>Garment Care</h4><p>Taking proper care of your garments can lengthen the lifetime of a piece of clothing. Adding heat to cotton products by exposing the garment to hot water through tumble drying will cause shrinkage, even when garments have been pre-shrunk.</p><ul><li><p>Cool wash only</p></li><li><p>Do not bleach</p></li><li><p>Do not table dry</p></li><li><p>Avoid ironing on print</p></li><li><p>Do not dry clean</p></li></ul>','first-aid-t-shirt','000000','1','41','22','lifestyle','1','preview/37/first-aid1__preview.png',NULL,'',NULL,1,1,38,1,38,332,NULL,40000,40000),
('en',1,'Born of Water T-Shirt','Born of Water T-Shirt Unisex S','<p>We’re thrilled to add the born of water design to our t-shirt collection.<br><br>We make original, limited edition tees using local materials and suppliers to international brand specification. Please allow 7 - 10 working days for delivery.</p><h4>Garment Care</h4><p>Taking proper care of your garments can lengthen the lifetime of a piece of clothing. Adding heat to cotton products by exposing the garment to hot water through tumble drying will cause shrinkage, even when garments have been pre-shrunk.</p><ul><li><p>Cool wash only</p></li><li><p>Do not bleach</p></li><li><p>Do not table dry</p></li><li><p>Avoid ironing on print</p></li><li><p>Do not dry clean</p></li></ul>','born-of-water-t-shirt','000000','1','41','22','lifestyle','1','preview/35/born-of-water-white1__preview.png',NULL,'',NULL,1,1,39,1,39,338,NULL,40000,40000),
('en',1,'Ocean Spirit T-Shirt','Ocean Spirit T-Shirt','<p>We’re thrilled to add the ocean spirit design to our t-shirt collection.<br><br>We make original, limited edition tees using local materials and suppliers to international brand specification. Please allow 7 - 10 working days for delivery.</p><h4>Garment Care</h4><p>Taking proper care of your garments can lengthen the lifetime of a piece of clothing. Adding heat to cotton products by exposing the garment to hot water through tumble drying will cause shrinkage, even when garments have been pre-shrunk.</p><ul><li><p>Cool wash only</p></li><li><p>Do not bleach</p></li><li><p>Do not table dry</p></li><li><p>Avoid ironing on print</p></li><li><p>Do not dry clean</p></li></ul>','ocean-spirit-t-shirt','000000','1','41','22','lifestyle','1','preview/66/ocean-spirit1__preview.png',NULL,'',NULL,1,1,40,1,40,454,NULL,40000,40000),
('en',1,'Manta T-Shirt','Manta T-Shirt','<p>We’re thrilled to add the manta design to our t-shirt collection.<br><br>We make original, limited edition tees using local materials and suppliers to international brand specification. Please allow 7 - 10 working days for delivery.</p><h4>Garment Care</h4><p>Taking proper care of your garments can lengthen the lifetime of a piece of clothing. Adding heat to cotton products by exposing the garment to hot water through tumble drying will cause shrinkage, even when garments have been pre-shrunk.</p><ul><li><p>Cool wash only</p></li><li><p>Do not bleach</p></li><li><p>Do not table dry</p></li><li><p>Avoid ironing on print</p></li><li><p>Do not dry clean</p></li></ul>','manta-t-shirt','000000','1','41','22','lifestyle','1','preview/37/manta1__preview.png',NULL,'',NULL,1,1,41,1,41,460,NULL,40000,40000),
('en',1,'Stay Salty T-Shirt','Stay Salty T-Shirt','<p>We’re thrilled to add the stay salty design to our t-shirt collection.<br><br>We make original, limited edition tees using local materials and suppliers to international brand specification. Please allow 7 - 10 working days for delivery.</p><h4>Garment Care</h4><p>Taking proper care of your garments can lengthen the lifetime of a piece of clothing. Adding heat to cotton products by exposing the garment to hot water through tumble drying will cause shrinkage, even when garments have been pre-shrunk.</p><ul><li><p>Cool wash only</p></li><li><p>Do not bleach</p></li><li><p>Do not table dry</p></li><li><p>Avoid ironing on print</p></li><li><p>Do not dry clean</p></li></ul>','stay-salty-t-shirt','000000','1','41','22','lifestyle','1','preview/e6/stay-salty1__preview.png',NULL,'',NULL,1,1,42,1,42,466,NULL,40000,40000),
('en',1,'Bottle Top T-Shirt','Bottle Top T-Shirt','<p>We’re thrilled to add the ocean spirit design to our t-shirt collection.<br><br>We make original, limited edition tees using local materials and suppliers to international brand specification. Please allow 7 - 10 working days for delivery.</p><h4>Garment Care</h4><p>Taking proper care of your garments can lengthen the lifetime of a piece of clothing. Adding heat to cotton products by exposing the garment to hot water through tumble drying will cause shrinkage, even when garments have been pre-shrunk.</p><ul><li><p>Cool wash only</p></li><li><p>Do not bleach</p></li><li><p>Do not table dry</p></li><li><p>Avoid ironing on print</p></li><li><p>Do not dry clean</p></li></ul>','bottle-top-t-shirt','000000','1','41','22','lifestyle','1','preview/77/bottle-top1__preview.png',NULL,'',NULL,1,1,43,1,43,472,NULL,40000,40000),
('en',1,'Save the Ocean T-Shirt','Save the Ocean T-Shirt','<p>We’re thrilled to add the save our ocean design to our t-shirt collection.<br><br>We make original, limited edition tees using local materials and suppliers to international brand specification. Please allow 7 - 10 working days for delivery.</p><h4>Garment Care</h4><p>Taking proper care of your garments can lengthen the lifetime of a piece of clothing. Adding heat to cotton products by exposing the garment to hot water through tumble drying will cause shrinkage, even when garments have been pre-shrunk.</p><ul><li><p>Cool wash only</p></li><li><p>Do not bleach</p></li><li><p>Do not table dry</p></li><li><p>Avoid ironing on print</p></li><li><p>Do not dry clean</p></li></ul>','save-the-ocean-t-shirt','000000','1','41','22','lifestyle','1','preview/a6/save-the-ocean1__preview.png',NULL,'',NULL,1,1,44,1,44,478,NULL,40000,40000),
('en',1,'One Ocean One Life T-Shirt','One Ocean One Life T-Shirt','<p>We’re thrilled to add the one ocean one life design to our t-shirt collection.<br><br>We make original, limited edition tees using local materials and suppliers to international brand specification. Please allow 7 - 10 working days for delivery.</p><h4>Garment Care</h4><p>Taking proper care of your garments can lengthen the lifetime of a piece of clothing. Adding heat to cotton products by exposing the garment to hot water through tumble drying will cause shrinkage, even when garments have been pre-shrunk.</p><ul><li><p>Cool wash only</p></li><li><p>Do not bleach</p></li><li><p>Do not table dry</p></li><li><p>Avoid ironing on print</p></li><li><p>Do not dry clean</p></li></ul>','one-ocean-one-life-t-shirt','000000','1','41','22','lifestyle','1','preview/20/one-ocean-one-life1__preview.png',NULL,'',NULL,1,1,45,1,45,484,NULL,40000,40000),
('en',1,'Manta Ray Pendant','Manta Ray Pendant','<p>This \" Manta\" necklace is made of Bronze (lead free) while its coloration is obtained during a galvanic process with Ruthenium. The polishing of this necklace was carried out with Nickel free materials. The bronze acquires different nuances in contact with your skin.<br>Both you and the course of time will make this jewel unique.<br><br><strong>Accessories:</strong>&nbsp;Cotton cord (black)<br><strong>Dimensions:&nbsp;</strong>32mm x 27mm</p><h4>Shipping Size</h4><p><strong>Dimensions:</strong>&nbsp;7.5cm x 10.5cm x 0.4cm<br><strong>Weight:</strong>&nbsp;10g</p>','manta-ray-pendant','OSSIM','1','41','22','lifestyle','1','preview/69/manta-ray-pendant__preview.png',NULL,'',NULL,1,1,46,1,46,491,NULL,40000,40000),
('en',1,'Whale Fluke Pendant','Whale Fluke Pendant','<p>This \" Whale Tail\" necklace is made of Bronze (lead free) while its coloration is obtained during a galvanic process with Ruthenium. The polishing of this necklace was carried out with Nickel free materials. The bronze acquires different nuances in contact with your skin. Both you and the course of time will make this jewel unique.<br><br><strong>Accessories:</strong>&nbsp;Cotton cord (black)<br><strong>Dimensions:&nbsp;</strong>32mm x 27mm</p><h4>Shipping Size</h4><p><strong>Dimensions:</strong>&nbsp;7.5cm x 10.5cm x 0.4cm<br><strong>Weight:&nbsp;</strong>10g</p>','whale-fluke-pendant','OSSIM','1','41','22','lifestyle','1','preview/9e/whale-fluke-pendant__preview.png',NULL,'',NULL,1,1,47,1,47,288,NULL,71000,71000),
('en',1,'AED Trainer','AED Trainer','<p>The AED trainer with remote is designed to effectively train emergency responders in the use of an Automatic External Defibrillator or AED. This training unit provides a variety of scenarios to help responders become familiar with an AED and allow them to demonstrate the basic skills necessary to use an AED in an emergency.</p><ul><li><p>This AED Trainers comes in a cordura carry bag</p></li><li><p>Has a remote control unit</p></li><li><p>3 pair adult electrodes and 2 pair child electrodes included</p></li><li><p>The AED trainer is configured with several training scenarios</p></li><li><p>Instructors can alter training scenarios on the fly with the remote control unit</p></li><li><p>Batteries not included</p></li></ul><h4>Shipping Size</h4><p><strong>Dimensions:&nbsp;</strong>30cm x 7cm x 25cm<br><strong>Weight:</strong>&nbsp;930g</p>','aed-trainer','XFT-120c','1','70','30,47','training,training-resources','1','preview/67/aed-trainer-__preview.png',NULL,'',NULL,1,1,48,1,48,289,NULL,318000,318000),
('en',1,'Prestan Adult CPR Manikin','Prestan Adult CPR Manikin','<p>The PRESTAN Professional Adult Manikin is realistic to the eye and the touch, unlike any other CPR Training Manikin on the market. Lightweight with fast and simple setup. Equipped with a revolutionary CPR Rate Monitor that allows for instant rate and depth feedback to both the instructor and student. Fully compliant with current industry guidelines, including the most recent AHA Integrated Feedback Directive<br><br><a href=\"https://www.prestan.com/clientuploads/directory/products/Prof_Adult/Documents/Prestan-Adult-Manikin-Instructions.pdf\" rel=\"noopener noreferrer\" target=\"_blank\">Instruction Sheet</a>&nbsp;|&nbsp;<a href=\"https://www.prestan.com/clientuploads/directory/products/Prof_Adult/Documents/CPRRateMonitor.pdf\" rel=\"noopener noreferrer\" target=\"_blank\">CPR Rate Monitor Guide</a></p><h4>Shipping Size</h4><p><strong>Dimensions:&nbsp;</strong>65cm x 36cm x 20cm<br><strong>Weight</strong>: 2.8 Kg</p>','prestan-adult-cpr-manikin','PRESTAN-AM','1','70','30,47','training,training-resources','1','preview/53/prestan-adult-cpr-manikin-__preview.png',NULL,'',NULL,1,1,49,1,49,290,NULL,788700,788700),
('en',1,'Prestan Infant CPR Manikin','Prestan Infant CPR Manikin','<p>The PRESTAN Professional Infant Manikin life-like features and weight allows for realistic infant CPR training. Sculpted body contours and realistic skin feel help prepare students for real life rescues. A head that simulates the way an actual infant\'s head would move. Face/head tilt enhances the CPR learning experience and teaches students how to open the airway during CPR. Equipped with the same CPR feedback features as the Professional Adult and Child Manikins. &nbsp;Fully compliant with current industry guidelines, including the most recent AHA Integrated Feedback Directive.<br><br><a href=\"https://www.prestan.com/clientuploads/directory/products/Prof_Infant/Documents/Prestan-Infant-Manikin-Instructions.pdf\" rel=\"noopener noreferrer\" target=\"_blank\">Infant Instruction Sheet</a>&nbsp;|&nbsp;<a href=\"https://www.prestan.com/clientuploads/directory/products/Prof_Adult/Documents/CPRRateMonitor.pdf\" rel=\"noopener noreferrer\" target=\"_blank\">CPR Rate Monitor Guide</a></p><h4>Shipping Size</h4><p><strong>Dimensions:</strong>&nbsp;58cm x 26cm x 15cm<br><strong>Weight:</strong>&nbsp;2.8 Kg</p>','prestan-infant-cpr-manikin','PPIMM','1','70','30,47','training,training-resources','1','preview/16/prestan-infant-cpr-manikin-__preview.png',NULL,'',NULL,1,1,50,1,50,291,NULL,445900,445900),
('en',1,'Prestan Adult Face Shield / Lung Bags - 10pk','Prestan Adult Face Shield / Lung Bags - 10pk','<p>The PRESTAN Adult Manikin Face Shield / Lung Bags are specifically designed to fit the PRESTAN Professional Adult and Jaw Thrust Manikins.</p><h4>Shipping Size</h4><p><strong>Dimensions:&nbsp;</strong>21.5cm x 12.5cm x 0.3cm<br><strong>Weight:&nbsp;</strong>35g</p>','prestan-adult-face-shield-lung-bags---10pk','PP-ALAB-10','1','70','30,47','training,training-resources','1','preview/65/prestan-adult-face-shield-lung-bags---10pk-__preview.png',NULL,'',NULL,1,1,51,1,51,292,NULL,16300,16300),
('en',1,'Prestan Infant Face Shield / Lung Bags - 10pk','Prestan Infant Face Shield / Lung Bags - 10pk','<p>The PRESTAN Infant Manikin Face Shield / Lung Bags are specifically designed to fit the PRESTAN Professional Infant Manikin.</p><h4>Shipping Size</h4><p><strong>Dimensions:&nbsp;</strong>14cm x 11cm x 0.3cm<br><strong>Weight:&nbsp;</strong>30g</p>','prestan-infant-face-shield-lung-bags---10pk','PP-ILB-10','1','70','30,47','training,training-resources','1','preview/4c/prestan-infant-face-shield-lung-bags---10pk-__preview.png',NULL,'',NULL,1,1,52,1,52,293,NULL,14500,14500),
('en',1,'Face Shield - 100pcs per Roll','Face Shield - 100pcs per Roll','<p>These disposable CPR Training plastic face shields are meant for use in CPR training environments. The shields cover the manikin’s face to prevent direct contact with the manikin as students are practicing giving CPR in class. Use these shields in addition to disinfecting the manikin for an inexpensive extra layer of protection for students sharing a manikin.</p><ul><li><p>For use with ALL manikins</p></li><li><p>Teach students to use (and be comfortable with) barrier protection during resuscitation.</p></li><li><p>Trains students in the use of the Face Shield for real-life emergencies</p></li><li><p>Convenient roll format is portable and easy to dispense neatly.</p></li><li><p>Face shields are discarded after each use.</p></li></ul><h4>Shipping Size</h4><p><strong>Dimensions:</strong>&nbsp;21cm x 16cm x 10cm<br><strong>Weight:&nbsp;</strong>160g</p>','face-shield---100pcs-per-roll','FCR50','1','70','30,47','training,training-resources','1','preview/a2/face-shield---100pcs-per-roll-__preview.png',NULL,'',NULL,1,1,53,1,53,294,NULL,19200,19200),
('en',1,'Student Basic Life Support: CPR & First Aid (BLS)','Student Basic Life Support: CPR & First Aid (BLS)','<p>This fundamental course prepares you to provide proper care for life-threatening illnesses or injuries until professional emergency medical care is available. The life-support skills taught in this course include one- and two-rescuer CPR for adults, children and infants. Use of automatic external defibrillators, bleeding management, assisting a choking victims and responding to a person in shock. The first aid skills taught include conducting secondary assessments, splinting and responding to medical emergencies.</p><h4>What\'s Included?</h4><ul><li><p>Basic Life Support: CPR &amp; First Aid (BLS) e-Learning link</p></li><li><p>First Aid materials for in class practical sessions</p></li><li><p>Keyring pouch with emergency once-use barrier</p></li><li><p>Oronasal Resuscitation Mask (pocket mask)</p></li><li><p>1 Pair of disposable gloves</p></li></ul><h4>Shipping Size</h4><p><strong>Dimensions:</strong>&nbsp;20cm x 18cm x 10cm<br><strong>Weight</strong>: less than 300g</p>','student-basic-life-support-cpr-first-aid-bls','BLS-CPR-P','1','68','30,45,53','training,student-materials,student','1','preview/ed/basic-life-support--cpr-first-aid-bls-__preview.jpeg',NULL,'',NULL,1,1,54,1,54,299,NULL,32500,32500),
('en',1,'Student Emergency Oxygen for Scuba Diving Injuries (EO2)','Student Emergency Oxygen for Scuba Diving Injuries (EO2)','<p>Administering emergency oxygen is the preferred first aid for scuba diving injuries, and early administration can drastically improve the outcome for an injured diver. The DAN Emergency Oxygen for Scuba Diving Injuries course teaches you how to administer life-saving oxygen first aid to divers who may be suffering from decompression illness (DCI). Additionally, this course will teach you how to recognize the signs and symptoms of decompression illness and respond to them accordingly. The emergency response skills taught in this course are not unique to scuba diving; they’re applicable to many other watersports and other activities.<br><br><em><strong>Note: Current DAN BLS: CPR &amp; FA, CPR: HCP provider or other nationally recognised full CPR training is prerequisite to this course.</strong></em></p><h4>What\'s Included?</h4><ul><li><p>Emergency Oxygen for Scuba Diving Injuries e-Learning link</p></li><li><p>Keyring pouch with emergency once-use barrier</p></li><li><p>Oronasal Resuscitation Mask (pocket mask)</p></li><li><p>Non-rebreather mask</p></li><li><p>1 Pair of disposable gloves</p></li></ul><h4>Shipping Size</h4><p><strong>Dimensions:</strong>&nbsp;20cm x 18cm x 10cm<br><strong>Weight:&nbsp;</strong>less than 190g</p>','student-emergency-oxygen-for-scuba-diving-injuries-eo2','EO2-P','1','68','30,45,53','training,student-materials,student','1','preview/4e/emergency-oxygen-for-scuba-diving-injuries-eo2-__preview.jpeg',NULL,'',NULL,1,1,55,1,55,300,NULL,26000,26000),
('en',1,'Student Diving First Aid for Professional Divers (DFA Pro)','Student Diving First Aid for Professional Divers (DFA Pro)','<p>Professional divers have unique responsibilities and a duty to respond to unique situations; their first aid training should not be any less unique. DAN’s Diving First Aid for Professional Divers course is designed for commercial, professional, aquarium, and scientific divers, and it provides knowledge and first aid skills specifically for these work environments.<br><br>DFA Pro includes all elements of the DAN BLS and EO2 courses and includes material on neurological assessment and first aid for hazardous marine life injuries. &nbsp;In the neurological assessment portion of the DFA Pro course, you will learn how to properly manage injuries with neurological implications. You will learn to recognize these injuries and properly perform a neurological assessment. You’ll also learn what information to collect and relay to emergency medical services. Recognizing symptoms and responding quickly can shorten recovery times and improve long-term outcomes. &nbsp;In the hazardous marine life injuries segment, you will gain the knowledge you need to identify specific types of marine life injuries and the first aid skills to treat them.<br><br>DFA Pro is the most comprehensive first aid course in the dive industry. &nbsp;While geared toward dive instructors and divemasters, anyone, even nondivers, will learn an indispensable set of first aid and &nbsp;risk-mitigation skills.&nbsp;</p><h4>What\'s Included?</h4><ul><li><p>Diving First Aid for Professional Divers (DFA Pro) e-Learning link</p></li><li><p>First Aid materials for in class practical sessions</p></li><li><p>Keyring pouch with emergency once-use barrier</p></li><li><p>Oronasal Resuscitation Mask (pocket mask)</p></li><li><p>Non-rebreather mask</p></li><li><p>1 Pair of disposable gloves</p></li></ul><h4>Shipping Size</h4><p><strong>Dimensions:</strong>&nbsp;20cm x 18cm x 12cm<br><strong>Weight:&nbsp;</strong>less than 400g</p>','student-diving-first-aid-for-professional-divers-dfa-pro','DFAPRO-P','1','68','30,45,50,53','training,student-materials,commercial,student','1','preview/70/diving-first-aid-for-professional-divers-dfa-pro-__preview.jpeg',NULL,'',NULL,1,1,56,1,56,301,NULL,45500,45500),
('en',1,'Instructor Basic Life Support: CPR & First Aid (BLS)','Instructor Basic Life Support: CPR & First Aid (BLS)','<p>This fundamental course prepares you to provide proper care for life-threatening illnesses or injuries until professional emergency medical care is available. The life-support skills taught in this course include one- and two-rescuer CPR for adults, children and infants. Use of automatic external defibrillators, bleeding management, assisting a choking victims and responding to a person in shock. The first aid skills taught include conducting secondary assessments, splinting and responding to medical emergencies.</p><h4>What\'s Included?</h4><ul><li><p>Basic Life Support: CPR &amp; First Aid (BLS) student e-Learning link</p></li><li><p>Basic Life Support: CPR &amp; First Aid (BLS) instructor e-Learning link</p></li><li><p>First Aid materials for in class practical sessions</p></li><li><p>Keyring pouch with emergency once-use barrier</p></li><li><p>Oronasal Resuscitation Mask (pocket mask)</p></li><li><p>1 Pair of disposable gloves</p></li></ul><h4>Shipping Size</h4><p><strong>Dimensions:</strong>&nbsp;20cm x 18cm x 10cm<br><strong>Weight:</strong>&nbsp;less than 300g</p>','instructor-basic-life-support-cpr-first-aid-bls-2','BLS-CPR-I','1','69','30,46','training,instructor-materials','1','preview/ed/basic-life-support--cpr-first-aid-bls-__preview.jpeg',NULL,'',NULL,1,1,57,1,57,299,NULL,65000,65000),
('en',1,'Instructor Emergency Oxygen for Scuba Diving Injuries (EO2)','Instructor Emergency Oxygen for Scuba Diving Injuries (EO2)','<p>Administering emergency oxygen is the preferred first aid for scuba diving injuries, and early administration can drastically improve the outcome for an injured diver. The DAN Emergency Oxygen for Scuba Diving Injuries course teaches you how to administer life-saving oxygen first aid to divers who may be suffering from decompression illness (DCI). Additionally, this course will teach you how to recognize the signs and symptoms of decompression illness and respond to them accordingly. The emergency response skills taught in this course are not unique to scuba diving; they’re applicable to many other watersports and other activities.<br><br><em><strong>Note: Current DAN BLS: CPR &amp; FA, CPR: HCP provider or other nationally recognized full CPR training is prerequisite to this course.</strong></em></p><h4>What\'s Included</h4><ul><li><p>Emergency Oxygen for Scuba Diving Injuries student e-Learning link</p></li><li><p>Emergency Oxygen for Scuba Diving Injuries instructor e-Learning link</p></li><li><p>Keyring pouch with emergency once-use barrier</p></li><li><p>Oronasal Resuscitation Mask (pocket mask)</p></li><li><p>Non-rebreather mask</p></li><li><p>1 Pair of disposable gloves</p></li></ul><h4>Shipping Size</h4><p><strong>Dimensions:&nbsp;</strong>20cm x 18cm x 10cm<br><strong>Weight:&nbsp;</strong>less than 190g</p>','instructor-emergency-oxygen-for-scuba-diving-injuries-eo2-2','EO2-I','1','69','30,46','training,instructor-materials','1','preview/4e/emergency-oxygen-for-scuba-diving-injuries-eo2-__preview.jpeg',NULL,'',NULL,1,1,58,1,58,300,NULL,58500,58500),
('en',1,'Instructor Diving First Aid for Professional Divers (DFA Pro)','Instructor Diving First Aid for Professional Divers (DFA Pro)','<p>Professional divers have unique responsibilities and a duty to respond to unique situations; their first aid training should not be any less unique. DAN’s Diving First Aid for Professional Divers course is designed for commercial, professional, aquarium, and scientific divers, and it provides knowledge and first aid skills specifically for these work environments.<br><br>DFA Pro includes all elements of the DAN BLS and EO2 courses and includes material on neurological assessment and first aid for hazardous marine life injuries. &nbsp;In the neurological assessment portion of the DFA Pro course, you will learn how to properly manage injuries with neurological implications. You will learn to recognize these injuries and properly perform a neurological assessment. You’ll also learn what information to collect and relay to emergency medical services. Recognizing symptoms and responding quickly can shorten recovery times and improve long-term outcomes. &nbsp;In the hazardous marine life injuries segment, you will gain the knowledge you need to identify specific types of marine life injuries and the first aid skills to treat them.<br><br>DFA Pro is the most comprehensive first aid course in the dive industry. &nbsp;While geared toward dive instructors and divemasters, anyone, even nondivers, will learn an indispensable set of first aid and &nbsp;risk-mitigation skills.</p><h4>What\'s Included</h4><ul><li><p>Diving First Aid for Professional Divers (DFA Pro) student e-Learning link</p></li><li><p>Diving First Aid for Professional Divers (DFA Pro) instructor e-Learning link</p></li><li><p>First Aid materials for in class practical sessions</p></li><li><p>Keyring pouch with emergency once-use barrier</p></li><li><p>Oronasal Resuscitation Mask (pocket mask)</p></li><li><p>Non-rebreather mask</p></li><li><p>1 Pair of disposable gloves</p></li></ul><h4>Shipping Size</h4><p><strong>Dimensions:</strong>&nbsp;20cm x 18cm x 12cm<br><strong>Weight:</strong>&nbsp;less than 400g</p>','instructor-diving-first-aid-for-professional-divers-dfa-pro-2','DFAPRO-I','1','69','30,46,50','training,instructor-materials,commercial','1','preview/70/diving-first-aid-for-professional-divers-dfa-pro-__preview.jpeg',NULL,'',NULL,1,1,59,1,59,301,NULL,78000,89700),
('en',1,'STANDARD','standard-annual-member','<p>general diver.</p>','standard-annual-member','standard-annual-member','','','48','annual-member','1','',NULL,'',NULL,1,1,60,1,60,NULL,NULL,194000,194000),
('en',1,'PLUS','plus-annual-member','','plus-annual-member','plus-annual-member','','','48','annual-member','1','',NULL,'',NULL,1,1,61,1,61,NULL,NULL,239500,239500),
('en',1,'MASTER DIVE PRO','master-dive-pro-annual-member','<p></p>','master-dive-pro-annual-member','master-dive-pro-annual-member','','','48','annual-member','1','',NULL,'',NULL,1,1,62,1,62,NULL,NULL,256500,256500),
('en',1,'MASTER TECH','master-tech-annual-member','','master-tech-annual-member','master-tech-annual-member','','','48','annual-member','1','',NULL,'',NULL,1,1,63,1,63,NULL,NULL,273500,273500),
('en',1,'Standard','monthly-standard-annual-member','','monthly-standard-annual-member','monthly-standard-annual-member','','','48,49','annual-member,monthly-membership','1','',NULL,'',NULL,1,1,64,1,64,NULL,NULL,17000,17000),
('en',1,'Plus','monthly-plus-annual-member','','monthly-plus-annual-member','monthly-plus-annual-member','','','48,49','annual-member,monthly-membership','1','preview/70/diving-first-aid-for-professional-divers-dfa-pro-__preview.jpeg',NULL,'',NULL,1,1,65,1,65,301,NULL,21000,21000),
('en',1,'Master Dive Pro','monthly-master-dive-pro-annual-member','','monthly-master-dive-pro-annual-member','monthly-master-dive-pro-annual-member','','','48,49','annual-member,monthly-membership','1','',NULL,'',NULL,1,1,66,1,66,NULL,NULL,22500,22500),
('en',1,'Master Tech','monthly-master-tech-annual-member','<p></p>','monthly-master-tech-annual-member','monthly-master-tech-annual-member','','','48,49','annual-member,monthly-membership','1','',NULL,'',NULL,1,1,67,1,67,NULL,NULL,24000,24000),
('en',1,'annual-scuba-student-member','annual-scuba-student-member','','annual-scuba-student-member','annual-scuba-student-member','','','53','student','1','',NULL,'',NULL,0,0,68,1,68,NULL,NULL,0,0),
('en',1,'annual-freediver-student-member','annual-freediver-student-member','','annual-freediver-student-member','annual-freediver-student-member','','','53','student','1','',NULL,'',NULL,0,0,69,1,69,NULL,NULL,0,0),
('en',1,'annual-instructor-member','instructor-of-student-member','','annual-instructor-member','instructor-of-student-member','','','53','student','1','',NULL,'',NULL,0,0,70,1,70,NULL,NULL,0,0),
('en',1,'monthly-student-scuba-member','monthly-student-scuba-member','','monthly-student-scuba-member','monthly-student-scuba-member','','','49,53','monthly-membership,student','1','',NULL,'',NULL,0,0,71,1,71,NULL,NULL,0,0),
('en',1,'monthly-student-freediver-member','monthly-student-freediver-member','','monthly-student-freediver-member','monthly-student-freediver-member','','','49,53','monthly-membership,student','1','',NULL,'',NULL,0,0,72,1,72,NULL,NULL,0,0),
('en',1,'monthly-instructor-member','monthly-instructor-member','','monthly-instructor-member','monthly-instructor-member','','','49','monthly-membership','1','',NULL,'',NULL,0,0,73,1,73,NULL,NULL,0,0),
('en',1,'monthly-commercial-company-sa','monthly-commercial-company-sa','','monthly-commercial-company-sa','monthly-commercial-company-sa','','','49,50,52','monthly-membership,commercial,commercial-member','1','',NULL,'',NULL,0,0,74,1,74,NULL,NULL,0,0),
('en',1,'annually-commercial-company-sa','annually-commercial-company-sa','','annually-commercial-company-sa','annually-commercial-company-sa','','','50,52','commercial,commercial-member','1','',NULL,'',NULL,0,0,75,1,75,NULL,NULL,0,0),
('en',1,'monthly-commercial-company','monthly-commercial-company','','monthly-commercial-company','monthly-commercial-company','','','49,50,52','monthly-membership,commercial,commercial-member','1','',NULL,'',NULL,0,0,76,1,76,NULL,NULL,0,0),
('en',1,'annually-commercial-company','annually-commercial-company','','annually-commercial-company','annually-commercial-company','','','50,52','commercial,commercial-member','1','',NULL,'',NULL,0,0,77,1,77,NULL,NULL,0,0),
('en',1,'monthly-individual-commercial-diver-sa','monthly-individual-commercial-diver-sa','','monthly-individual-commercial-diver-sa','monthly-individual-commercial-diver-sa','','','49,50,52','monthly-membership,commercial,commercial-member','1','',NULL,'',NULL,0,0,78,1,78,NULL,NULL,0,0),
('en',1,'annually-individual-commercial-diver-sa','annually-individual-commercial-diver-sa','','annually-individual-commercial-diver-sa','annually-individual-commercial-diver-sa','','','50,52','commercial,commercial-member','1','',NULL,'',NULL,0,0,79,1,79,NULL,NULL,0,0),
('en',1,'monthly-individual-commercial-diver','monthly-individual-commercial-diver','','monthly-individual-commercial-diver','monthly-individual-commercial-diver','','','49,50,52','monthly-membership,commercial,commercial-member','1','',NULL,'',NULL,0,0,80,1,80,NULL,NULL,0,0),
('en',1,'annually-individual-commercial-diver','annually-individual-commercial-diver','','annually-individual-commercial-diver','annually-individual-commercial-diver','','','50,52','commercial,commercial-member','1','',NULL,'',NULL,0,0,81,1,81,NULL,NULL,0,0),
('en',1,'monthly-professional-diver','monthly-professional-diver','','monthly-professional-diver','monthly-professional-diver','','','49,50,52','monthly-membership,commercial,commercial-member','1','',NULL,'',NULL,0,0,82,1,82,NULL,NULL,0,0),
('en',1,'annually-professional-diver','annually-professional-diver','','annually-professional-diver','annually-professional-diver','','','50,52','commercial,commercial-member','1','',NULL,'',NULL,0,0,83,1,83,NULL,NULL,0,0),
('en',1,'STANDARD','STANDARD','','standard-annual-member-2','','','','','','1','',NULL,'',NULL,0,0,84,1,84,NULL,NULL,1,1),
('en',1,'Rescue T-Shirt','Rescue T-Shirt Unisex M','<p>We’re thrilled to add the rescue design to our t-shirt collection.<br><br>We make original, limited edition tees using local materials and suppliers to international brand specification. Please allow 7 - 10 working days for delivery.</p><h4>Garment Care</h4><p>Taking proper care of your garments can lengthen the lifetime of a piece of clothing. Adding heat to cotton products by exposing the garment to hot water through tumble drying will cause shrinkage, even when garments have been pre-shrunk.</p><ul><li><p>Cool wash only</p></li><li><p>Do not bleach</p></li><li><p>Do not table dry</p></li><li><p>Avoid ironing on print</p></li><li><p>Do not dry clean</p></li></ul><h4>Shipping Size</h4><p><strong>Dimensions:</strong>&nbsp;42.5cm x 30cm x 1.5cm<br><strong>Weight:</strong>&nbsp;240g</p>','rescue-t-shirt','00000','1','41','22','lifestyle','1','preview/ce/rescue1__preview.png',NULL,'',NULL,1,1,85,1,37,326,NULL,40000,40000),
('en',1,'Rescue T-Shirt','Rescue T-Shirt Unisex L','<p>We’re thrilled to add the rescue design to our t-shirt collection.<br><br>We make original, limited edition tees using local materials and suppliers to international brand specification. Please allow 7 - 10 working days for delivery.</p><h4>Garment Care</h4><p>Taking proper care of your garments can lengthen the lifetime of a piece of clothing. Adding heat to cotton products by exposing the garment to hot water through tumble drying will cause shrinkage, even when garments have been pre-shrunk.</p><ul><li><p>Cool wash only</p></li><li><p>Do not bleach</p></li><li><p>Do not table dry</p></li><li><p>Avoid ironing on print</p></li><li><p>Do not dry clean</p></li></ul><h4>Shipping Size</h4><p><strong>Dimensions:</strong>&nbsp;42.5cm x 30cm x 1.5cm<br><strong>Weight:</strong>&nbsp;240g</p>','rescue-t-shirt','0000','1','41','22','lifestyle','1','preview/ce/rescue1__preview.png',NULL,'',NULL,1,1,86,1,37,326,NULL,40000,40000),
('en',1,'Rescue T-Shirt','Rescue T-Shirt Unisex XL','<p>We’re thrilled to add the rescue design to our t-shirt collection.<br><br>We make original, limited edition tees using local materials and suppliers to international brand specification. Please allow 7 - 10 working days for delivery.</p><h4>Garment Care</h4><p>Taking proper care of your garments can lengthen the lifetime of a piece of clothing. Adding heat to cotton products by exposing the garment to hot water through tumble drying will cause shrinkage, even when garments have been pre-shrunk.</p><ul><li><p>Cool wash only</p></li><li><p>Do not bleach</p></li><li><p>Do not table dry</p></li><li><p>Avoid ironing on print</p></li><li><p>Do not dry clean</p></li></ul><h4>Shipping Size</h4><p><strong>Dimensions:</strong>&nbsp;42.5cm x 30cm x 1.5cm<br><strong>Weight:</strong>&nbsp;240g</p>','rescue-t-shirt','0000','1','41','22','lifestyle','1','preview/ce/rescue1__preview.png',NULL,'',NULL,1,1,87,1,37,326,NULL,40000,40000),
('en',1,'Rescue T-Shirt','Rescue T-Shirt Unisex XXL','<p>We’re thrilled to add the rescue design to our t-shirt collection.<br><br>We make original, limited edition tees using local materials and suppliers to international brand specification. Please allow 7 - 10 working days for delivery.</p><h4>Garment Care</h4><p>Taking proper care of your garments can lengthen the lifetime of a piece of clothing. Adding heat to cotton products by exposing the garment to hot water through tumble drying will cause shrinkage, even when garments have been pre-shrunk.</p><ul><li><p>Cool wash only</p></li><li><p>Do not bleach</p></li><li><p>Do not table dry</p></li><li><p>Avoid ironing on print</p></li><li><p>Do not dry clean</p></li></ul><h4>Shipping Size</h4><p><strong>Dimensions:</strong>&nbsp;42.5cm x 30cm x 1.5cm<br><strong>Weight:</strong>&nbsp;240g</p>','rescue-t-shirt','0000','1','41','22','lifestyle','1','preview/ce/rescue1__preview.png',NULL,'',NULL,1,1,88,1,37,326,NULL,40000,40000),
('en',1,'Rescue T-Shirt','Rescue T-Shirt Unisex XXXL','<p>We’re thrilled to add the rescue design to our t-shirt collection.<br><br>We make original, limited edition tees using local materials and suppliers to international brand specification. Please allow 7 - 10 working days for delivery.</p><h4>Garment Care</h4><p>Taking proper care of your garments can lengthen the lifetime of a piece of clothing. Adding heat to cotton products by exposing the garment to hot water through tumble drying will cause shrinkage, even when garments have been pre-shrunk.</p><ul><li><p>Cool wash only</p></li><li><p>Do not bleach</p></li><li><p>Do not table dry</p></li><li><p>Avoid ironing on print</p></li><li><p>Do not dry clean</p></li></ul><h4>Shipping Size</h4><p><strong>Dimensions:</strong>&nbsp;42.5cm x 30cm x 1.5cm<br><strong>Weight:</strong>&nbsp;240g</p>','rescue-t-shirt','0000','1','41','22','lifestyle','1','preview/ce/rescue1__preview.png',NULL,'',NULL,1,1,89,1,37,326,NULL,40000,40000),
('en',1,'Rescue T-Shirt','Rescue T-Shirt Ladies S','<p>We’re thrilled to add the rescue design to our t-shirt collection.<br><br>We make original, limited edition tees using local materials and suppliers to international brand specification. Please allow 7 - 10 working days for delivery.</p><h4>Garment Care</h4><p>Taking proper care of your garments can lengthen the lifetime of a piece of clothing. Adding heat to cotton products by exposing the garment to hot water through tumble drying will cause shrinkage, even when garments have been pre-shrunk.</p><ul><li><p>Cool wash only</p></li><li><p>Do not bleach</p></li><li><p>Do not table dry</p></li><li><p>Avoid ironing on print</p></li><li><p>Do not dry clean</p></li></ul><h4>Shipping Size</h4><p><strong>Dimensions:</strong>&nbsp;42.5cm x 30cm x 1.5cm<br><strong>Weight:</strong>&nbsp;240g</p>','rescue-t-shirt','0000','1','41','22','lifestyle','1','preview/ce/rescue1__preview.png',NULL,'',NULL,0,1,90,1,37,326,NULL,40000,40000),
('en',1,'Rescue T-Shirt','Rescue T-Shirt Ladies M','<p>We’re thrilled to add the rescue design to our t-shirt collection.<br><br>We make original, limited edition tees using local materials and suppliers to international brand specification. Please allow 7 - 10 working days for delivery.</p><h4>Garment Care</h4><p>Taking proper care of your garments can lengthen the lifetime of a piece of clothing. Adding heat to cotton products by exposing the garment to hot water through tumble drying will cause shrinkage, even when garments have been pre-shrunk.</p><ul><li><p>Cool wash only</p></li><li><p>Do not bleach</p></li><li><p>Do not table dry</p></li><li><p>Avoid ironing on print</p></li><li><p>Do not dry clean</p></li></ul><h4>Shipping Size</h4><p><strong>Dimensions:</strong>&nbsp;42.5cm x 30cm x 1.5cm<br><strong>Weight:</strong>&nbsp;240g</p>','rescue-t-shirt','0000','1','41','22','lifestyle','1','preview/ce/rescue1__preview.png',NULL,'',NULL,0,1,91,1,37,326,NULL,40000,40000),
('en',1,'Rescue T-Shirt','Rescue T-Shirt Ladies L','<p>We’re thrilled to add the rescue design to our t-shirt collection.<br><br>We make original, limited edition tees using local materials and suppliers to international brand specification. Please allow 7 - 10 working days for delivery.</p><h4>Garment Care</h4><p>Taking proper care of your garments can lengthen the lifetime of a piece of clothing. Adding heat to cotton products by exposing the garment to hot water through tumble drying will cause shrinkage, even when garments have been pre-shrunk.</p><ul><li><p>Cool wash only</p></li><li><p>Do not bleach</p></li><li><p>Do not table dry</p></li><li><p>Avoid ironing on print</p></li><li><p>Do not dry clean</p></li></ul><h4>Shipping Size</h4><p><strong>Dimensions:</strong>&nbsp;42.5cm x 30cm x 1.5cm<br><strong>Weight:</strong>&nbsp;240g</p>','rescue-t-shirt','0000','1','41','22','lifestyle','1','preview/ce/rescue1__preview.png',NULL,'',NULL,0,1,92,1,37,326,NULL,40000,40000),
('en',1,'Rescue T-Shirt','Rescue T-Shirt Ladies XL','<p>We’re thrilled to add the rescue design to our t-shirt collection.<br><br>We make original, limited edition tees using local materials and suppliers to international brand specification. Please allow 7 - 10 working days for delivery.</p><h4>Garment Care</h4><p>Taking proper care of your garments can lengthen the lifetime of a piece of clothing. Adding heat to cotton products by exposing the garment to hot water through tumble drying will cause shrinkage, even when garments have been pre-shrunk.</p><ul><li><p>Cool wash only</p></li><li><p>Do not bleach</p></li><li><p>Do not table dry</p></li><li><p>Avoid ironing on print</p></li><li><p>Do not dry clean</p></li></ul><h4>Shipping Size</h4><p><strong>Dimensions:</strong>&nbsp;42.5cm x 30cm x 1.5cm<br><strong>Weight:</strong>&nbsp;240g</p>','rescue-t-shirt','0000','1','41','22','lifestyle','1','preview/ce/rescue1__preview.png',NULL,'',NULL,0,1,93,1,37,326,NULL,40000,40000),
('en',1,'Rescue T-Shirt','Rescue T-Shirt Ladies XXL','<p>We’re thrilled to add the rescue design to our t-shirt collection.<br><br>We make original, limited edition tees using local materials and suppliers to international brand specification. Please allow 7 - 10 working days for delivery.</p><h4>Garment Care</h4><p>Taking proper care of your garments can lengthen the lifetime of a piece of clothing. Adding heat to cotton products by exposing the garment to hot water through tumble drying will cause shrinkage, even when garments have been pre-shrunk.</p><ul><li><p>Cool wash only</p></li><li><p>Do not bleach</p></li><li><p>Do not table dry</p></li><li><p>Avoid ironing on print</p></li><li><p>Do not dry clean</p></li></ul><h4>Shipping Size</h4><p><strong>Dimensions:</strong>&nbsp;42.5cm x 30cm x 1.5cm<br><strong>Weight:</strong>&nbsp;240g</p>','rescue-t-shirt','0000','1','41','22','lifestyle','1','preview/ce/rescue1__preview.png',NULL,'',NULL,0,1,94,1,37,326,NULL,40000,40000),
('en',1,'Rescue T-Shirt','Rescue T-Shirt Ladies XXXL','<p>We’re thrilled to add the rescue design to our t-shirt collection.<br><br>We make original, limited edition tees using local materials and suppliers to international brand specification. Please allow 7 - 10 working days for delivery.</p><h4>Garment Care</h4><p>Taking proper care of your garments can lengthen the lifetime of a piece of clothing. Adding heat to cotton products by exposing the garment to hot water through tumble drying will cause shrinkage, even when garments have been pre-shrunk.</p><ul><li><p>Cool wash only</p></li><li><p>Do not bleach</p></li><li><p>Do not table dry</p></li><li><p>Avoid ironing on print</p></li><li><p>Do not dry clean</p></li></ul><h4>Shipping Size</h4><p><strong>Dimensions:</strong>&nbsp;42.5cm x 30cm x 1.5cm<br><strong>Weight:</strong>&nbsp;240g</p>','rescue-t-shirt','0000','1','41','22','lifestyle','1','preview/ce/rescue1__preview.png',NULL,'',NULL,0,1,95,1,37,326,NULL,40000,40000),
('en',1,'First Aid T-Shirt','First Aid T-Shirt Unisex M','<p>We’re thrilled to add the first aid design to our t-shirt collection.<br><br>We make original, limited edition tees using local materials and suppliers to international brand specification. Please allow 7 - 10 working days for delivery.</p><h4>Garment Care</h4><p>Taking proper care of your garments can lengthen the lifetime of a piece of clothing. Adding heat to cotton products by exposing the garment to hot water through tumble drying will cause shrinkage, even when garments have been pre-shrunk.</p><ul><li><p>Cool wash only</p></li><li><p>Do not bleach</p></li><li><p>Do not table dry</p></li><li><p>Avoid ironing on print</p></li><li><p>Do not dry clean</p></li></ul>','first-aid-t-shirt','0000','1','41','22','lifestyle','1','preview/37/first-aid1__preview.png',NULL,'',NULL,0,1,96,1,38,332,NULL,40000,40000),
('en',1,'First Aid T-Shirt','First Aid T-Shirt Unisex L','<p>We’re thrilled to add the first aid design to our t-shirt collection.<br><br>We make original, limited edition tees using local materials and suppliers to international brand specification. Please allow 7 - 10 working days for delivery.</p><h4>Garment Care</h4><p>Taking proper care of your garments can lengthen the lifetime of a piece of clothing. Adding heat to cotton products by exposing the garment to hot water through tumble drying will cause shrinkage, even when garments have been pre-shrunk.</p><ul><li><p>Cool wash only</p></li><li><p>Do not bleach</p></li><li><p>Do not table dry</p></li><li><p>Avoid ironing on print</p></li><li><p>Do not dry clean</p></li></ul>','first-aid-t-shirt','0000','1','41','22','lifestyle','1','preview/37/first-aid1__preview.png',NULL,'',NULL,0,1,97,1,38,332,NULL,40000,40000),
('en',1,'First Aid T-Shirt','First Aid T-Shirt Unisex XL','<p>We’re thrilled to add the first aid design to our t-shirt collection.<br><br>We make original, limited edition tees using local materials and suppliers to international brand specification. Please allow 7 - 10 working days for delivery.</p><h4>Garment Care</h4><p>Taking proper care of your garments can lengthen the lifetime of a piece of clothing. Adding heat to cotton products by exposing the garment to hot water through tumble drying will cause shrinkage, even when garments have been pre-shrunk.</p><ul><li><p>Cool wash only</p></li><li><p>Do not bleach</p></li><li><p>Do not table dry</p></li><li><p>Avoid ironing on print</p></li><li><p>Do not dry clean</p></li></ul>','first-aid-t-shirt','0000','1','41','22','lifestyle','1','preview/37/first-aid1__preview.png',NULL,'',NULL,0,1,98,1,38,332,NULL,40000,40000),
('en',1,'First Aid T-Shirt','First Aid T-Shirt Unisex XXL','<p>We’re thrilled to add the first aid design to our t-shirt collection.<br><br>We make original, limited edition tees using local materials and suppliers to international brand specification. Please allow 7 - 10 working days for delivery.</p><h4>Garment Care</h4><p>Taking proper care of your garments can lengthen the lifetime of a piece of clothing. Adding heat to cotton products by exposing the garment to hot water through tumble drying will cause shrinkage, even when garments have been pre-shrunk.</p><ul><li><p>Cool wash only</p></li><li><p>Do not bleach</p></li><li><p>Do not table dry</p></li><li><p>Avoid ironing on print</p></li><li><p>Do not dry clean</p></li></ul>','first-aid-t-shirt','0000','1','41','22','lifestyle','1','preview/37/first-aid1__preview.png',NULL,'',NULL,0,1,99,1,38,332,NULL,40000,40000),
('en',1,'First Aid T-Shirt','First Aid T-Shirt Unisex XXXL','<p>We’re thrilled to add the first aid design to our t-shirt collection.<br><br>We make original, limited edition tees using local materials and suppliers to international brand specification. Please allow 7 - 10 working days for delivery.</p><h4>Garment Care</h4><p>Taking proper care of your garments can lengthen the lifetime of a piece of clothing. Adding heat to cotton products by exposing the garment to hot water through tumble drying will cause shrinkage, even when garments have been pre-shrunk.</p><ul><li><p>Cool wash only</p></li><li><p>Do not bleach</p></li><li><p>Do not table dry</p></li><li><p>Avoid ironing on print</p></li><li><p>Do not dry clean</p></li></ul>','first-aid-t-shirt','0000','1','41','22','lifestyle','1','preview/37/first-aid1__preview.png',NULL,'',NULL,0,1,100,1,38,332,NULL,40000,40000),
('en',1,'First Aid T-Shirt','First Aid T-Shirt Ladies S','<p>We’re thrilled to add the first aid design to our t-shirt collection.<br><br>We make original, limited edition tees using local materials and suppliers to international brand specification. Please allow 7 - 10 working days for delivery.</p><h4>Garment Care</h4><p>Taking proper care of your garments can lengthen the lifetime of a piece of clothing. Adding heat to cotton products by exposing the garment to hot water through tumble drying will cause shrinkage, even when garments have been pre-shrunk.</p><ul><li><p>Cool wash only</p></li><li><p>Do not bleach</p></li><li><p>Do not table dry</p></li><li><p>Avoid ironing on print</p></li><li><p>Do not dry clean</p></li></ul>','first-aid-t-shirt','0000','1','41','22','lifestyle','1','preview/37/first-aid1__preview.png',NULL,'',NULL,0,1,101,1,38,332,NULL,40000,40000),
('en',1,'First Aid T-Shirt','First Aid T-Shirt Ladies M','<p>We’re thrilled to add the first aid design to our t-shirt collection.<br><br>We make original, limited edition tees using local materials and suppliers to international brand specification. Please allow 7 - 10 working days for delivery.</p><h4>Garment Care</h4><p>Taking proper care of your garments can lengthen the lifetime of a piece of clothing. Adding heat to cotton products by exposing the garment to hot water through tumble drying will cause shrinkage, even when garments have been pre-shrunk.</p><ul><li><p>Cool wash only</p></li><li><p>Do not bleach</p></li><li><p>Do not table dry</p></li><li><p>Avoid ironing on print</p></li><li><p>Do not dry clean</p></li></ul>','first-aid-t-shirt','0000','1','41','22','lifestyle','1','preview/37/first-aid1__preview.png',NULL,'',NULL,0,1,102,1,38,332,NULL,40000,40000),
('en',1,'First Aid T-Shirt','First Aid T-Shirt Ladies L','<p>We’re thrilled to add the first aid design to our t-shirt collection.<br><br>We make original, limited edition tees using local materials and suppliers to international brand specification. Please allow 7 - 10 working days for delivery.</p><h4>Garment Care</h4><p>Taking proper care of your garments can lengthen the lifetime of a piece of clothing. Adding heat to cotton products by exposing the garment to hot water through tumble drying will cause shrinkage, even when garments have been pre-shrunk.</p><ul><li><p>Cool wash only</p></li><li><p>Do not bleach</p></li><li><p>Do not table dry</p></li><li><p>Avoid ironing on print</p></li><li><p>Do not dry clean</p></li></ul>','first-aid-t-shirt','0000','1','41','22','lifestyle','1','preview/37/first-aid1__preview.png',NULL,'',NULL,0,1,103,1,38,332,NULL,40000,40000),
('en',1,'First Aid T-Shirt','First Aid T-Shirt Ladies XL','<p>We’re thrilled to add the first aid design to our t-shirt collection.<br><br>We make original, limited edition tees using local materials and suppliers to international brand specification. Please allow 7 - 10 working days for delivery.</p><h4>Garment Care</h4><p>Taking proper care of your garments can lengthen the lifetime of a piece of clothing. Adding heat to cotton products by exposing the garment to hot water through tumble drying will cause shrinkage, even when garments have been pre-shrunk.</p><ul><li><p>Cool wash only</p></li><li><p>Do not bleach</p></li><li><p>Do not table dry</p></li><li><p>Avoid ironing on print</p></li><li><p>Do not dry clean</p></li></ul>','first-aid-t-shirt','0000','1','41','22','lifestyle','1','preview/37/first-aid1__preview.png',NULL,'',NULL,0,1,104,1,38,332,NULL,40000,40000),
('en',1,'First Aid T-Shirt','First Aid T-Shirt Ladies XXL','<p>We’re thrilled to add the first aid design to our t-shirt collection.<br><br>We make original, limited edition tees using local materials and suppliers to international brand specification. Please allow 7 - 10 working days for delivery.</p><h4>Garment Care</h4><p>Taking proper care of your garments can lengthen the lifetime of a piece of clothing. Adding heat to cotton products by exposing the garment to hot water through tumble drying will cause shrinkage, even when garments have been pre-shrunk.</p><ul><li><p>Cool wash only</p></li><li><p>Do not bleach</p></li><li><p>Do not table dry</p></li><li><p>Avoid ironing on print</p></li><li><p>Do not dry clean</p></li></ul>','first-aid-t-shirt','0000','1','41','22','lifestyle','1','preview/37/first-aid1__preview.png',NULL,'',NULL,0,1,105,1,38,332,NULL,40000,40000),
('en',1,'First Aid T-Shirt','First Aid T-Shirt Ladies XXXL','<p>We’re thrilled to add the first aid design to our t-shirt collection.<br><br>We make original, limited edition tees using local materials and suppliers to international brand specification. Please allow 7 - 10 working days for delivery.</p><h4>Garment Care</h4><p>Taking proper care of your garments can lengthen the lifetime of a piece of clothing. Adding heat to cotton products by exposing the garment to hot water through tumble drying will cause shrinkage, even when garments have been pre-shrunk.</p><ul><li><p>Cool wash only</p></li><li><p>Do not bleach</p></li><li><p>Do not table dry</p></li><li><p>Avoid ironing on print</p></li><li><p>Do not dry clean</p></li></ul>','first-aid-t-shirt','0000','1','41','22','lifestyle','1','preview/37/first-aid1__preview.png',NULL,'',NULL,0,1,106,1,38,332,NULL,40000,40000),
('en',1,'Born of Water T-Shirt','Born of Water T-Shirt Unisex M','<p>We’re thrilled to add the born of water design to our t-shirt collection.<br><br>We make original, limited edition tees using local materials and suppliers to international brand specification. Please allow 7 - 10 working days for delivery.</p><h4>Garment Care</h4><p>Taking proper care of your garments can lengthen the lifetime of a piece of clothing. Adding heat to cotton products by exposing the garment to hot water through tumble drying will cause shrinkage, even when garments have been pre-shrunk.</p><ul><li><p>Cool wash only</p></li><li><p>Do not bleach</p></li><li><p>Do not table dry</p></li><li><p>Avoid ironing on print</p></li><li><p>Do not dry clean</p></li></ul>','born-of-water-t-shirt','0000','1','41','22','lifestyle','1','preview/35/born-of-water-white1__preview.png',NULL,'',NULL,1,1,107,1,39,338,NULL,40000,40000),
('en',1,'Born of Water T-Shirt','Born of Water T-Shirt Unisex L','<p>We’re thrilled to add the born of water design to our t-shirt collection.<br><br>We make original, limited edition tees using local materials and suppliers to international brand specification. Please allow 7 - 10 working days for delivery.</p><h4>Garment Care</h4><p>Taking proper care of your garments can lengthen the lifetime of a piece of clothing. Adding heat to cotton products by exposing the garment to hot water through tumble drying will cause shrinkage, even when garments have been pre-shrunk.</p><ul><li><p>Cool wash only</p></li><li><p>Do not bleach</p></li><li><p>Do not table dry</p></li><li><p>Avoid ironing on print</p></li><li><p>Do not dry clean</p></li></ul>','born-of-water-t-shirt','0000','1','41','22','lifestyle','1','preview/35/born-of-water-white1__preview.png',NULL,'',NULL,1,1,108,1,39,338,NULL,40000,40000),
('en',1,'Born of Water T-Shirt','Born of Water T-Shirt Unisex XL','<p>We’re thrilled to add the born of water design to our t-shirt collection.<br><br>We make original, limited edition tees using local materials and suppliers to international brand specification. Please allow 7 - 10 working days for delivery.</p><h4>Garment Care</h4><p>Taking proper care of your garments can lengthen the lifetime of a piece of clothing. Adding heat to cotton products by exposing the garment to hot water through tumble drying will cause shrinkage, even when garments have been pre-shrunk.</p><ul><li><p>Cool wash only</p></li><li><p>Do not bleach</p></li><li><p>Do not table dry</p></li><li><p>Avoid ironing on print</p></li><li><p>Do not dry clean</p></li></ul>','born-of-water-t-shirt','0000','1','41','22','lifestyle','1','preview/35/born-of-water-white1__preview.png',NULL,'',NULL,1,1,109,1,39,338,NULL,40000,40000),
('en',1,'Born of Water T-Shirt','Born of Water T-Shirt Unisex XXL','<p>We’re thrilled to add the born of water design to our t-shirt collection.<br><br>We make original, limited edition tees using local materials and suppliers to international brand specification. Please allow 7 - 10 working days for delivery.</p><h4>Garment Care</h4><p>Taking proper care of your garments can lengthen the lifetime of a piece of clothing. Adding heat to cotton products by exposing the garment to hot water through tumble drying will cause shrinkage, even when garments have been pre-shrunk.</p><ul><li><p>Cool wash only</p></li><li><p>Do not bleach</p></li><li><p>Do not table dry</p></li><li><p>Avoid ironing on print</p></li><li><p>Do not dry clean</p></li></ul>','born-of-water-t-shirt','0000','1','41','22','lifestyle','1','preview/35/born-of-water-white1__preview.png',NULL,'',NULL,1,1,110,1,39,338,NULL,40000,40000),
('en',1,'Born of Water T-Shirt','Born of Water T-Shirt Unisex XXXL','<p>We’re thrilled to add the born of water design to our t-shirt collection.<br><br>We make original, limited edition tees using local materials and suppliers to international brand specification. Please allow 7 - 10 working days for delivery.</p><h4>Garment Care</h4><p>Taking proper care of your garments can lengthen the lifetime of a piece of clothing. Adding heat to cotton products by exposing the garment to hot water through tumble drying will cause shrinkage, even when garments have been pre-shrunk.</p><ul><li><p>Cool wash only</p></li><li><p>Do not bleach</p></li><li><p>Do not table dry</p></li><li><p>Avoid ironing on print</p></li><li><p>Do not dry clean</p></li></ul>','born-of-water-t-shirt','0000','1','41','22','lifestyle','1','preview/35/born-of-water-white1__preview.png',NULL,'',NULL,1,1,111,1,39,338,NULL,40000,40000),
('en',1,'Born of Water T-Shirt','Born of Water T-Shirt Ladies S','<p>We’re thrilled to add the born of water design to our t-shirt collection.<br><br>We make original, limited edition tees using local materials and suppliers to international brand specification. Please allow 7 - 10 working days for delivery.</p><h4>Garment Care</h4><p>Taking proper care of your garments can lengthen the lifetime of a piece of clothing. Adding heat to cotton products by exposing the garment to hot water through tumble drying will cause shrinkage, even when garments have been pre-shrunk.</p><ul><li><p>Cool wash only</p></li><li><p>Do not bleach</p></li><li><p>Do not table dry</p></li><li><p>Avoid ironing on print</p></li><li><p>Do not dry clean</p></li></ul>','born-of-water-t-shirt','0000','1','41','22','lifestyle','1','preview/35/born-of-water-white1__preview.png',NULL,'',NULL,1,1,112,1,39,338,NULL,40000,40000),
('en',1,'Born of Water T-Shirt','Born of Water T-Shirt Ladies M','<p>We’re thrilled to add the born of water design to our t-shirt collection.<br><br>We make original, limited edition tees using local materials and suppliers to international brand specification. Please allow 7 - 10 working days for delivery.</p><h4>Garment Care</h4><p>Taking proper care of your garments can lengthen the lifetime of a piece of clothing. Adding heat to cotton products by exposing the garment to hot water through tumble drying will cause shrinkage, even when garments have been pre-shrunk.</p><ul><li><p>Cool wash only</p></li><li><p>Do not bleach</p></li><li><p>Do not table dry</p></li><li><p>Avoid ironing on print</p></li><li><p>Do not dry clean</p></li></ul>','born-of-water-t-shirt','0000','1','41','22','lifestyle','1','preview/35/born-of-water-white1__preview.png',NULL,'',NULL,1,1,113,1,39,338,NULL,40000,40000),
('en',1,'Born of Water T-Shirt','Born of Water T-Shirt Ladies L','<p>We’re thrilled to add the born of water design to our t-shirt collection.<br><br>We make original, limited edition tees using local materials and suppliers to international brand specification. Please allow 7 - 10 working days for delivery.</p><h4>Garment Care</h4><p>Taking proper care of your garments can lengthen the lifetime of a piece of clothing. Adding heat to cotton products by exposing the garment to hot water through tumble drying will cause shrinkage, even when garments have been pre-shrunk.</p><ul><li><p>Cool wash only</p></li><li><p>Do not bleach</p></li><li><p>Do not table dry</p></li><li><p>Avoid ironing on print</p></li><li><p>Do not dry clean</p></li></ul>','born-of-water-t-shirt','0000','1','41','22','lifestyle','1','preview/35/born-of-water-white1__preview.png',NULL,'',NULL,1,1,114,1,39,338,NULL,40000,40000),
('en',1,'Born of Water T-Shirt','Born of Water T-Shirt Ladies XL','<p>We’re thrilled to add the born of water design to our t-shirt collection.<br><br>We make original, limited edition tees using local materials and suppliers to international brand specification. Please allow 7 - 10 working days for delivery.</p><h4>Garment Care</h4><p>Taking proper care of your garments can lengthen the lifetime of a piece of clothing. Adding heat to cotton products by exposing the garment to hot water through tumble drying will cause shrinkage, even when garments have been pre-shrunk.</p><ul><li><p>Cool wash only</p></li><li><p>Do not bleach</p></li><li><p>Do not table dry</p></li><li><p>Avoid ironing on print</p></li><li><p>Do not dry clean</p></li></ul>','born-of-water-t-shirt','0000','1','41','22','lifestyle','1','preview/35/born-of-water-white1__preview.png',NULL,'',NULL,1,1,115,1,39,338,NULL,40000,40000),
('en',1,'Born of Water T-Shirt','Born of Water T-Shirt Ladies XXL','<p>We’re thrilled to add the born of water design to our t-shirt collection.<br><br>We make original, limited edition tees using local materials and suppliers to international brand specification. Please allow 7 - 10 working days for delivery.</p><h4>Garment Care</h4><p>Taking proper care of your garments can lengthen the lifetime of a piece of clothing. Adding heat to cotton products by exposing the garment to hot water through tumble drying will cause shrinkage, even when garments have been pre-shrunk.</p><ul><li><p>Cool wash only</p></li><li><p>Do not bleach</p></li><li><p>Do not table dry</p></li><li><p>Avoid ironing on print</p></li><li><p>Do not dry clean</p></li></ul>','born-of-water-t-shirt','0000','1','41','22','lifestyle','1','preview/35/born-of-water-white1__preview.png',NULL,'',NULL,1,1,116,1,39,338,NULL,40000,40000),
('en',1,'Born of Water T-Shirt','Born of Water T-Shirt Ladies XXXL','<p>We’re thrilled to add the born of water design to our t-shirt collection.<br><br>We make original, limited edition tees using local materials and suppliers to international brand specification. Please allow 7 - 10 working days for delivery.</p><h4>Garment Care</h4><p>Taking proper care of your garments can lengthen the lifetime of a piece of clothing. Adding heat to cotton products by exposing the garment to hot water through tumble drying will cause shrinkage, even when garments have been pre-shrunk.</p><ul><li><p>Cool wash only</p></li><li><p>Do not bleach</p></li><li><p>Do not table dry</p></li><li><p>Avoid ironing on print</p></li><li><p>Do not dry clean</p></li></ul>','born-of-water-t-shirt','0000','1','41','22','lifestyle','1','preview/35/born-of-water-white1__preview.png',NULL,'',NULL,1,1,117,1,39,338,NULL,40000,40000),
('en',1,'STANDARD','standard-annual-freediver-member','<p>general diver.</p>','standard-annual-freediver-member','standard-annual-freediver-member','','','51','annual-freediver-member','1','',NULL,'',NULL,1,1,118,1,85,NULL,NULL,194000,194000),
('en',1,'PLUS','plus-annual-freediver-member','','plus-annual-freediver-member','plus-annual-freediver-member','','','51','annual-freediver-member','1','',NULL,'',NULL,0,0,119,1,86,NULL,NULL,239500,239500),
('en',1,'MASTER FREEDIVER PRO','master-freediver-pro-annual-freediver-member','','master-freediver-pro-annual-freediver-member','master-freediver-pro-annual-freediver-member','','','51','annual-freediver-member','1','',NULL,'',NULL,1,1,120,1,87,NULL,NULL,256500,256500),
('en',1,'STANDARD','monthly-standard-annual-freediver-member','<p>general diver.</p>','monthly-standard-annual-freediver-member','monthly-standard-annual-freediver-member','','','49,51','monthly-membership,annual-freediver-member','1','',NULL,'',NULL,1,1,121,1,88,NULL,NULL,17000,17000),
('en',1,'PLUS','monthly-plus-annual-freediver-member','','monthly-plus-annual-freediver-member','monthly-plus-annual-freediver-member','','','49,51','monthly-membership,annual-freediver-member','1','',NULL,'',NULL,1,1,122,1,89,NULL,NULL,21000,21000),
('en',1,'MASTER FREEDIVER PRO','monthly-master-freediver-pro-annual-freediver-member','','monthly-master-freediver-pro-annual-freediver-member','monthly-master-freediver-pro-annual-freediver-member','','','49,51','monthly-membership,annual-freediver-member','1','',NULL,'',NULL,1,1,123,1,90,NULL,NULL,22500,22500);

--
-- Table structure for table `seller`
--

CREATE TABLE `seller` (
  `createdAt` datetime(6) NOT NULL DEFAULT current_timestamp(6),
  `updatedAt` datetime(6) NOT NULL DEFAULT current_timestamp(6) ON UPDATE current_timestamp(6),
  `deletedAt` datetime DEFAULT NULL,
  `name` varchar(255) NOT NULL,
  `id` int(11) NOT NULL AUTO_INCREMENT,
  PRIMARY KEY (`id`)
) ENGINE=InnoDB AUTO_INCREMENT=2 DEFAULT CHARSET=utf8mb4 COLLATE=utf8mb4_general_ci;

--
-- Dumping data for table `seller`
--

INSERT INTO `seller` VALUES
('2024-06-01 19:19:41.130045','2024-06-01 19:19:41.130045',NULL,'Default Seller',1);

--
-- Table structure for table `session`
--

CREATE TABLE `session` (
  `createdAt` datetime(6) NOT NULL DEFAULT current_timestamp(6),
  `updatedAt` datetime(6) NOT NULL DEFAULT current_timestamp(6) ON UPDATE current_timestamp(6),
  `token` varchar(255) NOT NULL,
  `expires` datetime NOT NULL,
  `invalidated` tinyint(4) NOT NULL,
  `authenticationStrategy` varchar(255) DEFAULT NULL,
  `id` int(11) NOT NULL AUTO_INCREMENT,
  `activeOrderId` int(11) DEFAULT NULL,
  `activeChannelId` int(11) DEFAULT NULL,
  `type` varchar(255) NOT NULL,
  `userId` int(11) DEFAULT NULL,
  PRIMARY KEY (`id`),
  UNIQUE KEY `IDX_232f8e85d7633bd6ddfad42169` (`token`),
  KEY `IDX_7a75399a4f4ffa48ee02e98c05` (`activeOrderId`),
  KEY `IDX_eb87ef1e234444728138302263` (`activeChannelId`),
  KEY `IDX_3d2f174ef04fb312fdebd0ddc5` (`userId`),
  KEY `IDX_e5598363000cab9d9116bd5835` (`type`),
  CONSTRAINT `FK_3d2f174ef04fb312fdebd0ddc53` FOREIGN KEY (`userId`) REFERENCES `user` (`id`) ON DELETE NO ACTION ON UPDATE NO ACTION,
  CONSTRAINT `FK_7a75399a4f4ffa48ee02e98c059` FOREIGN KEY (`activeOrderId`) REFERENCES `order` (`id`) ON DELETE NO ACTION ON UPDATE NO ACTION,
  CONSTRAINT `FK_eb87ef1e234444728138302263b` FOREIGN KEY (`activeChannelId`) REFERENCES `channel` (`id`) ON DELETE NO ACTION ON UPDATE NO ACTION
) ENGINE=InnoDB AUTO_INCREMENT=518 DEFAULT CHARSET=utf8mb4 COLLATE=utf8mb4_general_ci;

--
-- Dumping data for table `session`
--

INSERT INTO `session` VALUES
('2024-06-01 19:27:06.941152','2024-06-01 19:27:06.000000','5ba575bd4868e619890965ca33907a33bc3eab5fffb72aa2f42b9c7c3b676f5c','2025-06-01 23:27:06',0,NULL,1,NULL,1,'AnonymousSession',NULL),
('2024-06-01 19:27:30.217027','2024-06-01 19:27:30.000000','c9820035610caa9f7223b2733995cbff75ef0425ec65cbeeedcc09105d57987f','2025-06-01 23:27:30',0,'native',2,NULL,1,'AuthenticatedSession',1),
('2024-06-01 19:30:41.573414','2024-06-01 19:30:41.000000','a82f3edb73e52758ebf00ec2f0cc510f36ffba1a69c9f75fea80afbd1b3e94f0','2025-06-01 23:30:41',0,NULL,3,NULL,1,'AnonymousSession',NULL),
('2024-06-01 19:30:41.595020','2024-06-01 19:30:41.000000','0f20165faefa13c8051c345e1d06b78db630b355b95a9d029bfc994bb4da8ce8','2025-06-01 23:30:41',0,NULL,4,NULL,1,'AnonymousSession',NULL),
('2024-06-01 19:38:30.404744','2024-06-01 19:38:30.000000','d341468dfcd97e53063ff11f3f4f6f89ab91e62cac1b789205937cf65e436b07','2025-06-01 23:38:30',0,NULL,5,NULL,1,'AnonymousSession',NULL),
('2024-06-01 19:38:32.503068','2024-06-01 19:38:32.000000','ad77fcd69ae3a5c3a3e681e32ef09300ccb48c08933e54eb1afaefad0b04a677','2025-06-01 23:38:32',0,'native',6,NULL,1,'AuthenticatedSession',1),
('2024-06-01 19:52:04.552505','2024-06-01 19:52:04.000000','7a219e742c5fa40a62fe1900e3639eb9c47526f81984cd77efdc002ed416805d','2025-06-01 23:52:04',0,NULL,7,NULL,1,'AnonymousSession',NULL),
('2024-06-01 19:52:06.657552','2024-06-01 19:52:06.000000','22d2015b2e2d616fdd2ebfc665f35616621564ec944c509fadcdae821a9227c9','2025-06-01 23:52:06',0,'native',8,NULL,1,'AuthenticatedSession',1),
('2024-06-01 19:54:18.352842','2024-06-01 19:54:18.000000','feece348616bf032b592f70c4c2bd49a0203410272650705b6470c47f04ff2ab','2025-06-01 23:54:18',0,NULL,9,NULL,1,'AnonymousSession',NULL),
('2024-06-01 19:54:18.365178','2024-06-01 19:54:18.000000','1711fc52cb9f9029c86f7d440e7b7808a26ea1cb2789a337df7bd69901297d19','2025-06-01 23:54:18',0,NULL,10,NULL,1,'AnonymousSession',NULL),
('2024-06-01 19:54:22.669049','2024-06-01 19:54:22.000000','1d31e2c5e3d7371a9b0c247e171b9d557e3b38d933717c763332c45b47bdab1d','2025-06-01 23:54:22',0,NULL,11,NULL,1,'AnonymousSession',NULL),
('2024-06-01 19:54:22.670554','2024-06-01 19:54:22.000000','b13835bf929e5f86ce39f46d2d6767cca73df9275dafed9a7ce9ec2f3efda86f','2025-06-01 23:54:22',0,NULL,12,NULL,1,'AnonymousSession',NULL),
('2024-06-01 23:13:34.430311','2024-06-01 23:13:34.000000','c5e99840b367e25071db479e3ce08aeddcfd89114e38b93ffe735178141299de','2025-06-02 03:13:34',0,NULL,13,NULL,1,'AnonymousSession',NULL),
('2024-06-01 23:13:37.517412','2024-06-01 23:13:37.000000','393e9c59e95f596b59e1aac283713cee431a13fb306f78158dadbc37b45be293','2025-06-02 03:13:37',0,'native',14,NULL,1,'AuthenticatedSession',1),
('2024-06-01 23:28:52.483902','2024-06-01 23:28:52.000000','bed532d3ad7772d27d5689f381a8b91a2f0c7a0c391019f75a5bf573006f0784','2025-06-02 03:28:52',0,NULL,15,NULL,1,'AnonymousSession',NULL),
('2024-06-01 23:28:56.743490','2024-06-01 23:28:56.000000','5fdaa880eb746b5b88b44f25c4f2d264724188ab26fd66871ca55360f80194f2','2025-06-02 03:28:56',0,'native',16,NULL,1,'AuthenticatedSession',1),
('2024-06-01 23:29:07.119842','2024-06-01 23:29:07.000000','0073eb1494a7dfa22f5fb8696cf6ac6fe1d5be9392731930f75276f50ad4ddfb','2025-06-02 03:29:07',0,NULL,17,NULL,1,'AnonymousSession',NULL),
('2024-06-01 23:29:07.120878','2024-06-01 23:29:07.000000','8d9b61e424854cbfa5839764f7388de2f7f8ac53de2c1bcffc648365d7c89113','2025-06-02 03:29:07',0,NULL,18,NULL,1,'AnonymousSession',NULL),
('2024-06-01 23:30:24.062128','2024-06-01 23:30:24.000000','6e3e8df3ac05764260f4b569a83ebc7ea616a2aed23f5bddb656589978d4a319','2025-06-02 03:30:24',0,NULL,19,NULL,1,'AnonymousSession',NULL),
('2024-06-01 23:30:24.054682','2024-06-01 23:30:24.000000','61dc8438a66d98a59ed8d5d74aabdeab25a0c9a43184c48d1a3be8a6897027ff','2025-06-02 03:30:24',0,NULL,20,NULL,1,'AnonymousSession',NULL),
('2024-06-01 23:58:16.325890','2024-06-01 23:58:16.000000','0f6f90aef270707255ba6b43b289529edf9807ae259debb9a1aff58cb6835dc5','2025-06-02 03:58:16',0,NULL,21,NULL,1,'AnonymousSession',NULL),
('2024-06-01 23:58:16.358409','2024-06-01 23:58:16.000000','38bc6d94a9151aad13b6b4ee7a54cb4071425e07f6d3bd17250ac2b44ce5793f','2025-06-02 03:58:16',0,NULL,22,NULL,1,'AnonymousSession',NULL),
('2024-06-02 00:01:21.701437','2024-06-02 00:01:21.000000','c19eca1d164b0cb01daf5e4d176466cb7457ef606ba355c8ac378b2bd4f88624','2025-06-02 04:01:21',0,NULL,23,NULL,1,'AnonymousSession',NULL),
('2024-06-02 00:01:21.702418','2024-06-02 00:01:21.000000','469938d2f8250d6614e061edf23d9a15de93369dbfbb2bde89799b6dc22add0c','2025-06-02 04:01:21',0,NULL,24,NULL,1,'AnonymousSession',NULL),
('2024-06-02 00:03:13.888442','2024-06-02 00:03:13.000000','911477987926c764f2f28d3d7408b4a1865ec7807b72b9ef3bd681e6e591a9fc','2025-06-02 04:03:13',0,NULL,25,NULL,1,'AnonymousSession',NULL),
('2024-06-02 00:03:13.886044','2024-06-02 00:03:13.000000','3fc552b04874f6e237c3fafed4628a0c303bf9737a50c021936b18148d08576a','2025-06-02 04:03:13',0,NULL,26,NULL,1,'AnonymousSession',NULL),
('2024-06-02 00:04:18.151752','2024-06-02 00:04:18.000000','3d926e2dbd1a552a1a17783f3147b04a743509893f20c3431f415bcf06db2b71','2025-06-02 04:04:18',0,NULL,27,NULL,1,'AnonymousSession',NULL),
('2024-06-02 00:04:18.152291','2024-06-02 00:04:18.000000','fbaf9e12b89d60ddd628e07292b9aa71817609dc37333f368dfbdffe194c551c','2025-06-02 04:04:18',0,NULL,28,NULL,1,'AnonymousSession',NULL),
('2024-06-02 00:06:44.685930','2024-06-02 00:06:44.000000','b7dfb18f3627b3dd4201a70b37fb94bb98468dfe33728d937be84da5cb860d5f','2025-06-02 04:06:44',0,NULL,29,NULL,1,'AnonymousSession',NULL),
('2024-06-02 00:06:44.687861','2024-06-02 00:06:44.000000','b49874d934103457f0b97c95cc8f42edcadbb4a71bd556672a7760c16b45ce39','2025-06-02 04:06:44',0,NULL,30,NULL,1,'AnonymousSession',NULL),
('2024-06-02 00:07:25.474714','2024-06-02 00:07:25.000000','d9cb266fb8a659f80cb8a94b802ddc1b673e404704c7457f43dcc375fd141fef','2025-06-02 04:07:25',0,NULL,31,NULL,1,'AnonymousSession',NULL),
('2024-06-02 00:07:25.474368','2024-06-02 00:07:25.000000','bd52421631306c00c10c85d3df4e8b32935aba1df2eb0f19b99cb5a7217a9967','2025-06-02 04:07:25',0,NULL,32,NULL,1,'AnonymousSession',NULL),
('2024-06-02 00:08:07.877358','2024-06-02 00:08:07.000000','d33dda34d780aa89cb7f2b5c168cff921287abf711f1ef55e5e3259e027cb706','2025-06-02 04:08:07',0,NULL,33,NULL,1,'AnonymousSession',NULL),
('2024-06-02 00:08:07.882413','2024-06-02 00:08:07.000000','b8f473a6020efa55030507793d5a350b54c72b29bd78380415c5dfc4292f9ac4','2025-06-02 04:08:07',0,NULL,34,NULL,1,'AnonymousSession',NULL),
('2024-06-02 00:09:06.892596','2024-06-02 00:09:06.000000','590bcc8345d27036b0707813a2f3a1664455a8c97fa8ed6c12f410873e27ae0d','2025-06-02 04:09:06',0,NULL,35,NULL,1,'AnonymousSession',NULL),
('2024-06-02 00:09:06.893210','2024-06-02 00:09:06.000000','20033f2d2f3a21822691ba3e43ac83d32fdf8b2f713f609e2e681a6c22b53929','2025-06-02 04:09:06',0,NULL,36,NULL,1,'AnonymousSession',NULL),
('2024-06-02 00:10:04.527077','2024-06-02 00:10:04.000000','2fb6619f85349aac73f273c25f0dca07e14a7f5266e04cedc1b75bfe35de3e45','2025-06-02 04:10:04',0,NULL,37,NULL,1,'AnonymousSession',NULL),
('2024-06-02 00:10:04.527710','2024-06-02 00:10:04.000000','4eeb7b162d3f54ce3985f61337d3a82f8bacfab47f817608386c726f57f8b271','2025-06-02 04:10:04',0,NULL,38,NULL,1,'AnonymousSession',NULL),
('2024-06-02 00:13:15.284498','2024-06-02 00:13:15.000000','0a73546f93d3294f83381c66a454aeaf20a0575b5fb58cc36c5e323d7f1fa1b5','2025-06-02 04:13:15',0,NULL,39,NULL,1,'AnonymousSession',NULL),
('2024-06-02 00:13:15.284735','2024-06-02 00:13:15.000000','053bd52ab293c4a694ea1a83cd045061d36c7f53b82838a35136ef2abefe3016','2025-06-02 04:13:15',0,NULL,40,NULL,1,'AnonymousSession',NULL),
('2024-06-02 00:14:06.173771','2024-06-02 00:14:06.000000','c3aa8fe250e614a24d227408cda07bd8bdcdeb3e3a2c41261d7c935274b6a4e4','2025-06-02 04:14:06',0,NULL,41,NULL,1,'AnonymousSession',NULL),
('2024-06-02 00:14:06.184506','2024-06-02 00:14:06.000000','81729109f5c3ddd2fce545cc23d417023adccb39c76411a9f4c35ef6701d2ef3','2025-06-02 04:14:06',0,NULL,42,NULL,1,'AnonymousSession',NULL),
('2024-06-02 00:15:23.913910','2024-06-02 00:15:23.000000','9c8c9b995983ef413aee31fc8c0c873ff5d2628a5c5b03eaf4cc7fb3175ff757','2025-06-02 04:15:23',0,NULL,43,NULL,1,'AnonymousSession',NULL),
('2024-06-02 00:15:23.913466','2024-06-02 00:15:23.000000','04585649600b493e6fef54835dc283ce75d8c7fc60b42962c78dc4c72c937fe6','2025-06-02 04:15:23',0,NULL,44,NULL,1,'AnonymousSession',NULL),
('2024-06-02 00:16:05.412849','2024-06-02 00:16:05.000000','3a89e22a920a645638480a528434d4fe2fb1f83b2937f6b7f00a9c5dc4f1ae56','2025-06-02 04:16:05',0,NULL,45,NULL,1,'AnonymousSession',NULL),
('2024-06-02 00:16:05.412609','2024-06-02 00:16:05.000000','ed6ba4dc87c3d81a793fde7a6f3c9e7234c2632314b8cce003ae38cd8ea4078f','2025-06-02 04:16:05',0,NULL,46,NULL,1,'AnonymousSession',NULL),
('2024-06-02 00:17:19.095674','2024-06-02 00:17:19.000000','7e0818044bbf1b44abf31a4ce6ba03d34b898eabc32862113daf2dee89a63796','2025-06-02 04:17:19',0,NULL,47,NULL,1,'AnonymousSession',NULL),
('2024-06-02 00:17:19.123123','2024-06-02 00:17:19.000000','9261e451e0a035abad0ce6e437d1825bd10b71cfbdd1d0cc1856ed2241275e75','2025-06-02 04:17:19',0,NULL,48,NULL,1,'AnonymousSession',NULL),
('2024-06-02 00:18:29.958740','2024-06-02 00:18:30.000000','94874839121573ab032efaa93aac8d569bb0c4b07abdacadf27c256eeb79472a','2025-06-02 04:18:29',0,NULL,49,NULL,1,'AnonymousSession',NULL),
('2024-06-02 00:18:29.958476','2024-06-02 00:18:30.000000','887b0e4209a7bbd113e1ffd61d7c51023e4bee6f6901ff21fd35767551f4c3ff','2025-06-02 04:18:29',0,NULL,50,NULL,1,'AnonymousSession',NULL),
('2024-06-02 00:19:35.998670','2024-06-02 00:19:36.000000','3399af25bf1700a9cf6e212bb7d9211cacf702a3a39ee51a0f44cf1d9113df21','2025-06-02 04:19:35',0,NULL,51,NULL,1,'AnonymousSession',NULL),
('2024-06-02 00:19:35.998556','2024-06-02 00:19:36.000000','9240b75083b544e3d347f7447cb46726f991393151ac2aac8df0b6d7c74beb83','2025-06-02 04:19:35',0,NULL,52,NULL,1,'AnonymousSession',NULL),
('2024-06-02 00:20:49.848138','2024-06-02 00:20:49.000000','4efb6571f6ba812ec22c716afee973da36919fdc70e06127ddab41260f9079b6','2025-06-02 04:20:49',0,NULL,53,NULL,1,'AnonymousSession',NULL),
('2024-06-02 00:20:49.848873','2024-06-02 00:20:49.000000','bd98af04405e8826bf16fb738b656f412f1c9ead957a01f3e391161255b716db','2025-06-02 04:20:49',0,NULL,54,NULL,1,'AnonymousSession',NULL),
('2024-06-02 06:14:00.403113','2024-06-02 06:14:00.000000','98e03089ba1282f350dbcbdc012e429f3d863ab9c597e5462e6144d38b50eb12','2025-06-02 10:14:00',0,NULL,55,NULL,1,'AnonymousSession',NULL),
('2024-06-02 06:14:00.404038','2024-06-02 06:14:00.000000','c951ee859b32f249b7769f95b9906a2265478e2157b818b3a447a21b0f471c21','2025-06-02 10:14:00',0,NULL,56,NULL,1,'AnonymousSession',NULL),
('2024-06-02 14:20:31.924611','2024-06-02 14:20:31.000000','5d10141e35609d14588096e17b3a03772872a81aacc141f35ad188bdf79d901c','2025-06-02 18:20:31',0,NULL,57,NULL,1,'AnonymousSession',NULL),
('2024-06-02 16:53:05.368704','2024-06-02 16:53:05.000000','9d19de78b0ec6849510b84c826bc6cddc78924f2fcd6ecb396bfb5b529fd89df','2025-06-02 20:53:05',0,'native',58,NULL,1,'AuthenticatedSession',1),
('2024-06-03 11:46:11.326690','2024-06-03 11:46:11.000000','14bab2d6f3ae3fb7b1fd2b0cc2883ab25f50252d723f1a6aa0e82d551d08762d','2025-06-03 17:46:11',0,NULL,60,NULL,1,'AnonymousSession',NULL),
('2024-06-03 11:46:11.367458','2024-06-03 11:46:11.000000','d12e5ef50978ab478e2238c4ad48d15a0e0691c5e43c750fb357cef3fe2c3319','2025-06-03 17:46:11',0,NULL,61,NULL,1,'AnonymousSession',NULL),
('2024-06-03 11:49:47.575154','2024-06-03 12:06:04.000000','c5489f9d955be57e8e37014d76716190aa53bb0809e14f762c4baa88cf037c91','2025-06-03 17:49:47',0,'native',62,1,1,'AuthenticatedSession',1),
('2024-06-03 11:59:31.428467','2024-06-03 11:59:31.000000','f6f207ae4bfa364ecdb8b1f9fadaef4b0d5fb94a3c6ae1184380c51613177adf','2025-06-03 17:59:31',0,NULL,63,NULL,1,'AnonymousSession',NULL),
('2024-06-03 11:59:49.612670','2024-06-03 11:59:49.000000','6c275644e93890f5e36c436ae8680ebcb1a00cb5de9f8f1c7b3e4151d3093945','2025-06-03 17:59:49',0,'native',64,NULL,1,'AuthenticatedSession',1),
('2024-06-03 12:25:13.221346','2024-06-03 12:25:13.000000','f8fe82243dc485b235ca6cc333e3ccd2e7bd5998734e352c342a5df5bb096824','2025-06-03 18:25:13',0,NULL,65,NULL,1,'AnonymousSession',NULL),
('2024-06-03 12:25:13.255108','2024-06-03 12:25:13.000000','7ceecb42e0fafc070259fbe03a94a30d03c14c06550008100a1e92c0abf1caaf','2025-06-03 18:25:13',0,NULL,66,NULL,1,'AnonymousSession',NULL),
('2024-06-03 12:30:07.520174','2024-06-03 12:30:07.000000','3efa55b0f218188162cdcf6d6f7a40bac74739366cd4c7ef6924798859d9dd32','2025-06-03 18:30:07',0,NULL,67,NULL,1,'AnonymousSession',NULL),
('2024-06-03 12:30:07.542820','2024-06-03 12:30:07.000000','7f6abfa628b56794aaf0d93eb8525dd1e02085711b0875780e629097eae301a6','2025-06-03 18:30:07',0,NULL,68,NULL,1,'AnonymousSession',NULL),
('2024-06-03 12:47:15.617988','2024-06-03 12:47:15.000000','17a6097db0212610f985d5fb5d7a4376eb557aed5af40b923d33e8d53278e25b','2025-06-03 18:47:15',0,NULL,70,NULL,1,'AnonymousSession',NULL),
('2024-06-03 12:47:36.006214','2024-06-03 12:47:36.000000','11e642d9dc6e03a0cef8221ba120b12035011518ef80c57f338307d634f70996','2025-06-03 18:47:36',0,'native',71,NULL,1,'AuthenticatedSession',1),
('2024-06-03 12:52:34.270037','2024-06-03 12:52:34.000000','43e1fa126af66c2e045b12d48dc526fe316f3da66326eb54e5c628fb59a0cecd','2025-06-03 18:52:34',0,NULL,72,NULL,1,'AnonymousSession',NULL),
('2024-06-03 12:52:34.274836','2024-06-03 12:52:34.000000','77e8a594c7f2d135249095c19368258c97506b32455a8fb46fd513daaebbd032','2025-06-03 18:52:34',0,NULL,73,NULL,1,'AnonymousSession',NULL),
('2024-06-03 13:09:44.727227','2024-06-03 13:09:44.000000','5263c2232738292c7507f536f2af0e109f7755dc12a5ed549711eee28ad05e27','2025-06-03 19:09:44',0,NULL,74,NULL,1,'AnonymousSession',NULL),
('2024-06-03 13:09:44.729286','2024-06-03 13:09:44.000000','74e729f52ba4fe23f7e527b8aeacb79125a5b4bfa2f390ee5362a2724364cbec','2025-06-03 19:09:44',0,NULL,75,NULL,1,'AnonymousSession',NULL),
('2024-06-03 13:23:02.801631','2024-06-03 13:23:02.000000','cb135b48c86a8772d42e90500b7790b5a528d1f940db10ec8c6090d9c1ac0fa2','2025-06-03 19:23:02',0,NULL,77,NULL,1,'AnonymousSession',NULL),
('2024-06-04 05:13:34.097787','2024-06-04 05:13:34.000000','9f119e7ad21d6940464f848da018ec09fb3779a415f74fac06b8ecaa39e87f9d','2025-06-04 11:13:34',0,NULL,78,NULL,1,'AnonymousSession',NULL),
('2024-06-04 05:13:34.111185','2024-06-04 05:13:34.000000','f3515430c03aad0989952c6d5327b51bc88cefad15c8dc900751d53de962e847','2025-06-04 11:13:34',0,NULL,79,NULL,1,'AnonymousSession',NULL),
('2024-06-05 09:04:06.576874','2024-06-05 09:04:06.000000','45f00b3bea6c57c2d59d3b6ff661ed11d8d2fb42bb2bc6d4170d70578e1dd508','2025-06-05 13:04:06',0,NULL,80,NULL,1,'AnonymousSession',NULL),
('2024-06-05 09:04:31.481508','2024-06-05 09:04:31.000000','7433b82654a1eb5a717f3f70c514835b4966f6636d48483875e1be2ca35585da','2025-06-05 13:04:31',0,NULL,81,NULL,1,'AnonymousSession',NULL),
('2024-06-05 09:07:08.155320','2024-06-05 09:07:08.000000','2b49f5341a8fc7a408a3dee47e86612d68f906facf3f9fae3dd32ce14ee2f9cd','2025-06-05 13:07:08',0,'native',82,NULL,1,'AuthenticatedSession',1),
('2024-06-05 10:04:04.836349','2024-06-05 10:04:04.000000','5c203928649c11903d67a2705a3a053b4c0522c3ff898cf1b08377ffc74e437c','2025-06-05 14:04:04',0,'native',83,NULL,1,'AuthenticatedSession',1),
('2024-06-05 11:45:19.591835','2024-06-05 11:45:20.000000','6a1afeaf63554d377a3fd5c1672b42d57f83ead36c14b43d489155e255e4fcab','2025-06-05 15:45:19',0,NULL,84,NULL,1,'AnonymousSession',NULL),
('2024-06-05 11:45:19.662161','2024-06-05 11:45:20.000000','076f1173369cdca6a0c1e328aafbf21f80a2b6b8673056a6e5f0c99920a6c387','2025-06-05 15:45:19',0,NULL,85,NULL,1,'AnonymousSession',NULL),
('2024-06-05 11:45:22.713374','2024-06-05 11:45:22.000000','7ab9b389f72aa2d619cece95d9ee9a24fa3f967ab1e9e351dd4f1a428b3a88e4','2025-06-05 15:45:22',0,NULL,86,NULL,1,'AnonymousSession',NULL),
('2024-06-06 09:25:57.265824','2024-06-06 09:25:57.000000','08293474279f73ebfca1d8c82cc324610b620a4116529a8c2438c97477fab0ba','2025-06-06 13:25:57',0,NULL,89,NULL,1,'AnonymousSession',NULL),
('2024-06-06 09:25:57.265233','2024-06-06 09:25:57.000000','cd5e17bfd2bcc4997cf78fd9d898050b6757fb1cf070842d326463ecb0595aef','2025-06-06 13:25:57',0,NULL,90,NULL,1,'AnonymousSession',NULL),
('2024-06-06 10:10:28.879172','2024-06-06 10:10:28.000000','986c4ea76ccb7209b48113e1b889d957444d422aef36a7812399dfe35c5a3d64','2025-06-06 14:10:28',0,NULL,91,NULL,1,'AnonymousSession',NULL),
('2024-06-07 11:05:30.008525','2024-06-07 11:05:30.000000','2f75775ba0a075fbef5c0eeac1403c715e6706e27b88a4c01ea1fa9ad4527cb8','2025-06-07 15:05:29',0,NULL,97,NULL,1,'AnonymousSession',NULL),
('2024-06-07 11:07:40.969940','2024-06-07 11:07:41.000000','a38d1c0e603cce1758def0c051bd91241993ead6899d516ff28be71bf6361e0d','2025-06-07 15:07:40',0,NULL,99,NULL,1,'AnonymousSession',NULL),
('2024-06-07 11:07:41.056736','2024-06-07 11:07:41.000000','44c4db5553e07e42f9e5a6122838fd6acfd334672305b0e2010039dadfeba125','2025-06-07 15:07:40',0,NULL,100,NULL,1,'AnonymousSession',NULL),
('2024-06-07 11:08:24.138651','2024-06-07 11:08:24.000000','baf5343540445725ab3d8a54ac93eace537d9da83fb583531c3756c6a00653f6','2025-06-07 15:08:23',0,NULL,101,NULL,1,'AnonymousSession',NULL),
('2024-06-07 11:08:24.145179','2024-06-07 11:08:24.000000','65f6f451e72c12d884afd564b3e0c9145980f5416dbbc2f01b9ee998b6e7405f','2025-06-07 15:08:24',0,NULL,102,NULL,1,'AnonymousSession',NULL),
('2024-06-07 11:08:59.671734','2024-06-07 11:08:59.000000','50d2b5d37e887c1190a6c1ede9e84245a630791b5ee390bafd7ca483645ac4ef','2025-06-07 15:08:59',0,NULL,103,NULL,1,'AnonymousSession',NULL),
('2024-06-07 11:08:59.673009','2024-06-07 11:08:59.000000','2e4a0b0ef98b3069ec00c0d3c41cd2a3ee38cb537f27276ccd00d89e6feae192','2025-06-07 15:08:59',0,NULL,104,NULL,1,'AnonymousSession',NULL),
('2024-06-07 11:09:20.895147','2024-06-07 11:09:20.000000','95553ba2b782e4acf36b628ceaec0dcc17edaf3742239062895e0b708e06b6e2','2025-06-07 15:09:20',0,NULL,105,NULL,1,'AnonymousSession',NULL),
('2024-06-07 11:09:20.909408','2024-06-07 11:09:20.000000','b4d9fe9845205d8d670586a6a5dddf74dcac087497839a494716c24a4958dae1','2025-06-07 15:09:20',0,NULL,106,NULL,1,'AnonymousSession',NULL),
('2024-06-07 11:09:44.699286','2024-06-07 11:09:44.000000','8ca122e0d29f83c428b0c88c00cf90a262f7c0f33d46c48de9e154785e25274e','2025-06-07 15:09:44',0,NULL,107,NULL,1,'AnonymousSession',NULL),
('2024-06-07 11:09:44.702506','2024-06-07 11:09:44.000000','93cf5fc2ccb8b236f6f818fd15741030d8cf526d5d62fec48daf4874dc85b9ce','2025-06-07 15:09:44',0,NULL,108,NULL,1,'AnonymousSession',NULL),
('2024-06-07 11:10:11.788538','2024-06-07 11:10:11.000000','195c87719a75b9965b77fa3cbaa84bded54d6232b44e63a5d9910f307ded2d7e','2025-06-07 15:10:11',0,NULL,109,NULL,1,'AnonymousSession',NULL),
('2024-06-07 11:10:11.792230','2024-06-07 11:10:11.000000','c55a724c495727e387e372bcc1ca3c60e7c29eeffddb3bc3817059165dfd8383','2025-06-07 15:10:11',0,NULL,110,NULL,1,'AnonymousSession',NULL),
('2024-06-07 11:10:22.386555','2024-06-07 11:10:22.000000','489c17b181cd3a4810fdaa10b18626d7059099ef36c3eac350570ca478e83cbd','2025-06-07 15:10:22',0,NULL,111,NULL,1,'AnonymousSession',NULL),
('2024-06-07 11:10:22.386219','2024-06-07 11:10:22.000000','d796abc81853a32957e91bc0ebfc84aac0176350e1e2748fb248ccc77e67dffe','2025-06-07 15:10:22',0,NULL,112,NULL,1,'AnonymousSession',NULL),
('2024-06-07 11:10:49.700986','2024-06-07 11:10:49.000000','ad29400ba5791a8ab8a1dfab8b00cbf4f43ccf53e5e52981253ede5ec3155535','2025-06-07 15:10:49',0,NULL,113,NULL,1,'AnonymousSession',NULL),
('2024-06-07 11:11:44.974733','2024-06-07 11:11:45.000000','eb03f975fb393c2c0298ae22545dc9c47b7a35af1f86bbde58885f2bc77e98f8','2025-06-07 15:11:44',0,NULL,115,NULL,1,'AnonymousSession',NULL),
('2024-06-07 11:11:44.974378','2024-06-07 11:11:45.000000','2e47884b4a98c000fd59813c56e5a0a93e2ea052e5a18c44fadf0a4032d9d6af','2025-06-07 15:11:44',0,NULL,116,NULL,1,'AnonymousSession',NULL),
('2024-06-07 11:12:05.739292','2024-06-07 11:12:05.000000','d79aecca3f057fa3a0cbd3df0a2f9730851429a3f24a28180c445a0124394991','2025-06-07 15:12:05',0,NULL,117,NULL,1,'AnonymousSession',NULL),
('2024-06-07 11:12:05.739533','2024-06-07 11:12:05.000000','2bc0afae35ac61727c1389cc985acd8160cabf43c4f555f7369abc325c62c865','2025-06-07 15:12:05',0,NULL,118,NULL,1,'AnonymousSession',NULL),
('2024-06-07 11:12:24.583305','2024-06-07 11:12:24.000000','b6c1b32029f1fca2e5d215ba956f4dd4b41fff260c980e6038a0974d5cfc391d','2025-06-07 15:12:24',0,NULL,119,NULL,1,'AnonymousSession',NULL),
('2024-06-07 11:12:24.578721','2024-06-07 11:12:24.000000','a28212988871e7209dac0e2652da31981ac7432b24cfcd639dd45972ced69bf4','2025-06-07 15:12:24',0,NULL,120,NULL,1,'AnonymousSession',NULL),
('2024-06-07 11:12:51.158102','2024-06-07 11:12:51.000000','0d07fb2076c9b5a670f491ca9c538a810079b17e2f82d7a72ec00400b234d2df','2025-06-07 15:12:51',0,NULL,121,NULL,1,'AnonymousSession',NULL),
('2024-06-07 11:12:51.161039','2024-06-07 11:12:51.000000','eb05bfe35c427c69799a3f2ce2653a4b51e44ad19954840d19d1b5686043aceb','2025-06-07 15:12:51',0,NULL,122,NULL,1,'AnonymousSession',NULL),
('2024-06-07 11:13:51.528668','2024-06-07 11:13:51.000000','decde701161f355782f3af1df299bf2123e4d27b234efd4821009eddf3a1b483','2025-06-07 15:13:51',0,NULL,123,NULL,1,'AnonymousSession',NULL),
('2024-06-07 11:13:51.565190','2024-06-07 11:13:51.000000','efe01ff2530b349d7b42e3c1aa8308498937820525c1c3e3c5c3081c8679f776','2025-06-07 15:13:51',0,NULL,124,NULL,1,'AnonymousSession',NULL),
('2024-06-07 11:14:13.376280','2024-06-07 11:14:13.000000','00e347c6af2eb37fe78dc99469988cc2f12308ef198a46c6f30803ea6643237f','2025-06-07 15:14:13',0,NULL,125,NULL,1,'AnonymousSession',NULL),
('2024-06-07 11:14:13.379854','2024-06-07 11:14:13.000000','a9f08bf2d7b6413d174ffb0ff27d4fe973dc9e05e329a3aa15513d27987fcbbb','2025-06-07 15:14:13',0,NULL,126,NULL,1,'AnonymousSession',NULL),
('2024-06-07 11:14:30.793814','2024-06-07 11:14:30.000000','1508268392da05c846c67f2def4a69976b84580e64732a7a2c3966a4619e289d','2025-06-07 15:14:30',0,NULL,127,NULL,1,'AnonymousSession',NULL),
('2024-06-07 11:14:30.790311','2024-06-07 11:14:30.000000','df3740514ae59784ade19d899879d70c0d45b77c6b6118285e888a5d204fb2f8','2025-06-07 15:14:30',0,NULL,128,NULL,1,'AnonymousSession',NULL),
('2024-06-07 11:14:51.999505','2024-06-07 11:14:52.000000','f2c2ee53737f979e3410704bc7eb2a62efe192d3352f470f9a3adca11e3bc50c','2025-06-07 15:14:51',0,NULL,129,NULL,1,'AnonymousSession',NULL),
('2024-06-07 11:14:52.055453','2024-06-07 11:14:52.000000','1df46ddad0be44c969d7930bb61d9b5a9a75b5366ad17762c32a5ee2b38a3f38','2025-06-07 15:14:51',0,NULL,130,NULL,1,'AnonymousSession',NULL),
('2024-06-07 11:16:04.368046','2024-06-07 11:16:04.000000','d5aa2a9c731d9bc82151c3858eeca4d9b7e59c83def5d92be1cb7ee76f0cae4b','2025-06-07 15:16:04',0,NULL,131,NULL,1,'AnonymousSession',NULL),
('2024-06-07 11:16:04.367870','2024-06-07 11:16:04.000000','010ee45b74a756d662857c891d4d47a645d3900083637dca0ade5cbf6b9386b6','2025-06-07 15:16:04',0,NULL,132,NULL,1,'AnonymousSession',NULL),
('2024-06-07 11:16:14.933239','2024-06-07 11:16:14.000000','8de18133b0f4c5e9b23455d0ee18ef97baccfa32623f0cad44923901dbd9651d','2025-06-07 15:16:14',0,NULL,133,NULL,1,'AnonymousSession',NULL),
('2024-06-07 11:16:14.936237','2024-06-07 11:16:14.000000','7a9d8558c6b524b5f033dd53d97dca5ec1f1c8bc641738d20ed6066bea010612','2025-06-07 15:16:14',0,NULL,134,NULL,1,'AnonymousSession',NULL),
('2024-06-07 11:17:07.773361','2024-06-07 11:17:07.000000','db281add5c80cbedb6d496051b848f2fb3b6cdfbf21ad8a4227561347547fdf5','2025-06-07 15:17:07',0,NULL,135,NULL,1,'AnonymousSession',NULL),
('2024-06-07 11:17:07.772343','2024-06-07 11:17:07.000000','12f9d70a3ecf41c4315489d7d74dc929e4f3bb263ee251ea84eeea7d72ffea08','2025-06-07 15:17:07',0,NULL,136,NULL,1,'AnonymousSession',NULL),
('2024-06-07 11:17:25.873619','2024-06-07 11:17:25.000000','79b8c9534f45c9cca04a5d45e8bcbb8aea89d9ddf0de5bee59d2ba54787fd032','2025-06-07 15:17:25',0,NULL,137,NULL,1,'AnonymousSession',NULL),
('2024-06-07 11:17:25.874383','2024-06-07 11:17:25.000000','a0b3e86cd94da81a9b315049920c49b652dbd779c7549d7eb6ca36c29340fb31','2025-06-07 15:17:25',0,NULL,138,NULL,1,'AnonymousSession',NULL),
('2024-06-07 11:40:20.108428','2024-06-07 11:40:21.000000','2a15234f6d808892d5b4138122e968b093c4825c7cabf33a134256a6f024aee8','2025-06-07 15:40:19',0,NULL,139,NULL,1,'AnonymousSession',NULL),
('2024-06-07 11:40:20.110024','2024-06-07 11:40:21.000000','afc8708748d47d6d90eedb3c12f35c6f6af9863a3c69b8b6e25c76c6d51d1d49','2025-06-07 15:40:20',0,NULL,140,NULL,1,'AnonymousSession',NULL),
('2024-06-07 11:43:41.848364','2024-06-07 11:43:42.000000','71c7e7bd879e048d76517770544329bda67b0de231ef429dc89f80c6c346776f','2025-06-07 15:43:41',0,NULL,141,NULL,1,'AnonymousSession',NULL),
('2024-06-07 11:43:41.845993','2024-06-07 11:43:42.000000','621b48c547ba9a2ba51482fb24229fd959cf3458865c7c86617c07f9bf50d939','2025-06-07 15:43:41',0,NULL,142,NULL,1,'AnonymousSession',NULL),
('2024-06-07 11:45:58.427433','2024-06-07 11:45:58.000000','1e63772f397471685beed1d740b8064023adc5a614c30e4a3ddf674f5fe7c325','2025-06-07 15:45:58',0,NULL,143,NULL,1,'AnonymousSession',NULL),
('2024-06-07 11:45:58.427614','2024-06-07 11:45:58.000000','f14482a464ab4da500039ba531ad9866338bfa78804018f03ccf4ab99eed8c8d','2025-06-07 15:45:58',0,NULL,144,NULL,1,'AnonymousSession',NULL),
('2024-06-07 11:55:07.080713','2024-06-07 11:55:07.000000','43984725a44174b75b9410499ee0c2eedb088535964b8c0f0027b707b094c351','2025-06-07 15:55:06',0,NULL,145,NULL,1,'AnonymousSession',NULL),
('2024-06-07 11:55:07.081307','2024-06-07 11:55:07.000000','bc023b9c70683b307f7d6b21db067b108a2773a816be40a82be646cda2823291','2025-06-07 15:55:07',0,NULL,146,NULL,1,'AnonymousSession',NULL),
('2024-06-07 11:56:12.145775','2024-06-07 11:56:12.000000','437aa2a2b21a39ed868fee74b5cc0e7c9bc6fd63ec4891db2ff84005b1d138c0','2025-06-07 15:56:12',0,NULL,147,NULL,1,'AnonymousSession',NULL),
('2024-06-07 11:56:12.145281','2024-06-07 11:56:12.000000','2bf446dd321fc527478510e879d457e025d924450a1c65568e343f30fe15d57e','2025-06-07 15:56:12',0,NULL,148,NULL,1,'AnonymousSession',NULL),
('2024-06-07 11:56:52.684326','2024-06-07 11:56:52.000000','91992df8e91f71c9fc6fb5852d4d6dd70baaf46519c35a0ba5fafd7fb7c5fef4','2025-06-07 15:56:52',0,NULL,149,NULL,1,'AnonymousSession',NULL),
('2024-06-07 11:56:52.686574','2024-06-07 11:56:52.000000','b30cf6f02569c0e79c91d8fc9b33a624960fd93a0c1d95d2f5292e7aa62efd61','2025-06-07 15:56:52',0,NULL,150,NULL,1,'AnonymousSession',NULL),
('2024-06-07 12:04:45.055523','2024-06-07 12:04:45.000000','b20ecd728ca03e3875dbfd177d846cd63f7c19cb5980a800d344ad660a31f9fe','2025-06-07 16:04:45',0,NULL,151,NULL,1,'AnonymousSession',NULL),
('2024-06-07 12:04:45.055254','2024-06-07 12:04:45.000000','d120e7bf11b11e3a0f580b067f1fb788f5347d1b57a7c9f3116f6b29d2e6eefb','2025-06-07 16:04:45',0,NULL,152,NULL,1,'AnonymousSession',NULL),
('2024-06-07 12:07:30.145874','2024-06-07 12:07:30.000000','8139d461289f8d7bc011d268e0ba86ce5e1f2281ffbcc9e8fd3cfe9910112b9b','2025-06-07 16:07:30',0,NULL,153,NULL,1,'AnonymousSession',NULL),
('2024-06-07 12:07:30.143174','2024-06-07 12:07:30.000000','5140495a87932435939e23116863a4944dea402d45e986a729d4e9f98b8829c0','2025-06-07 16:07:30',0,NULL,154,NULL,1,'AnonymousSession',NULL),
('2024-06-07 12:08:53.312564','2024-06-07 12:08:53.000000','abc6fa8cef3e18b96ef0a91bf52d907b6732298b6ee24fa9ae4310352a2646d7','2025-06-07 16:08:53',0,NULL,155,NULL,1,'AnonymousSession',NULL),
('2024-06-07 12:08:53.313119','2024-06-07 12:08:53.000000','bcf86083b29beee73159be5e42022322a66923ef9994843414d5fc8bad3fc53e','2025-06-07 16:08:53',0,NULL,156,NULL,1,'AnonymousSession',NULL),
('2024-06-07 12:16:56.906747','2024-06-07 12:16:56.000000','beee463350aa0602cc0f80826fb853048e5aec37766e11b3ee31a28a8d9d1a5d','2025-06-07 16:16:56',0,NULL,157,NULL,1,'AnonymousSession',NULL),
('2024-06-07 12:16:56.909563','2024-06-07 12:16:56.000000','2e171ef27b1dc6998277c6ce5a7010fbb63569af6038485ee12298839dd6a0a9','2025-06-07 16:16:56',0,NULL,158,NULL,1,'AnonymousSession',NULL),
('2024-06-07 12:19:13.851542','2024-06-07 12:19:14.000000','242016361fb8c45e0234f54711fa6004dbd952c7d4b05a08733c56850b0dc43d','2025-06-07 16:19:13',0,NULL,159,NULL,1,'AnonymousSession',NULL),
('2024-06-07 12:19:13.823970','2024-06-07 12:19:14.000000','21553ad606ec71eeb95b8416720d099d5d1d80be8100bea9a5ca9473b085325c','2025-06-07 16:19:13',0,NULL,160,NULL,1,'AnonymousSession',NULL),
('2024-06-07 12:19:27.454383','2024-06-07 12:19:27.000000','a19a5637bedf5ff707fdcc5b64c43341260be586a3653065076c50bb435a6fca','2025-06-07 16:19:27',0,NULL,161,NULL,1,'AnonymousSession',NULL),
('2024-06-07 12:19:27.457617','2024-06-07 12:19:27.000000','3981a805a5ea95a87071d987a82e875efa775ead5f8325955b17c60fa3a992e5','2025-06-07 16:19:27',0,NULL,162,NULL,1,'AnonymousSession',NULL),
('2024-06-07 12:19:49.800792','2024-06-07 12:19:49.000000','852a177152c3d25a123f0a413f21b7bf74cb45865b87829e3e75482d97e60780','2025-06-07 16:19:49',0,NULL,163,NULL,1,'AnonymousSession',NULL),
('2024-06-07 12:19:49.801353','2024-06-07 12:19:49.000000','63869a68491d00e7a568a9acee59053ed1cffe96415a0ab342e60c7d1c91c02b','2025-06-07 16:19:49',0,NULL,164,NULL,1,'AnonymousSession',NULL),
('2024-06-07 12:20:52.318313','2024-06-07 12:20:52.000000','5fc523c4fad37cd5397de07162d694a19070cc84650c692d99caec986bd18826','2025-06-07 16:20:52',0,NULL,165,NULL,1,'AnonymousSession',NULL),
('2024-06-07 12:20:52.324997','2024-06-07 12:20:52.000000','73bde8105415fe006d2b5a072268d74e9d9c66130483c67da0865594013d107f','2025-06-07 16:20:52',0,NULL,166,NULL,1,'AnonymousSession',NULL),
('2024-06-07 12:23:33.752710','2024-06-07 12:23:33.000000','0f51fb347df5bb3407d9f35fd04d802fd413de3e2a1f9628a49fc775027e2e7a','2025-06-07 16:23:33',0,NULL,167,NULL,1,'AnonymousSession',NULL),
('2024-06-07 12:23:33.749697','2024-06-07 12:23:33.000000','39a44fd84a595b16d4def8f375e2b0a213aad4fb7a69932cbb0744599dd739eb','2025-06-07 16:23:33',0,NULL,168,NULL,1,'AnonymousSession',NULL),
('2024-06-07 12:24:41.776977','2024-06-07 12:24:41.000000','6cf37f6ef6671c2fa5f0277c3d0e7f056107908beef11889f0a62a0e8db63c4c','2025-06-07 16:24:41',0,NULL,169,NULL,1,'AnonymousSession',NULL),
('2024-06-07 12:24:41.803474','2024-06-07 12:24:41.000000','b06026f4d348fd52ff621fc15c1db7c0e1eaa0eca2e2e956f793715d54bb9837','2025-06-07 16:24:41',0,NULL,170,NULL,1,'AnonymousSession',NULL),
('2024-06-07 12:25:51.407537','2024-06-07 12:25:51.000000','0b61b01982174d1854eae68c380d1e0a417755fe3d7f2cd3558c7e3145d78b1b','2025-06-07 16:25:51',0,NULL,171,NULL,1,'AnonymousSession',NULL),
('2024-06-07 12:25:51.404707','2024-06-07 12:25:51.000000','e65838dc02ec8706736a6df1f2494ee80d19138268168a0f41af58e721c19a6e','2025-06-07 16:25:51',0,NULL,172,NULL,1,'AnonymousSession',NULL),
('2024-06-07 12:31:43.795131','2024-06-07 12:31:43.000000','742b3d21681e08fe09c5105592e7dd7ad2626a474bd871ffeff53276cb8ca951','2025-06-07 16:31:43',0,NULL,173,NULL,1,'AnonymousSession',NULL),
('2024-06-07 12:31:43.793035','2024-06-07 12:31:43.000000','3882886cacd82943100274f7e68153f233b33da18387ee9c365c3f224b3ea7c9','2025-06-07 16:31:43',0,NULL,174,NULL,1,'AnonymousSession',NULL),
('2024-06-07 12:33:21.238855','2024-06-07 12:33:21.000000','afd11c65df2743d2f1776050a13fdcde27ad13cce40d4f8a388702a57c5bbc29','2025-06-07 16:33:21',0,NULL,175,NULL,1,'AnonymousSession',NULL),
('2024-06-07 12:33:21.241646','2024-06-07 12:33:21.000000','5daaf4c67736b37a6182920886f8409d701b66a105966ff5a5849b43875aa03a','2025-06-07 16:33:21',0,NULL,176,NULL,1,'AnonymousSession',NULL),
('2024-06-07 12:34:46.339197','2024-06-07 12:34:46.000000','bdb40a514780f6ca3438a7b1c78cad83c254269025a79dc4ab75efb85be8cedb','2025-06-07 16:34:46',0,NULL,177,NULL,1,'AnonymousSession',NULL),
('2024-06-07 12:34:46.340464','2024-06-07 12:34:46.000000','82ceb0be1ba7794382d0e3201ad53add8f1439d101809b789840b221fe7919ff','2025-06-07 16:34:46',0,NULL,178,NULL,1,'AnonymousSession',NULL),
('2024-06-07 12:36:18.493843','2024-06-07 12:36:18.000000','ec1c6998a39ba38752c4373ecc5598ac3efa351bb3bf589b7dc4df12858df74b','2025-06-07 16:36:18',0,NULL,179,NULL,1,'AnonymousSession',NULL),
('2024-06-07 12:36:18.532791','2024-06-07 12:36:18.000000','9714c1012b984f2fcd346773aa98a76191ad26aa69d6516910d6fd57538faca2','2025-06-07 16:36:18',0,NULL,180,NULL,1,'AnonymousSession',NULL),
('2024-06-07 12:40:24.660020','2024-06-07 12:40:24.000000','0048a885aaecfb1187f27454403e7b506adefb4baa5596d09caf60566beabc58','2025-06-07 16:40:24',0,NULL,181,NULL,1,'AnonymousSession',NULL),
('2024-06-07 12:40:24.659867','2024-06-07 12:40:24.000000','3c12179744765b06dba92bc2489c183ad35cad99c22e5f8d84852b70fa8bff5e','2025-06-07 16:40:24',0,NULL,182,NULL,1,'AnonymousSession',NULL),
('2024-06-07 12:45:05.849775','2024-06-07 12:45:05.000000','06bdc84235d97455d995cb90c5266d9fef099de14f1a821da9f890be48d56721','2025-06-07 16:45:05',0,NULL,183,NULL,1,'AnonymousSession',NULL),
('2024-06-07 12:45:05.849380','2024-06-07 12:45:05.000000','c25f6267d014fb329ecd6ecd608902fb4864444fec870efd265143edd828b942','2025-06-07 16:45:05',0,NULL,184,NULL,1,'AnonymousSession',NULL),
('2024-06-07 12:46:57.145719','2024-06-07 12:46:57.000000','fc5e604ad330c77ccf976e956049c7607e25391ec1321ebca02e62afab1b94bd','2025-06-07 16:46:57',0,NULL,185,NULL,1,'AnonymousSession',NULL),
('2024-06-07 12:46:57.147654','2024-06-07 12:46:57.000000','af6ca08283b2b1d2965e9d5321e2278d8e97f85276358996167659ab3f28143a','2025-06-07 16:46:57',0,NULL,186,NULL,1,'AnonymousSession',NULL),
('2024-06-07 12:47:22.590669','2024-06-07 12:47:22.000000','5c30e878f46f7f089baf222636d272735a6040e4696237180db989d703b42b29','2025-06-07 16:47:22',0,NULL,187,NULL,1,'AnonymousSession',NULL),
('2024-06-07 12:47:22.593438','2024-06-07 12:47:22.000000','0ee873314ff757ac5565f9895a5964ecce0d29264b2757b20f59d32d4e434613','2025-06-07 16:47:22',0,NULL,188,NULL,1,'AnonymousSession',NULL),
('2024-06-07 12:47:42.277567','2024-06-07 12:47:42.000000','890e1f49bc6a4176f27ba0472d2ff37b074d02805ce39a4f9a6c7c3dfe647f2d','2025-06-07 16:47:42',0,NULL,189,NULL,1,'AnonymousSession',NULL),
('2024-06-07 12:47:42.279472','2024-06-07 12:47:42.000000','85cdde041e49c8d8c547e92b7879e4b5099fd2a61c948a7a0dd2b36fde9ddb9a','2025-06-07 16:47:42',0,NULL,190,NULL,1,'AnonymousSession',NULL),
('2024-06-07 12:49:45.915629','2024-06-07 12:49:46.000000','6e533296ebe63c3d6f80db80c0e4c4e4ef59db0f08486b351250b52c1fffcd79','2025-06-07 16:49:45',0,NULL,191,NULL,1,'AnonymousSession',NULL),
('2024-06-07 12:49:45.914801','2024-06-07 12:49:46.000000','f7ad2a6b17f32df6df26e59e1851e2edbfb9a90492a2007a37ea3c511666d026','2025-06-07 16:49:45',0,NULL,192,NULL,1,'AnonymousSession',NULL),
('2024-06-07 12:57:01.785402','2024-06-07 12:57:01.000000','e1131dc8d88c31f29e4496c5d5a5c4467db752eacfdbe5e4b57e4521a7ec721f','2025-06-07 16:57:01',0,NULL,193,NULL,1,'AnonymousSession',NULL),
('2024-06-07 12:57:01.787335','2024-06-07 12:57:01.000000','fd043924cba9768ca61cf735afc93f65b950e0cf930c70831ef15a79cc7c179e','2025-06-07 16:57:01',0,NULL,194,NULL,1,'AnonymousSession',NULL),
('2024-06-07 12:58:27.251477','2024-06-07 12:58:27.000000','99337957a2788d9cee6dbc2f5bc0adbf9c44b454ba823316c40e9a447beafaba','2025-06-07 16:58:27',0,NULL,195,NULL,1,'AnonymousSession',NULL),
('2024-06-07 12:58:27.251256','2024-06-07 12:58:27.000000','d76c612c578205a85f1ca3ef792bb1285902a250333517329e140ef4f61fd202','2025-06-07 16:58:27',0,NULL,196,NULL,1,'AnonymousSession',NULL),
('2024-06-07 12:59:56.706820','2024-06-07 12:59:56.000000','a37ec203bcdafc8e57afa46c9049fc576571a4e9a42992d055d88abc12f3ef0a','2025-06-07 16:59:56',0,NULL,197,NULL,1,'AnonymousSession',NULL),
('2024-06-07 12:59:56.707535','2024-06-07 12:59:56.000000','4caf2d993da00060ecb86eee0c1090b5422f3893ccdd0070e3d85c25bd63fd87','2025-06-07 16:59:56',0,NULL,198,NULL,1,'AnonymousSession',NULL),
('2024-06-07 13:01:28.583919','2024-06-07 13:01:28.000000','5d0af216b10960529107f7050dcdd0624a6c9fa6df0eff38fe9d150d1a4f45b3','2025-06-07 17:01:28',0,NULL,199,NULL,1,'AnonymousSession',NULL),
('2024-06-07 13:01:28.585403','2024-06-07 13:01:28.000000','acf420f02f5d7befc48d4536122422031bf8aab5e4eab425613e94e225425624','2025-06-07 17:01:28',0,NULL,200,NULL,1,'AnonymousSession',NULL),
('2024-06-07 13:10:32.159403','2024-06-07 13:10:32.000000','994eb590a5704b447b58b5138f2851402e50614566d5984d6247e58496bfaab1','2025-06-07 17:10:32',0,NULL,201,NULL,1,'AnonymousSession',NULL),
('2024-06-07 13:10:32.162633','2024-06-07 13:10:32.000000','9e2cddb8986901983090ffe07d6b7b9dc03af19414221d011ab3e8fd5270c34f','2025-06-07 17:10:32',0,NULL,202,NULL,1,'AnonymousSession',NULL),
('2024-06-07 13:11:05.763249','2024-06-07 13:11:05.000000','f4f43b6c0009d8770503860cbb415bdc3353dbd1cd2142b22107c2a639f9f0b4','2025-06-07 17:11:05',0,NULL,203,NULL,1,'AnonymousSession',NULL),
('2024-06-07 13:11:05.813950','2024-06-07 13:11:05.000000','666b047447c31561c04115ecdf829dc0999691ffab2b9b771638807ecf98d9a5','2025-06-07 17:11:05',0,NULL,204,NULL,1,'AnonymousSession',NULL),
('2024-06-07 13:11:44.969334','2024-06-07 13:11:45.000000','e7ba9b51fd7fe43f6f2e7354c1bad52c401e33eedd97f8bc7cc359613b920c3d','2025-06-07 17:11:44',0,NULL,205,NULL,1,'AnonymousSession',NULL),
('2024-06-07 13:11:44.976950','2024-06-07 13:11:45.000000','0f3447561ba16811b9cad8fe19c43020a657f12597e9c63d8ec4c00901d0092c','2025-06-07 17:11:44',0,NULL,206,NULL,1,'AnonymousSession',NULL),
('2024-06-07 13:12:19.412696','2024-06-07 13:12:19.000000','c69b6c1921b7f740663c3ff374c809b2584e1dd00ac0c99f73b26b0ca9db9098','2025-06-07 17:12:19',0,NULL,207,NULL,1,'AnonymousSession',NULL),
('2024-06-07 13:12:19.420632','2024-06-07 13:12:19.000000','ce37437fb0448dba6748a27347388290e18376853e249569a687f6017f358142','2025-06-07 17:12:19',0,NULL,208,NULL,1,'AnonymousSession',NULL),
('2024-06-07 13:12:33.246535','2024-06-07 13:12:33.000000','cf74457c95a99f12c9e4f3c274f7f86c4b0ca05169e69f2171bd550247479581','2025-06-07 17:12:33',0,NULL,209,NULL,1,'AnonymousSession',NULL),
('2024-06-07 13:12:33.248138','2024-06-07 13:12:33.000000','c769a66f0340fbd49dc036b5aa5ba33efa76f9e4167dac7c9ef6dcb3c2fde50b','2025-06-07 17:12:33',0,NULL,210,NULL,1,'AnonymousSession',NULL),
('2024-06-07 13:14:38.602744','2024-06-07 13:14:38.000000','afb6b073e7827db773ecfbf6a0c13847e0581684e82fe9251027b6a5622841eb','2025-06-07 17:14:38',0,NULL,211,NULL,1,'AnonymousSession',NULL),
('2024-06-07 13:14:38.663222','2024-06-07 13:14:38.000000','095079dfae19cc76ba45446bf29b9e276319ee0aeb533e4b382cf2bca7f6eb69','2025-06-07 17:14:38',0,NULL,212,NULL,1,'AnonymousSession',NULL),
('2024-06-07 13:14:55.992986','2024-06-07 13:14:56.000000','ff879a30e901a4206fea832a3fd454ae8beee2888d21b626cf6b59218bee96c3','2025-06-07 17:14:55',0,NULL,213,NULL,1,'AnonymousSession',NULL),
('2024-06-07 13:14:55.993728','2024-06-07 13:14:56.000000','0d05ce86c6bad9122a76c533e37cc7fb49a579e1ca48b04b366b6c96feb930ee','2025-06-07 17:14:55',0,NULL,214,NULL,1,'AnonymousSession',NULL),
('2024-06-07 13:15:21.496060','2024-06-07 13:15:21.000000','e5fa8a825e7c644132c94bc32677298fc4133a2e9cab136b1290587e5c9dfe3c','2025-06-07 17:15:21',0,NULL,215,NULL,1,'AnonymousSession',NULL),
('2024-06-07 13:15:21.513271','2024-06-07 13:15:21.000000','8d3c1becfd57ec1a1ad105e3be4aa099f149f745b16bf63f935a008810d39f9a','2025-06-07 17:15:21',0,NULL,216,NULL,1,'AnonymousSession',NULL),
('2024-06-07 13:21:04.295379','2024-06-07 13:21:04.000000','497697b9f6d8454108669fb73faa198a2badfb995e513bddf7aa15868fc5dca5','2025-06-07 17:21:04',0,NULL,217,NULL,1,'AnonymousSession',NULL),
('2024-06-07 13:21:04.280329','2024-06-07 13:21:04.000000','0ca11c73e13081fd209d213fb505d7ae158e50ce7bdba39ee7049568a6c8499d','2025-06-07 17:21:04',0,NULL,218,NULL,1,'AnonymousSession',NULL),
('2024-06-07 14:10:44.921551','2024-06-07 14:10:44.000000','4449b8123dbf57b85b96a74c0ab3ef92c04257554ddce408f540c04454bbaf03','2025-06-07 18:10:44',0,NULL,221,NULL,1,'AnonymousSession',NULL),
('2024-06-07 14:10:44.921336','2024-06-07 14:10:44.000000','2d4deaae058cf28fc30c04108563d735fda2168f4365d19f5ecccd20bc711f1b','2025-06-07 18:10:44',0,NULL,222,NULL,1,'AnonymousSession',NULL),
('2024-06-07 14:10:44.922935','2024-06-07 14:10:44.000000','4c553a1d04210f8eee95522793118ff647366d2c42a6bb0dafa5e2705b28b72b','2025-06-07 18:10:44',0,NULL,223,NULL,1,'AnonymousSession',NULL),
('2024-06-07 14:11:23.900956','2024-06-07 14:11:24.000000','efb74617688980e0cb07f4f65dba6ec837eccaf0bddc030c78bd710ac20ce420','2025-06-07 18:11:23',0,NULL,224,NULL,1,'AnonymousSession',NULL),
('2024-06-07 14:12:09.651523','2024-06-07 14:12:09.000000','52d86bbbda7fb2a58f6d6ec8ffdfaa50e9e27fb819da4614eeeec3701d5fda3c','2025-06-07 18:12:09',0,NULL,225,NULL,1,'AnonymousSession',NULL),
('2024-06-07 14:12:09.654261','2024-06-07 14:12:09.000000','248e79a3738ad71a84ec926876e9a32517a252f438ad35bc4da39dd6508303be','2025-06-07 18:12:09',0,NULL,226,NULL,1,'AnonymousSession',NULL),
('2024-06-07 14:12:09.656342','2024-06-07 14:12:09.000000','38de0587426ad321ba2872d79846f15f6cf682dd8c2e0a04a5efd089a06496e9','2025-06-07 18:12:09',0,NULL,227,NULL,1,'AnonymousSession',NULL),
('2024-06-10 08:01:26.561056','2024-06-10 08:01:26.000000','21fb45fe04ecdc64b7b43bbec67d35c9226b2a9ceef1f2c32071363aa27a0e1b','2025-06-10 12:01:26',0,NULL,228,NULL,1,'AnonymousSession',NULL),
('2024-06-10 08:01:26.561394','2024-06-10 08:01:26.000000','75782f1c4d4db148034660b8e2facea82aea9d25b66e9d713547ab76ea987a3e','2025-06-10 12:01:26',0,NULL,229,NULL,1,'AnonymousSession',NULL),
('2024-06-10 08:02:25.053246','2024-06-10 08:02:25.000000','bdab0499e897913a9f0629747e65c7ca3a3d0dc2cd715e5e0ebd74e19933a0ac','2025-06-10 12:02:25',0,NULL,230,NULL,1,'AnonymousSession',NULL),
('2024-06-10 08:02:25.056011','2024-06-10 08:02:25.000000','94748b1ec7a2a337f7cf0457eeaa6a6c63b8399b25b969e63bf9113e7429d54b','2025-06-10 12:02:25',0,NULL,231,NULL,1,'AnonymousSession',NULL),
('2024-06-10 08:02:57.193980','2024-06-10 08:02:57.000000','add12cd2382dd3f0e277091275e4be2ce748f1261690474f0f248ac1edf6bae8','2025-06-10 12:02:57',0,NULL,232,NULL,1,'AnonymousSession',NULL),
('2024-06-10 08:02:57.204933','2024-06-10 08:02:57.000000','4e3fa426a035efb54d1271ed1ccbbb6741ee0b4792c95b11e3163fcc81952c6d','2025-06-10 12:02:57',0,NULL,233,NULL,1,'AnonymousSession',NULL),
('2024-06-10 08:03:19.351811','2024-06-10 08:03:19.000000','fa16b625537fb12b193ed75a1535a7e7c49a1c74c1753f5b4bd96e9e2d28da14','2025-06-10 12:03:19',0,NULL,234,NULL,1,'AnonymousSession',NULL),
('2024-06-10 08:03:19.351985','2024-06-10 08:03:19.000000','c4e6cc6fe5db12d10d3bf64542403c0d6181a62cb9b14acb0ddf57734ad12d60','2025-06-10 12:03:19',0,NULL,235,NULL,1,'AnonymousSession',NULL),
('2024-06-10 08:03:29.277454','2024-06-10 08:03:29.000000','42f4c425da4628f21f7748bd0661eecb097887e67fa32877758d89d82a1b2a30','2025-06-10 12:03:29',0,NULL,236,NULL,1,'AnonymousSession',NULL),
('2024-06-10 08:03:29.278016','2024-06-10 08:03:29.000000','e4de952ea9e470b4b3afce46f4d6159b82f18f23712309f26f6c5b9636278d7a','2025-06-10 12:03:29',0,NULL,237,NULL,1,'AnonymousSession',NULL),
('2024-06-10 08:33:39.820611','2024-06-10 08:33:39.000000','87fd10a99ccb4da4bf4790da5cbbf68c27dac1f410e4d142f2adc46d6c1ff450','2025-06-10 12:33:39',0,NULL,238,NULL,1,'AnonymousSession',NULL),
('2024-06-10 08:33:39.821005','2024-06-10 08:33:39.000000','e837a21849736f09dda0eb12cc14f487122018ce2f7bbe7aa3aef7376c7a7a07','2025-06-10 12:33:39',0,NULL,239,NULL,1,'AnonymousSession',NULL),
('2024-06-10 08:36:08.031774','2024-06-10 08:36:08.000000','ff0963c6c157fc821f0a0fa0a55c3a13af498e4f5530d260881eb606e8dc3b1d','2025-06-10 12:36:08',0,NULL,240,NULL,1,'AnonymousSession',NULL),
('2024-06-10 08:36:08.032304','2024-06-10 08:36:08.000000','acfc9d06ddd2403967232b12eb2f769d6a005aa0f22f85425b00ce8b58e5b774','2025-06-10 12:36:08',0,NULL,241,NULL,1,'AnonymousSession',NULL),
('2024-06-10 08:48:56.199613','2024-06-10 08:48:56.000000','e3efff6c7cdc2ffec3eca723180963d4e5a86379cf23538d5fd14304ef5094f3','2025-06-10 12:48:56',0,NULL,243,NULL,1,'AnonymousSession',NULL),
('2024-06-10 08:48:56.203433','2024-06-10 08:48:56.000000','a812a96c6f0a49080e9de283bc1762bf8cd4d33f4f0a111c6f0aeb1fbc0a8b0a','2025-06-10 12:48:56',0,NULL,244,NULL,1,'AnonymousSession',NULL),
('2024-06-10 08:49:49.569694','2024-06-10 08:49:49.000000','68b8d6945b7a87a3533a99b023c4833ba5593ab6971d46273ab7f19ce9291f5a','2025-06-10 12:49:49',0,NULL,245,NULL,1,'AnonymousSession',NULL),
('2024-06-10 08:49:49.569840','2024-06-10 08:49:49.000000','0c29c8d9e500eaa512ad9d4ae6a7885cba448caee9fc39303f1d1a3ac85443a5','2025-06-10 12:49:49',0,NULL,246,NULL,1,'AnonymousSession',NULL),
('2024-06-10 08:50:58.372063','2024-06-10 08:50:58.000000','e601e49a6880e0a4e84590e1cc43eaa907fffaaed69d4f9babec8db7639b0c32','2025-06-10 12:50:58',0,NULL,248,NULL,1,'AnonymousSession',NULL),
('2024-06-10 08:50:58.372263','2024-06-10 08:50:58.000000','4bd1cbf9a6b5682210d9ddcb531bb50d6223adf10e25935962bdc7ab3372733f','2025-06-10 12:50:58',0,NULL,249,NULL,1,'AnonymousSession',NULL),
('2024-06-10 08:58:27.602158','2024-06-10 08:58:27.000000','c55f7adb429faab7837dc848f1f2487497f3a7e96aa64af891400e3eea34b133','2025-06-10 12:58:27',0,NULL,250,NULL,1,'AnonymousSession',NULL),
('2024-06-10 08:58:27.600858','2024-06-10 08:58:27.000000','f7da05521dfb8a6618a560d22a58dd808089bf897eb78bcf2413e581685bbad7','2025-06-10 12:58:27',0,NULL,251,NULL,1,'AnonymousSession',NULL),
('2024-06-10 09:01:31.218439','2024-06-10 09:01:31.000000','cc842f6df23fb83feea0aa6b81e7790af20d6fd12beefdf00395d3b6a18195b4','2025-06-10 13:01:30',0,NULL,253,NULL,1,'AnonymousSession',NULL),
('2024-06-10 09:01:31.216788','2024-06-10 09:01:31.000000','007fffccfb7e60a3bdc57dcb0c2797b4b4acb7c0b45ecf2b220a7713f7edf6ab','2025-06-10 13:01:30',0,NULL,254,NULL,1,'AnonymousSession',NULL),
('2024-06-10 09:01:31.431135','2024-06-10 09:01:31.000000','a584be031d54ad4592a43d7b527f6ab881a086a28e0a6d6762a7ecbd7d716656','2025-06-10 13:01:31',0,NULL,255,NULL,1,'AnonymousSession',NULL),
('2024-06-10 09:01:31.436573','2024-06-10 09:01:31.000000','e743203327934bd38c4cea4cb862f1be856557467e426add3baa8cedac7c2546','2025-06-10 13:01:31',0,NULL,256,NULL,1,'AnonymousSession',NULL),
('2024-06-10 09:03:56.882552','2024-06-10 09:03:56.000000','2ce0681d97d7c73f5eb0652effe1eb81608a633c12ce19a410d137e3c980e861','2025-06-10 13:03:56',0,NULL,258,NULL,1,'AnonymousSession',NULL),
('2024-06-10 09:03:56.882483','2024-06-10 09:03:56.000000','9522337601295a529c49c1f17a25ca21bbd2e6231a5b4de461e0de5e5ee30477','2025-06-10 13:03:56',0,NULL,259,NULL,1,'AnonymousSession',NULL),
('2024-06-10 09:47:01.253195','2024-06-10 09:47:01.000000','ab9ba1d4ff34c5905d1d24f3c95b3d0649579459b4c2ade4e7665cb244f9babc','2025-06-10 13:47:01',0,NULL,260,NULL,1,'AnonymousSession',NULL),
('2024-06-10 09:47:01.254666','2024-06-10 09:47:01.000000','5512a486be821fdec22e109b4bb95f059ee6e993ade7c5857ce5ed1b7ddcfd77','2025-06-10 13:47:01',0,NULL,261,NULL,1,'AnonymousSession',NULL),
('2024-06-10 10:00:56.543235','2024-06-10 10:00:56.000000','68b4e9a05940d26f1422a52c69ffcc41d3803074d013d252987fe50c3aeb4468','2025-06-10 14:00:56',0,NULL,262,NULL,1,'AnonymousSession',NULL),
('2024-06-10 10:00:56.543487','2024-06-10 10:00:56.000000','ba27e322657d82813e2eea36ebcf1acefef5fb784f7074a06cad0fc10432f3ad','2025-06-10 14:00:56',0,NULL,263,NULL,1,'AnonymousSession',NULL),
('2024-06-10 10:01:52.449202','2024-06-10 10:01:52.000000','f816398b3910d38177653c11f3fb4e31351340b1d6a16dd959979126547beffd','2025-06-10 14:01:52',0,NULL,264,NULL,1,'AnonymousSession',NULL),
('2024-06-10 10:01:52.447759','2024-06-10 10:01:52.000000','b7c27f8c8b9acdf6216073ba54f4150f0ee3ef713b0033669f3d0c1d4f1479a9','2025-06-10 14:01:52',0,NULL,265,NULL,1,'AnonymousSession',NULL),
('2024-06-10 10:02:15.517899','2024-06-10 10:02:15.000000','0714d34007a27be8952d3cc3f41305b89f6dab3bde8735df5024b4ab22d5f9ec','2025-06-10 14:02:15',0,NULL,266,NULL,1,'AnonymousSession',NULL),
('2024-06-10 10:02:15.514230','2024-06-10 10:02:15.000000','02cdace936c66631c03cbc85b6eda642882a5f199ed3bfcd2022d6111d0ac021','2025-06-10 14:02:15',0,NULL,267,NULL,1,'AnonymousSession',NULL),
('2024-06-10 10:02:29.400636','2024-06-10 10:02:29.000000','65ee39a8296d909a5645b4da0217148495068d4fc07f3914cf26e50fce211ea5','2025-06-10 14:02:29',0,NULL,268,NULL,1,'AnonymousSession',NULL),
('2024-06-10 10:02:29.409276','2024-06-10 10:02:29.000000','06a78df7d4a1fd50a767aae017847336f94a6e9e6ad094a1f0e6b80ccee938bb','2025-06-10 14:02:29',0,NULL,269,NULL,1,'AnonymousSession',NULL),
('2024-06-10 10:06:54.805849','2024-06-10 10:06:54.000000','dbcaa2e115fc55448c8d11f185b500a482220fe98e19b44b6601071481bc1665','2025-06-10 14:06:54',0,NULL,270,NULL,1,'AnonymousSession',NULL),
('2024-06-10 10:06:54.813402','2024-06-10 10:06:54.000000','352031b24425c7d6cd8fd1db94a19315601ba977e6ff79e28fb8f1a7c8d25925','2025-06-10 14:06:54',0,NULL,271,NULL,1,'AnonymousSession',NULL),
('2024-06-10 10:10:02.756934','2024-06-10 10:10:03.000000','ca9839e7dca06b24a8dedc929a3fd0b30dab36ffb9510ec0f0b449cfec13d67d','2025-06-10 14:10:02',0,NULL,272,NULL,1,'AnonymousSession',NULL),
('2024-06-10 10:10:02.758379','2024-06-10 10:10:03.000000','ff85c256ad170a8eb25206cb308caf94fa007f532c4736c144ff53ab7f2ca1b9','2025-06-10 14:10:02',0,NULL,273,NULL,1,'AnonymousSession',NULL),
('2024-06-10 10:12:38.669331','2024-06-10 10:12:38.000000','9285968faaac04aa659411a4ab007fb3652f7e43af1bef1485f79a02619f2d3c','2025-06-10 14:12:38',0,NULL,274,NULL,1,'AnonymousSession',NULL),
('2024-06-10 10:12:38.667094','2024-06-10 10:12:38.000000','bffb40f304e48259b2f7eb90043039c88c108efeae7e5b7406cd641b99aca15d','2025-06-10 14:12:38',0,NULL,275,NULL,1,'AnonymousSession',NULL),
('2024-06-10 10:20:25.329841','2024-06-10 10:20:25.000000','8872e633b7dd2955502f8b17ec8b781a5ac5a87b5117cd89cb18ed4b980f8945','2025-06-10 14:20:25',0,NULL,276,NULL,1,'AnonymousSession',NULL),
('2024-06-10 10:20:25.329192','2024-06-10 10:20:25.000000','512eb791721ae9520602353b571371abb482e7b071333bed65d810061488534d','2025-06-10 14:20:25',0,NULL,277,NULL,1,'AnonymousSession',NULL),
('2024-06-10 11:30:33.717809','2024-06-10 11:30:33.000000','9e2662b418eb5624ad20152c13a0325c2297fe43371fc28e71840717bbaa6a30','2025-06-10 15:30:33',0,NULL,278,NULL,1,'AnonymousSession',NULL),
('2024-06-10 11:30:33.704530','2024-06-10 11:30:33.000000','02543e1b5b97b75d66264dc1ffd4aa31685207fbd5b0b0fa91688cfb9fbbcac0','2025-06-10 15:30:33',0,NULL,279,NULL,1,'AnonymousSession',NULL),
('2024-06-10 11:30:55.686046','2024-06-10 11:30:55.000000','01532d048719ed9b377ac48f4255f96329a11c05e20c94b28741e87d33ab9905','2025-06-10 15:30:55',0,NULL,280,NULL,1,'AnonymousSession',NULL),
('2024-06-10 11:30:55.687581','2024-06-10 11:30:55.000000','b9b55647f048b2d1996806a12b544199cdae956cdba5db4480f0a40442b70d88','2025-06-10 15:30:55',0,NULL,281,NULL,1,'AnonymousSession',NULL),
('2024-06-10 11:31:10.477376','2024-06-10 11:31:10.000000','174a23d9251e8a627fbf9169331d27125bc14c2ed4eceaa6c465385a61e620a6','2025-06-10 15:31:10',0,NULL,282,NULL,1,'AnonymousSession',NULL),
('2024-06-10 11:31:10.477208','2024-06-10 11:31:10.000000','3388041a40e374727083607e8d78db6fe231fe15edc547fb96390e46846c1adc','2025-06-10 15:31:10',0,NULL,283,NULL,1,'AnonymousSession',NULL),
('2024-06-10 11:31:20.431844','2024-06-10 11:31:20.000000','b6e0161c2cb50898a9e81ff023cc95a1374bfd87eb28e815bbf6c31279d29977','2025-06-10 15:31:20',0,NULL,284,NULL,1,'AnonymousSession',NULL),
('2024-06-10 11:31:20.433433','2024-06-10 11:31:20.000000','8b4bc6cfdc530404e05d0e8355e1fc0addb353cbe4f9b2412fb232e20081675c','2025-06-10 15:31:20',0,NULL,285,NULL,1,'AnonymousSession',NULL),
('2024-06-10 11:31:29.868276','2024-06-10 11:31:29.000000','e1a58cb2b9d9f08232f4323f6837b2bd31b9be6f4289aa7b435746431254ff50','2025-06-10 15:31:29',0,NULL,286,NULL,1,'AnonymousSession',NULL),
('2024-06-10 11:31:29.868849','2024-06-10 11:31:29.000000','d907d15a40e7071b8d44aaec1b953e7f7d989906d6b40f77034beb16ac6eceb9','2025-06-10 15:31:29',0,NULL,287,NULL,1,'AnonymousSession',NULL),
('2024-06-10 11:31:38.719675','2024-06-10 11:31:38.000000','a5c1b0cf5658910222a4982c45a71a68b0665ce373534022ef082c94547aa2a3','2025-06-10 15:31:38',0,NULL,288,NULL,1,'AnonymousSession',NULL),
('2024-06-10 11:31:38.722583','2024-06-10 11:31:38.000000','30db029b6d8dff23fdd2b1c9ed12b5c4188bfb22634a7ef8fef6058aa8fcf35c','2025-06-10 15:31:38',0,NULL,289,NULL,1,'AnonymousSession',NULL),
('2024-06-10 11:31:44.249759','2024-06-10 11:31:44.000000','29a1db8cca69b73ae0d2c50bdc009597aaaf09c66ca5253181998ce4a9362e5e','2025-06-10 15:31:44',0,NULL,290,NULL,1,'AnonymousSession',NULL),
('2024-06-10 11:31:44.249840','2024-06-10 11:31:44.000000','f8d791da1af8d5613f60d0e2fcbdb1896670779c1fbf62489f86f330d047af42','2025-06-10 15:31:44',0,NULL,291,NULL,1,'AnonymousSession',NULL),
('2024-06-10 11:35:58.875853','2024-06-10 11:35:59.000000','748e1df63712da73b66421359e6d073e3aa8ce9a4e0db6996c98c3515dcd4fa9','2025-06-10 15:35:58',0,NULL,292,NULL,1,'AnonymousSession',NULL),
('2024-06-10 11:35:58.875854','2024-06-10 11:35:59.000000','67832427c85b0265679fb090d9b32d51f9315b3645007b337b565030af03ddff','2025-06-10 15:35:58',0,NULL,293,NULL,1,'AnonymousSession',NULL),
('2024-06-10 11:43:59.036364','2024-06-10 11:43:59.000000','43a364c23e30b2ab021c279f6c79fe02f4f1e9ab0e404eb38df419b2704a30dc','2025-06-10 15:43:59',0,NULL,294,NULL,1,'AnonymousSession',NULL),
('2024-06-10 11:43:59.035955','2024-06-10 11:43:59.000000','5a16acd562e3657ec578212cfbd02f4a943172e079c0bb57e44888df564d91fa','2025-06-10 15:43:59',0,NULL,295,NULL,1,'AnonymousSession',NULL),
('2024-06-10 11:45:35.415809','2024-06-10 11:45:35.000000','1bd8d6316cbf9b23dba9c52f5d56567f5cf795daa09ac2a8b9c4b3512c198232','2025-06-10 15:45:35',0,NULL,296,NULL,1,'AnonymousSession',NULL),
('2024-06-10 11:45:35.417504','2024-06-10 11:45:35.000000','893dcb1d2cdfe274be6fc39a01d8f5a65806aafb01346644c03ae3677742e0b6','2025-06-10 15:45:35',0,NULL,297,NULL,1,'AnonymousSession',NULL),
('2024-06-10 11:47:12.726960','2024-06-10 11:47:12.000000','d9cdb12582651a223932d5904ef56c618fc1a023923eb4e45ab05e19465bbd3f','2025-06-10 15:47:12',0,NULL,298,NULL,1,'AnonymousSession',NULL),
('2024-06-10 11:47:12.733117','2024-06-10 11:47:12.000000','709e3cd10f3586861dc892a073f0dcace0436301d884b3b73112a09f6d1d0bc4','2025-06-10 15:47:12',0,NULL,299,NULL,1,'AnonymousSession',NULL),
('2024-06-10 11:47:21.905937','2024-06-10 11:47:21.000000','1a5dc3c61a0a97e9be235408abe8a3b4136e1866f125a2524aa0aa1e6fcec4ee','2025-06-10 15:47:21',0,NULL,300,NULL,1,'AnonymousSession',NULL),
('2024-06-10 11:47:21.921847','2024-06-10 11:47:21.000000','833a6050a75c113fea41fd44a54a16ff710355d54eb587436388a2a86fcbe664','2025-06-10 15:47:21',0,NULL,301,NULL,1,'AnonymousSession',NULL),
('2024-06-10 11:47:38.664556','2024-06-10 11:47:38.000000','99cc0b829952df2499729e4df2f65f0cb01016007461de12f0d8407234153896','2025-06-10 15:47:38',0,NULL,302,NULL,1,'AnonymousSession',NULL),
('2024-06-10 11:47:38.695079','2024-06-10 11:47:38.000000','b58c1aa03d3c56cd7be2da0b45df17820e5600056529d49db9835750f5be6258','2025-06-10 15:47:38',0,NULL,303,NULL,1,'AnonymousSession',NULL),
('2024-06-10 11:50:59.537305','2024-06-10 11:50:59.000000','9813fdd164c46116f24711c6e39825b7808b9e8dc07ad73e9e02580c3cee7349','2025-06-10 15:50:59',0,NULL,304,NULL,1,'AnonymousSession',NULL),
('2024-06-10 11:50:59.538479','2024-06-10 11:50:59.000000','4d7a09ebab01c7c34335a08afe4af11e4203af767e6de39f7e5eee51d814c9f0','2025-06-10 15:50:59',0,NULL,305,NULL,1,'AnonymousSession',NULL),
('2024-06-10 11:57:23.685342','2024-06-10 11:57:23.000000','b18aa3d2c481dff4181df997dca7b7846ee8ea27b2ec1fc8e4ef425f5a7b977c','2025-06-10 15:57:23',0,NULL,306,NULL,1,'AnonymousSession',NULL),
('2024-06-10 11:57:23.684039','2024-06-10 11:57:23.000000','8d1fae3e54c11a438d1ac934bafdba98eceb39e5b4119a09588b7ce70d4767f5','2025-06-10 15:57:23',0,NULL,307,NULL,1,'AnonymousSession',NULL),
('2024-06-10 11:57:41.470494','2024-06-10 11:57:41.000000','cb9cd020a456836286eabf32975a7ab5b73f7d91365ec283d6af1dd06ffac3e8','2025-06-10 15:57:41',0,NULL,308,NULL,1,'AnonymousSession',NULL),
('2024-06-10 11:57:41.474374','2024-06-10 11:57:41.000000','ca87e6413af6aaa7843d7d9739194104399cbf4c4ddfb0e735f5a64b3696fe1a','2025-06-10 15:57:41',0,NULL,309,NULL,1,'AnonymousSession',NULL),
('2024-06-10 11:57:59.989620','2024-06-10 11:58:00.000000','91756e5e1e4a624ed948720e0caa01bf8f38b1759a1cbf12759f9bb3b159e1ab','2025-06-10 15:57:59',0,NULL,310,NULL,1,'AnonymousSession',NULL),
('2024-06-10 11:57:59.984673','2024-06-10 11:58:00.000000','5317980909b16c7cc87668dfb6ad6f4df1381d30891273f61391e264c0450226','2025-06-10 15:57:59',0,NULL,311,NULL,1,'AnonymousSession',NULL),
('2024-06-10 11:58:11.965634','2024-06-10 11:58:11.000000','16191656739ab3a873f402a4ac374c619f825cbca6f9aa47338531a55e819266','2025-06-10 15:58:11',0,NULL,312,NULL,1,'AnonymousSession',NULL),
('2024-06-10 11:58:11.965395','2024-06-10 11:58:11.000000','66c8dca131c3b55a1c2d31bc0281ec4d50c450a76917ccc4a75543bf2812d772','2025-06-10 15:58:11',0,NULL,313,NULL,1,'AnonymousSession',NULL),
('2024-06-10 11:58:28.502595','2024-06-10 11:58:28.000000','7ce3ae7b2a98dae176d1a8fd1dce4f4ee170ebd0110449e315dbfa471d80dc48','2025-06-10 15:58:28',0,NULL,314,NULL,1,'AnonymousSession',NULL),
('2024-06-10 11:58:28.505274','2024-06-10 11:58:28.000000','0f388d3d38d1a3244bd5433a24f391d5609fa30e47bba1d3a521ae90684d6b44','2025-06-10 15:58:28',0,NULL,315,NULL,1,'AnonymousSession',NULL),
('2024-06-10 11:58:52.816218','2024-06-10 11:58:52.000000','ec33b9fa28f7621b88dd747a235fdaee19cd5c106bba97d1173b1a859d55ef20','2025-06-10 15:58:52',0,NULL,316,NULL,1,'AnonymousSession',NULL),
('2024-06-10 11:58:52.816422','2024-06-10 11:58:52.000000','c2b183a35e8d64cbb09290066946673da2c685b145cab4166ebbe7032ea2a954','2025-06-10 15:58:52',0,NULL,317,NULL,1,'AnonymousSession',NULL),
('2024-06-10 11:59:00.422765','2024-06-10 11:59:00.000000','c8c7a6689e05d560ea7882258520255ab4932333e228f5f0885f0f106443594b','2025-06-10 15:59:00',0,NULL,318,NULL,1,'AnonymousSession',NULL),
('2024-06-10 11:59:00.423707','2024-06-10 11:59:00.000000','37a33f2a946c30cd91afa952272669b7584f9064d7400672669568c6aa63ea43','2025-06-10 15:59:00',0,NULL,319,NULL,1,'AnonymousSession',NULL),
('2024-06-10 11:59:06.078572','2024-06-10 11:59:06.000000','5f14ca3b3934a9328384860a7d8496f8fdfc1dec17e7f02dcab9abcf1ebac800','2025-06-10 15:59:06',0,NULL,320,NULL,1,'AnonymousSession',NULL),
('2024-06-10 11:59:06.078945','2024-06-10 11:59:06.000000','639c706fc5b026aeb2d4a57e7df2466918e500bdae64027f29ea61df11a18bfa','2025-06-10 15:59:06',0,NULL,321,NULL,1,'AnonymousSession',NULL),
('2024-06-10 11:59:10.277993','2024-06-10 11:59:10.000000','00e465387bf304aeda6576bb816d84f9c1e910bb451d66058b9b3157f5894f8f','2025-06-10 15:59:10',0,NULL,322,NULL,1,'AnonymousSession',NULL),
('2024-06-10 11:59:10.277827','2024-06-10 11:59:10.000000','4005811542429c8006c09e78013391c625c51b9bc0d3f75710c3a144b61e2136','2025-06-10 15:59:10',0,NULL,323,NULL,1,'AnonymousSession',NULL),
('2024-06-10 12:00:02.042929','2024-06-10 12:00:02.000000','f8567ccf2b9dc96c38ebe222b80ac4f390a75da1c2d14af9bb94ab6cd5324170','2025-06-10 16:00:01',0,NULL,324,NULL,1,'AnonymousSession',NULL),
('2024-06-10 12:00:02.043541','2024-06-10 12:00:02.000000','10434e488c36da9d6a8fba44d9fd006932f7e90f3ecabd0f6af20f54fea35a1e','2025-06-10 16:00:01',0,NULL,325,NULL,1,'AnonymousSession',NULL),
('2024-06-10 12:00:05.587662','2024-06-10 12:00:05.000000','9532c17b62ef5b78ebaf747a7e09ce244dcbae02c850adf395d944d376e4d0b6','2025-06-10 16:00:05',0,NULL,326,NULL,1,'AnonymousSession',NULL),
('2024-06-10 12:00:05.576196','2024-06-10 12:00:05.000000','a304de195f0da533c53a0d151893a6c0f5a629701d3c841b4d0a36409c290762','2025-06-10 16:00:05',0,NULL,327,NULL,1,'AnonymousSession',NULL),
('2024-06-10 12:00:09.424633','2024-06-10 12:00:09.000000','4b48ab88fe22e1eda1453777772f5eede61dba5123a27f1097c93c682a9c0c28','2025-06-10 16:00:09',0,NULL,328,NULL,1,'AnonymousSession',NULL),
('2024-06-10 12:00:09.433267','2024-06-10 12:00:09.000000','aaf876ee8e83581228b560e405dd669dc01e1596dbd986b1730250570a0272b8','2025-06-10 16:00:09',0,NULL,329,NULL,1,'AnonymousSession',NULL),
('2024-06-10 12:00:36.781258','2024-06-10 12:00:36.000000','7307bf73cf9a5c7252bb502f2894f7b40d2748045073832f8f316ec84fabfaf2','2025-06-10 16:00:36',0,NULL,330,NULL,1,'AnonymousSession',NULL),
('2024-06-10 12:00:36.780431','2024-06-10 12:00:36.000000','f7b8a8fd783e10f502cf400e269f7fa7d63481ff80015adaacb88017831f732a','2025-06-10 16:00:36',0,NULL,331,NULL,1,'AnonymousSession',NULL),
('2024-06-10 12:00:44.519985','2024-06-10 12:00:44.000000','6a9ea7ff629da17806eaf37c1060d6205f326609af1b73060a360d8a8fc33645','2025-06-10 16:00:44',0,NULL,332,NULL,1,'AnonymousSession',NULL),
('2024-06-10 12:00:44.521892','2024-06-10 12:00:44.000000','99d70dd3b192b9a53fcd5a92695c3f8ef80f0ae7a76e6abf53b7eefbeb266b4f','2025-06-10 16:00:44',0,NULL,333,NULL,1,'AnonymousSession',NULL),
('2024-06-10 12:01:05.742075','2024-06-10 12:01:05.000000','acb7506537734b0bfad93c1ec556b87b8f60d08115ae8ba04903b1c6eafc568d','2025-06-10 16:01:05',0,NULL,334,NULL,1,'AnonymousSession',NULL),
('2024-06-10 12:01:05.721532','2024-06-10 12:01:05.000000','87d3b4bb5857dbe79daf1409e9bbf0681991e8270b6d0702ae69a9f80506991a','2025-06-10 16:01:05',0,NULL,335,NULL,1,'AnonymousSession',NULL),
('2024-06-10 12:01:26.230098','2024-06-10 12:01:26.000000','a125c06b6d505f744b3f6fb23ab933705777d5566cf6394fd5335b5519b9fd54','2025-06-10 16:01:26',0,NULL,336,NULL,1,'AnonymousSession',NULL),
('2024-06-10 12:01:26.235468','2024-06-10 12:01:26.000000','e1c035b6899ed76a295359c3e8ac6e542bc48ab13009cf667094ed18a9e81a00','2025-06-10 16:01:26',0,NULL,337,NULL,1,'AnonymousSession',NULL),
('2024-06-10 12:01:46.048650','2024-06-10 12:01:46.000000','07a21b735be08c31c8f3e35147ad06582be57a371011742420b83b9a1f4556f9','2025-06-10 16:01:46',0,NULL,338,NULL,1,'AnonymousSession',NULL),
('2024-06-10 12:01:46.049380','2024-06-10 12:01:46.000000','51ee5d49055bf2050d429668f67b5f6b110ac201a87d86abe79626cd2f69f3c8','2025-06-10 16:01:46',0,NULL,339,NULL,1,'AnonymousSession',NULL),
('2024-06-10 12:02:48.913458','2024-06-10 12:02:48.000000','e46bbdca7243b08a9bf1cc484666ba6c8950d0ee3b7f71781e681cceb7a04a4a','2025-06-10 16:02:48',0,NULL,340,NULL,1,'AnonymousSession',NULL),
('2024-06-10 12:02:48.913896','2024-06-10 12:02:48.000000','2b9d1af4bb74040bc3ae948ef11f9a0aa5c001ca753a6a79c47b94713c4a248e','2025-06-10 16:02:48',0,NULL,341,NULL,1,'AnonymousSession',NULL),
('2024-06-10 12:03:45.848730','2024-06-10 12:03:45.000000','137438ee87e0a0f54e365f6e96caaba7f811bb88e6b0b944febee8bda148a28b','2025-06-10 16:03:45',0,NULL,342,NULL,1,'AnonymousSession',NULL),
('2024-06-10 12:03:45.849211','2024-06-10 12:03:45.000000','fc09747655751e3c471063d26b1762897366183a34e485627fb2c5684af07e8b','2025-06-10 16:03:45',0,NULL,343,NULL,1,'AnonymousSession',NULL),
('2024-06-10 12:04:25.608944','2024-06-10 12:04:25.000000','fa376ddfda0e09b43b63d7bad69c622e94b32dac05a01a88fe82829fcaca60a7','2025-06-10 16:04:25',0,NULL,344,NULL,1,'AnonymousSession',NULL),
('2024-06-10 12:04:25.610827','2024-06-10 12:04:25.000000','bea684b60630d11b16cc07e460ea28ee348a20dde5754687bf179fa6183243c2','2025-06-10 16:04:25',0,NULL,345,NULL,1,'AnonymousSession',NULL),
('2024-06-10 12:04:48.277181','2024-06-10 12:04:48.000000','51c25f8bc3b1ca9e348b6db3c987f5e56aea52e1b0ff6107c5819ada496cb8c3','2025-06-10 16:04:48',0,NULL,346,NULL,1,'AnonymousSession',NULL),
('2024-06-10 12:04:48.293473','2024-06-10 12:04:48.000000','5a48af480a8ad22373fc9b2096b0c5be77771adacb75f6e2e3cfc4033065dc39','2025-06-10 16:04:48',0,NULL,347,NULL,1,'AnonymousSession',NULL),
('2024-06-10 12:05:05.266860','2024-06-10 12:05:05.000000','6d31833c027c547fb10fb053ac002fea9d3f0cbda1165300a8a820985a9d6b14','2025-06-10 16:05:05',0,NULL,348,NULL,1,'AnonymousSession',NULL),
('2024-06-10 12:05:05.275540','2024-06-10 12:05:05.000000','58ca12b2a3f314b14e9f3eeaf6f774433461f62b9ea326917bc7be094133a7e1','2025-06-10 16:05:05',0,NULL,349,NULL,1,'AnonymousSession',NULL),
('2024-06-10 12:05:28.154004','2024-06-10 12:05:28.000000','783f3c8df5816d1e85ff92cc57b1a19236ee7efb648f9a48b88bc10a77d80804','2025-06-10 16:05:28',0,NULL,350,NULL,1,'AnonymousSession',NULL),
('2024-06-10 12:05:28.166024','2024-06-10 12:05:28.000000','1e06b7d86bb9f690993793d8d21dad67ad76956ccd15d5edc4cc9c600a2173ee','2025-06-10 16:05:28',0,NULL,351,NULL,1,'AnonymousSession',NULL),
('2024-06-12 16:21:39.520122','2024-06-12 16:21:39.000000','40f3a2f1a68b3f702cf79cbac6b690c6d3f00870a5861d927643b959abcc45eb','2025-06-12 20:21:39',0,NULL,353,NULL,1,'AnonymousSession',NULL),
('2024-06-12 16:21:44.535299','2024-06-12 16:21:44.000000','82c51984c348e335bfca3f7855bb4f133c36c95f512f3e9944a177e7a1d3bc91','2025-06-12 20:21:44',0,'native',354,NULL,1,'AuthenticatedSession',1),
('2024-06-13 12:07:44.141673','2024-06-13 12:07:44.000000','e3fc060ea999e4c5d0ddea4add9340f5fea88bd74396d0206dd155ea8d7efe69','2025-06-13 16:07:44',0,NULL,355,NULL,1,'AnonymousSession',NULL),
('2024-06-13 16:02:33.370929','2024-06-13 16:02:33.000000','b2b4d8ecbbddb8b7defad7bfdd05834ba4acef0f1d9763f0809b9acfb1768c74','2025-06-13 20:02:33',0,NULL,357,NULL,1,'AnonymousSession',NULL),
('2024-06-13 16:02:33.369872','2024-06-13 16:02:33.000000','79246461ece69ded186b51a2415b7df0de3751acdcf81a20cf3e0ee11ff56600','2025-06-13 20:02:33',0,NULL,358,NULL,1,'AnonymousSession',NULL),
('2024-06-14 03:04:28.636198','2024-06-14 03:04:28.000000','62c7bece0fad7069deeba707c73ae8a1954ab3340813af67da895fd8c0b7d25a','2025-06-14 07:04:28',0,NULL,360,NULL,1,'AnonymousSession',NULL),
('2024-06-14 03:04:28.638137','2024-06-14 03:04:28.000000','ba90ee0de229b62e76b924df054bc5e7c6e4fbbc6c956389fd0f1a8a162a0605','2025-06-14 07:04:28',0,NULL,361,NULL,1,'AnonymousSession',NULL),
('2024-06-14 03:49:01.963797','2024-06-14 03:49:02.000000','8563d945d6a831bfefc82d962e5991470a6fe297d066ae3d4f217b6dc1131e36','2025-06-14 07:49:01',0,NULL,363,NULL,1,'AnonymousSession',NULL),
('2024-06-14 03:49:01.961714','2024-06-14 03:49:02.000000','1fda1b80189b75bd77a14895195c648de8fc8bdafdc6748443add4c90e090963','2025-06-14 07:49:01',0,NULL,364,NULL,1,'AnonymousSession',NULL),
('2024-06-14 03:51:14.283343','2024-06-14 03:51:14.000000','91a70ee4dd4f775b73f930d3edb6827477034d5e5ab03de8017031af20c39a9e','2025-06-14 07:51:14',0,NULL,366,NULL,1,'AnonymousSession',NULL),
('2024-06-14 15:03:05.907263','2024-06-14 15:03:05.000000','26d7c83dcb7dd1685e24a763a6f2d7f02c1c01228d1934b28f925808fb39510d','2025-06-14 19:03:05',0,NULL,368,NULL,1,'AnonymousSession',NULL),
('2024-06-14 15:03:05.923833','2024-06-14 15:03:05.000000','d0d904d9711137f311088b2c4ebc87034a0947ce4f354b86e84ecb86b0c12e43','2025-06-14 19:03:05',0,NULL,369,NULL,1,'AnonymousSession',NULL),
('2024-06-18 09:45:30.690381','2024-06-18 09:45:30.000000','3a4406cb0f5ca4a2643ea637d342c839ca9b104574dfe91609cc6d2cccaf0a53','2025-06-18 13:45:30',0,NULL,370,NULL,1,'AnonymousSession',NULL),
('2024-06-18 14:26:22.815941','2024-06-18 14:26:22.000000','1a7b0f8a9af1c7d3e682ce4257ba56ea5be3e438adcd3adaf226948a02102e49','2025-06-18 18:26:22',0,NULL,373,NULL,1,'AnonymousSession',NULL),
('2024-06-18 15:45:59.461003','2024-06-18 15:45:59.000000','f3abc7214874c037376ea99f63278c81e4be52f984bf83a74f4759275015b804','2025-06-18 19:45:59',0,NULL,375,NULL,1,'AnonymousSession',NULL),
('2024-06-18 15:45:59.461362','2024-06-18 15:45:59.000000','cd37dfbd4f8d435f6fcb2a99745ab084d026ac1e39bcd1371cb277abaa8bd04f','2025-06-18 19:45:59',0,NULL,376,NULL,1,'AnonymousSession',NULL),
('2024-06-19 10:37:07.884801','2024-06-19 10:37:08.000000','cd4cf7eb70037e826635e8fcc8e43210bd55a47923a683ea664eaef8acc25576','2025-06-19 14:37:07',0,NULL,378,NULL,1,'AnonymousSession',NULL),
('2024-06-19 10:37:07.868178','2024-06-19 10:37:08.000000','fb0a063156239b83a0340f62bb9afc5bcde6e07ebc8b14fbde84d9ffd82416a9','2025-06-19 14:37:07',0,NULL,379,NULL,1,'AnonymousSession',NULL),
('2024-06-19 13:10:17.656512','2024-06-19 13:10:17.000000','50e470a5e35133f9ae81fe98887cd6a5007fd430798d39a1f384a97f73511535','2025-06-19 17:10:17',0,NULL,383,NULL,1,'AnonymousSession',NULL),
('2024-06-19 13:10:17.657877','2024-06-19 13:10:17.000000','c176147ae336977fac9824d48595cadd251c251db58ddf4707b849a340b5637c','2025-06-19 17:10:17',0,NULL,384,NULL,1,'AnonymousSession',NULL),
('2024-06-20 09:48:56.400587','2024-06-20 09:48:56.000000','8e3f844e1eaa73d5d2f392c99f0e8f0215254fee8e467f8e9ae1d4dba62bea68','2025-06-20 13:48:56',0,NULL,386,NULL,1,'AnonymousSession',NULL),
('2024-06-20 09:49:02.772561','2024-06-20 09:49:02.000000','e64a8e5f85aeec7b6aca0f039bf7b1e07b4a592ad31509b6b35bab1ff4022718','2025-06-20 13:49:02',0,'native',387,NULL,1,'AuthenticatedSession',1),
('2024-06-24 10:48:35.623794','2024-06-24 10:48:35.000000','a19ab28f413f3a83131f9e7c46908a0213ce2c3769fa50758539cd843d4f5a0d','2025-06-24 14:48:35',0,NULL,388,NULL,1,'AnonymousSession',NULL),
('2024-06-24 10:48:44.870860','2024-06-24 10:48:44.000000','2e33762abe7edac2477559e3ac22807005dde093c5d0e0049d0e3eb8de27cfd6','2025-06-24 14:48:44',0,'native',389,NULL,1,'AuthenticatedSession',1),
('2024-06-24 15:10:19.833012','2024-06-24 15:10:20.000000','ebff55a0c9585dd0fa72a4c71121bd5dc74da37f5b68d04b1516f5c1c5cd9ec0','2025-06-24 19:10:19',0,NULL,390,NULL,1,'AnonymousSession',NULL),
('2024-06-24 16:18:52.205559','2024-06-24 16:18:52.000000','077de6c997fb4bf6043acf68dc53e9df7b6785f366f0529ce3b675e041434f1b','2025-06-24 20:18:52',0,'native',391,NULL,1,'AuthenticatedSession',1),
('2024-06-26 10:42:48.767293','2024-06-26 10:42:48.000000','95d23ac24ab36a2bb5600dbd79931b3433d7b04d91f153a9fc6c6457fe7755d1','2025-06-26 14:42:48',0,NULL,393,NULL,1,'AnonymousSession',NULL),
('2024-06-26 12:37:36.961177','2024-06-26 12:37:37.000000','a691dc8ee8e64c56303ce22ef18f5aa3eaa51cebde63bed3188c00480dddaa40','2025-06-26 16:37:36',0,NULL,395,NULL,1,'AnonymousSession',NULL),
('2024-06-26 12:37:36.961416','2024-06-26 12:37:36.000000','17691657ff30a959c4b06a9d595c71ad74463f4990f0d274d511ed7dd48a6ceb','2025-06-26 16:37:36',0,NULL,396,NULL,1,'AnonymousSession',NULL),
('2024-06-26 12:55:23.973653','2024-06-26 12:55:24.000000','84ac0fe63080945c4bd438bace38a496c58c71a7dbdb3556c0dad563b814a592','2025-06-26 16:55:23',0,NULL,398,NULL,1,'AnonymousSession',NULL),
('2024-06-26 12:55:23.970668','2024-06-26 12:55:24.000000','ad0a7670c7aca755f12fe066711d70f94beb5fd1f3e88b43df9fca9bfaafd008','2025-06-26 16:55:23',0,NULL,399,NULL,1,'AnonymousSession',NULL),
('2024-06-26 12:55:23.970957','2024-06-26 12:55:24.000000','3b8606a526e901e1fef6dc8418077320a7d5263ea7804379265a79fefb6443ce','2025-06-26 16:55:23',0,NULL,400,NULL,1,'AnonymousSession',NULL),
('2024-06-26 12:55:38.415367','2024-06-26 12:55:38.000000','057f32102cb7ca1abb85fcf916f532b6b1ba1d1c823069b7f0a213718f9c00ac','2025-06-26 16:55:38',0,NULL,401,NULL,1,'AnonymousSession',NULL),
('2024-06-26 12:55:38.414977','2024-06-26 12:55:38.000000','78549807a240025cde70211c8f8fa4282c3e620079a69459c972936179afcfaa','2025-06-26 16:55:38',0,NULL,402,NULL,1,'AnonymousSession',NULL),
('2024-07-01 11:04:25.065153','2024-07-01 11:04:25.000000','3a47fda9d48a9227796af1937dd76a1c9d047094d617cdd40a3f1b4aa49e7dbc','2025-07-01 15:04:25',0,NULL,406,NULL,1,'AnonymousSession',NULL),
('2024-07-01 11:04:25.065347','2024-07-01 11:04:25.000000','72be705ca9da9c7d48a4a8ecbd05f09da6ab292b405fe172f34f334a9a575a0a','2025-07-01 15:04:25',0,NULL,407,NULL,1,'AnonymousSession',NULL),
('2024-07-01 11:04:29.123763','2024-07-01 11:04:29.000000','df48706f0fd7b0d85bc4e80a58972d756df630e30494e729cfa88274fe1f9646','2025-07-01 15:04:29',0,NULL,408,NULL,1,'AnonymousSession',NULL),
('2024-07-01 11:13:04.025916','2024-07-01 11:13:04.000000','61a3c62baacafadeee32f74b3c285b06e8fae321bbf17194a8acd0bd6fd2cec7','2025-07-01 15:13:04',0,NULL,410,NULL,1,'AnonymousSession',NULL),
('2024-07-01 13:38:28.547536','2024-07-01 13:38:28.000000','54445fef0e60e44562a8d07cf4b664f0ef4a9f0130f8c6066e0980d845e61cbf','2025-07-01 17:38:28',0,NULL,415,NULL,1,'AnonymousSession',NULL),
('2024-07-01 14:00:31.595899','2024-07-01 14:00:31.000000','be06ea63713259122fdd4675034cfd7c6983c35736e1d461c2dae92dbbddb5e8','2025-07-01 18:00:31',0,NULL,417,NULL,1,'AnonymousSession',NULL),
('2024-07-01 14:41:41.101669','2024-07-01 14:41:41.000000','1856fa3ace5d055ff67e4e50b42cae2d21c76f54c5cdc666d74fceedab1f943b','2025-07-01 18:41:41',0,NULL,419,NULL,1,'AnonymousSession',NULL),
('2024-07-01 14:51:51.227125','2024-07-01 14:51:51.000000','6e1bbfc6eb868b793ca4938413e3e1dcb6bfe3a03f66755e7c4d00e7a5f09252','2025-07-01 18:51:51',0,NULL,422,NULL,1,'AnonymousSession',NULL),
('2024-07-01 15:16:10.012954','2024-07-01 15:16:10.000000','5dd093f56820e5c7052f0ff38242a4dcd849169ab96423b8c7dd67983ad4928a','2025-07-01 19:16:10',0,NULL,424,NULL,1,'AnonymousSession',NULL),
('2024-07-01 15:29:06.119078','2024-07-01 15:29:06.000000','541d26aac14ebd776e8fc76d5683c3b12481cb5e991713edfebb86e550acc350','2025-07-01 19:29:06',0,NULL,426,NULL,1,'AnonymousSession',NULL),
('2024-07-01 15:30:34.206429','2024-07-01 15:30:34.000000','c8cf40f21798db60e0ab59379cccd8122930a8bed3fc0489c0a22493b9703a9c','2025-07-01 19:30:34',0,NULL,428,NULL,1,'AnonymousSession',NULL),
('2024-07-03 17:17:52.162267','2024-07-03 17:17:52.000000','4ad8353eedc530eeff2b867187468f4f74301a760c0e6b999e5a1093fea3b5c2','2025-07-03 21:17:52',0,NULL,430,NULL,1,'AnonymousSession',NULL),
('2024-07-03 17:18:00.960314','2024-07-03 17:18:00.000000','dc472d2f9a24885252f3496e0bd1f006ce2402696163dbba1e519371782b0d9e','2025-07-03 21:18:00',0,'native',431,NULL,1,'AuthenticatedSession',1),
('2024-07-04 08:24:06.099266','2024-07-04 08:24:06.000000','ee5c759ddb800a651d404c83d040cb68fa756b32f1467a7567277ca7872eb0a1','2025-07-04 12:24:06',0,NULL,432,NULL,1,'AnonymousSession',NULL),
('2024-07-05 09:19:05.309005','2024-07-05 09:19:05.000000','0c66ba297290a012f8d66ae9757e5a70dd0f258880e52a95d2b4ba7ee5bd340e','2025-07-05 13:19:05',0,NULL,434,NULL,1,'AnonymousSession',NULL),
('2024-07-05 09:42:10.355907','2024-07-05 09:42:10.000000','ed897e722c28e34dde1957d8b6ff2dd831682d8fa6a078aeebeef4ff4fb2a173','2025-07-05 13:42:10',0,NULL,437,NULL,1,'AnonymousSession',NULL),
('2024-07-05 09:50:20.875152','2024-07-05 09:50:20.000000','4f00117500e209c02d9662ce026e14cff8406a0146341982a906cde748e780e8','2025-07-05 13:50:20',0,NULL,439,NULL,1,'AnonymousSession',NULL),
('2024-07-05 09:50:20.892514','2024-07-05 09:50:20.000000','e05d2813d163edf8572655e0287cef61482caa1d81f9c88492c690554efe5099','2025-07-05 13:50:20',0,NULL,440,NULL,1,'AnonymousSession',NULL),
('2024-07-05 09:50:20.903418','2024-07-05 09:50:20.000000','117789bb7e1d30d6422e00663eea91c3f6b70d0b0fc73a1184938519e3f5448b','2025-07-05 13:50:20',0,NULL,441,NULL,1,'AnonymousSession',NULL),
('2024-07-05 10:42:00.642708','2024-07-05 10:42:00.000000','59aa7593e8bf4e3b567c7fed37afdebbc6426e42b957f80cc996caab73d0bdfe','2025-07-05 14:42:00',0,NULL,444,NULL,1,'AnonymousSession',NULL),
('2024-07-05 10:42:00.640770','2024-07-05 10:42:00.000000','cffeb221edaa4b679e663d09f04fc80371d6b1e6ebb7dc99aa99ca133af01165','2025-07-05 14:42:00',0,NULL,445,NULL,1,'AnonymousSession',NULL),
('2024-07-09 11:09:12.077558','2024-07-09 11:09:12.000000','34bcbd0cdafe06dc903125ba5645531fcf90b1eb0ad106f153b7f490e36f6ab9','2025-07-09 15:09:12',0,NULL,448,NULL,1,'AnonymousSession',NULL),
('2024-07-09 11:09:12.078527','2024-07-09 11:09:12.000000','86a8a370183c10c246b0db928e137cb59075d79b3cf134ccd1a60992d4569931','2025-07-09 15:09:12',0,NULL,449,NULL,1,'AnonymousSession',NULL),
('2024-07-17 09:02:46.403449','2024-07-17 09:02:46.000000','0ee2b873e5d6fb53ea5b778d33b3d39ad695722b391ad61b48f7900004b35d7b','2025-07-17 13:02:46',0,NULL,451,NULL,1,'AnonymousSession',NULL),
('2024-07-17 09:02:52.883727','2024-07-17 09:02:52.000000','53724c92468deb2e7d27cdbf4248fa1dc358b18b5c09dfdbee26523e4a381fa7','2025-07-17 13:02:52',0,'native',452,NULL,1,'AuthenticatedSession',1),
('2024-07-17 09:19:00.106291','2024-07-17 09:19:00.000000','aabc24f62cd187496b34077c6765ef4bb2225d08e87946c131339bec9b05e121','2025-07-17 13:19:00',0,NULL,453,NULL,1,'AnonymousSession',NULL),
('2024-07-17 09:38:46.245415','2024-07-17 09:38:46.000000','27ec0f1a6b9385f23b65121bb7d080d9782826b1e5cc25124f0e3f0b3331eeb3','2025-07-17 13:38:46',0,NULL,454,NULL,1,'AnonymousSession',NULL),
('2024-07-17 09:38:50.827908','2024-07-17 09:38:50.000000','15683ca95739b77ccc1a7cc4640dfcc82df9a2c6c2db74b85fa8ae79a7370ba1','2025-07-17 13:38:50',0,'native',455,NULL,1,'AuthenticatedSession',1),
('2024-07-17 09:39:53.799418','2024-07-17 09:39:53.000000','2475239f10e76905cbe8dfdedfbc44717efc1755996cda730aa78302dad5e0cd','2025-07-17 13:39:53',0,NULL,456,NULL,1,'AnonymousSession',NULL),
('2024-07-17 09:39:53.798817','2024-07-17 09:39:53.000000','57b2464c85d86fdd4173171e4b7afd45c225df54c0f68cb38e8fb02424fff3af','2025-07-17 13:39:53',0,NULL,457,NULL,1,'AnonymousSession',NULL),
('2024-07-17 10:32:21.266715','2024-07-17 10:32:21.000000','b37b449506b7e713de5e9efee789c95625879df73a5a35bd538e08800ddbc061','2025-07-17 14:32:21',0,NULL,458,NULL,1,'AnonymousSession',NULL),
('2024-07-17 10:33:22.520288','2024-07-17 10:33:22.000000','4c4aa5d1b5a4ef29c1626565da5495d08b985bd0c4239c37fc2d96eb75175fd2','2025-07-17 14:33:22',0,NULL,459,NULL,1,'AnonymousSession',NULL),
('2024-07-17 10:33:22.521060','2024-07-17 10:33:22.000000','2e8b111492702de44a680791ec4b72c4d5167b0fa0a93e7ae1437fe21d8bf1d2','2025-07-17 14:33:22',0,NULL,460,NULL,1,'AnonymousSession',NULL),
('2024-07-17 10:33:30.270401','2024-07-17 10:33:30.000000','9f64186d2d041ceaf42f4bff4cc45827306fc6b9d15b0cb5fb1af3df1fb783c0','2025-07-17 14:33:30',0,NULL,461,NULL,1,'AnonymousSession',NULL),
('2024-07-17 10:33:30.301947','2024-07-17 10:33:30.000000','a8925d5ece70359931ab33c75e476774eabfd0c20007a4f10a95d657e7b279cb','2025-07-17 14:33:30',0,NULL,462,NULL,1,'AnonymousSession',NULL),
('2024-07-17 10:33:47.471120','2024-07-17 10:33:47.000000','f7c6e4478e29b8c8aa362d9e43b0431dedd6f3369e63ec44e7c14ff43da266d7','2025-07-17 14:33:47',0,'native',463,NULL,1,'AuthenticatedSession',1),
('2024-07-17 13:36:23.178468','2024-07-17 13:36:23.000000','524a43bc2926aaa6cdb87116be40eba44c2801944d6398ad160c2f328c780d86','2025-07-17 17:36:23',0,NULL,464,NULL,1,'AnonymousSession',NULL),
('2024-07-17 13:36:38.528554','2024-07-17 13:36:38.000000','60cf8e7b9d3deaed9ef95b4043ba835af4afdac037d86b5288108fce4dde5316','2025-07-17 17:36:38',0,'native',465,NULL,1,'AuthenticatedSession',1),
('2024-07-17 15:30:39.848947','2024-07-17 15:30:39.000000','393daa96b848cd9e0c184f57f42f16cd3e1fb5599f7b6aa53fbc116460b45b11','2025-07-17 19:30:39',0,NULL,466,NULL,1,'AnonymousSession',NULL),
('2024-07-18 12:07:12.483084','2024-07-18 12:07:12.000000','57502e6d700428977800186fe4390ffab406d9363c7f43af12af4c43b7d65ed0','2025-07-18 16:07:12',0,NULL,467,NULL,1,'AnonymousSession',NULL),
('2024-07-18 12:07:12.487925','2024-07-18 12:07:12.000000','4efb2b3bc8a54637e58eae5f9142d28ff613e043af0422a93a726963c0342991','2025-07-18 16:07:12',0,NULL,468,NULL,1,'AnonymousSession',NULL),
('2024-07-18 12:19:17.147028','2024-07-18 12:19:17.000000','6428575bdd3b41c594386358fe5552fb36a955b3662a840d643e725be6ad5de5','2025-07-18 16:19:17',0,'native',469,NULL,1,'AuthenticatedSession',1),
('2024-07-18 13:03:07.917502','2024-07-18 13:03:07.000000','4a0299f93e97d1ba5e2bb1654706fafa905a3f7821c7cf67749e1d854a820bb5','2025-07-18 17:03:07',0,NULL,471,NULL,1,'AnonymousSession',NULL),
('2024-07-18 13:03:07.920615','2024-07-18 13:03:07.000000','959df7f80615758ed04fe7dbc2c188f0f6b4f2e6a851607e57e2695e3caf9599','2025-07-18 17:03:07',0,NULL,472,NULL,1,'AnonymousSession',NULL),
('2024-07-18 13:03:10.407391','2024-07-18 13:03:10.000000','880738f56d388cfd85f653f84493e074bf18ca1fec9009d14307a59b75e347fa','2025-07-18 17:03:10',0,NULL,474,NULL,1,'AnonymousSession',NULL),
('2024-07-20 05:58:51.875559','2024-07-20 05:58:52.000000','c4bfc0c5f43f452518fdd1fa2eafcc0f0c3b3bbd98e41a8eef8f08e038bf4d40','2025-07-20 09:58:51',0,NULL,476,NULL,1,'AnonymousSession',NULL),
('2024-07-20 05:58:51.871277','2024-07-20 05:58:52.000000','f9d8f815f11ba839742ff02c812e308fcbd8919b1088eda06771a61e32d4ba63','2025-07-20 09:58:51',0,NULL,477,NULL,1,'AnonymousSession',NULL),
('2024-07-20 07:20:44.036808','2024-07-20 07:20:44.000000','b20ec6068384de60c0ef4de9fcd3eb22c5cd0c66ab6f1c888c9ede74e583124a','2025-07-20 11:20:44',0,NULL,479,NULL,1,'AnonymousSession',NULL),
('2024-07-20 07:20:51.826808','2024-07-20 07:20:51.000000','f9e6f6397a113f25ec3d952f508ec7cb1ea8a6bd2206de82174f6bfa84fb1f3f','2025-07-20 11:20:51',0,'native',480,NULL,1,'AuthenticatedSession',1),
('2024-07-20 07:48:54.457251','2024-07-20 09:22:43.000000','e29fb806ed8bb51ef6e78d3aef2d315bf5c694d498ddab003fdc4da096ea0714','2025-07-20 11:48:54',0,NULL,481,NULL,1,'AnonymousSession',NULL),
('2024-07-20 07:48:54.456624','2024-07-20 07:48:54.000000','48aa5bca4bf75c3284d96586449130ec80b8c622e90e1e14795c3ffefc275bc4','2025-07-20 11:48:54',0,NULL,482,NULL,1,'AnonymousSession',NULL),
('2024-07-20 10:05:29.789616','2024-07-20 10:05:29.000000','e404d71f28c84b17aecdd7e8aeb66f360c0f79816527a4bd9c327a8188420d55','2025-07-20 14:05:29',0,NULL,484,NULL,1,'AnonymousSession',NULL),
('2024-07-20 10:05:29.790786','2024-07-20 19:50:59.000000','c260a54f0fcde9c12d4cad83985b6241fd0265883d97be3f6361fbb8454f2bbd','2025-07-20 14:05:29',0,NULL,485,37,1,'AnonymousSession',NULL),
('2024-07-20 13:26:58.095819','2024-07-20 13:26:58.000000','5eafead2be578af6bee103c6dba92686fa1f7d8c043cf653088664ae49fec27a','2025-07-20 17:26:58',0,NULL,486,NULL,1,'AnonymousSession',NULL),
('2024-07-20 13:27:48.709767','2024-07-20 13:27:48.000000','26535e20d656e738e66022e93a0b33d7f0e769c33ac14ba9add40e80fc47e74e','2025-07-20 17:27:48',0,'native',487,NULL,1,'AuthenticatedSession',1),
('2024-07-22 09:17:03.692610','2024-07-22 09:17:03.000000','0c6057eb24313ce2fc3336bbc7c0e88f047cdf870a67836152835ded12dd3761','2025-07-22 13:17:03',0,NULL,488,NULL,1,'AnonymousSession',NULL),
('2024-07-22 09:17:03.688237','2024-07-22 09:17:03.000000','6a2e9a130b03ae822dd9f266781e07e8a23ba83ca677f0238c6de3408ba87852','2025-07-22 13:17:03',0,NULL,489,NULL,1,'AnonymousSession',NULL),
('2024-07-22 09:32:59.623857','2024-07-22 09:33:59.000000','6b4bba6e47d2a6e99c6f8570830bcf9edf2d44963fa5392cf7958a59eea791d1','2025-07-22 13:32:59',0,NULL,491,38,1,'AnonymousSession',NULL),
('2024-07-22 09:32:59.622896','2024-07-22 09:32:59.000000','85e0567c7287b6aa814167f65e42fd1634fa8ed468d86755233d9b771182a826','2025-07-22 13:32:59',0,NULL,492,NULL,1,'AnonymousSession',NULL),
('2024-07-22 09:33:35.811793','2024-07-22 09:33:35.000000','808466fea89cc6c494229309bdfa3b47605bc50a36f8b8a9928c74ad9003896e','2025-07-22 13:33:35',0,'native',493,NULL,1,'AuthenticatedSession',1),
('2024-07-22 10:47:54.310132','2024-07-22 10:47:54.000000','c5eb5a5e181312fab4a540902b2a45bd8897e83833b62138b0ae45c44de65e7e','2025-07-22 14:47:54',0,NULL,494,NULL,1,'AnonymousSession',NULL),
('2024-07-22 10:48:01.592956','2024-07-22 10:48:01.000000','5e6d3745944c8bf72ea76de2b0808e784f7cd5312e5527e50dc4f771235f1aa7','2025-07-22 14:48:01',0,'native',495,NULL,1,'AuthenticatedSession',1),
('2024-07-22 13:25:23.548866','2024-07-22 13:25:23.000000','dbd801d148ba3cb2d4b2ca92c3a4efa7366d11999035f6a2c89596033bf3bb62','2025-07-22 17:25:23',0,'native',496,NULL,1,'AuthenticatedSession',1),
('2024-07-22 13:28:37.281992','2024-07-22 13:28:37.000000','a2a58ceef0b706926c2266a87defaddc51873d2f36e38e314a3cc8ceaee767d3','2025-07-22 17:28:37',0,NULL,498,NULL,1,'AnonymousSession',NULL),
('2024-07-23 13:30:01.555419','2024-07-23 13:30:01.000000','961bd496c3c4eafb8b98bf7319da69296a4342b46fd976cb9bb4c8eaa788de2a','2025-07-23 17:30:01',0,NULL,500,NULL,1,'AnonymousSession',NULL),
('2024-07-23 13:30:01.555936','2024-07-23 13:30:01.000000','41728d159cbec2609319e5ccdb70d772c45ac14a82e4c693ad01790ada8206da','2025-07-23 17:30:01',0,NULL,501,NULL,1,'AnonymousSession',NULL),
('2024-07-23 13:42:38.284235','2024-07-23 13:42:38.000000','113c23123d348bbe3b82bb117317d5fbeefdc4f3bfcb5c971fc4dab9c0773456','2025-07-23 17:42:38',0,NULL,502,NULL,1,'AnonymousSession',NULL),
('2024-07-23 13:42:38.283750','2024-07-23 13:42:38.000000','5777610140f63ca383118bd8f4098d51b0f1efc62efea04af497c48959adfd23','2025-07-23 17:42:38',0,NULL,503,NULL,1,'AnonymousSession',NULL),
('2024-07-23 13:42:55.639927','2024-07-23 13:42:55.000000','e0d76e0ddfeb641ae86274d68ce3f6fb5c56a1b1ba5ad5a7651de67a5ed98294','2025-07-23 17:42:55',0,NULL,504,NULL,1,'AnonymousSession',NULL),
('2024-07-23 13:42:55.640492','2024-07-23 13:42:55.000000','96d25292594449dee02d93be9b8711872b9a2481a39229a6c64d2cd2579514d7','2025-07-23 17:42:55',0,NULL,505,NULL,1,'AnonymousSession',NULL),
('2024-07-23 13:43:39.383033','2024-07-23 13:43:39.000000','0b3aaab16deeea67591f76a4bd9b78158c1816bc70108a8ee8b3a71e600d460e','2025-07-23 17:43:39',0,NULL,507,NULL,1,'AnonymousSession',NULL),
('2024-07-23 13:43:39.384960','2024-07-23 13:43:44.000000','57c764b9c90d7c3b863e97060bd85496b18e7bedd6756624f1807e7ad29f5cba','2025-07-23 17:43:39',0,NULL,508,43,1,'AnonymousSession',NULL),
('2024-07-23 14:36:47.724003','2024-07-23 14:36:47.000000','3c24787119364c47b05e4ba52212b31ec9d68ac6b61856bc4a4833e7fb96e2fb','2025-07-23 18:36:47',0,NULL,509,NULL,1,'AnonymousSession',NULL),
('2024-07-23 14:36:47.670379','2024-07-23 14:36:47.000000','78917fe4988221ff2522919b1a399f20736b71d952e4d6b1907cb173093f1759','2025-07-23 18:36:47',0,NULL,510,NULL,1,'AnonymousSession',NULL),
('2024-07-23 14:36:47.796063','2024-07-23 14:36:47.000000','716855eb889ec848beb9f281c4b03419b32598a1cb6ef23277c902079f31dd02','2025-07-23 18:36:47',0,NULL,511,NULL,1,'AnonymousSession',NULL),
('2024-07-23 14:37:39.832886','2024-07-23 14:37:39.000000','e227beb28ad35dfe672687f54ef3eef54a65704d4248a81583c98149f0279dae','2025-07-23 18:37:39',0,'native',512,NULL,1,'AuthenticatedSession',1),
('2024-07-23 15:05:07.491741','2024-07-23 15:05:07.000000','a75432473f6a2636b560fc5e0045e12b1097093510d959a43a5d4755c1549a6c','2025-07-23 19:05:07',0,NULL,514,NULL,1,'AnonymousSession',NULL),
('2024-07-23 15:05:07.491366','2024-07-23 15:05:07.000000','8d95c7a262d5e0b33a847038944611c68403e6ea0a40849d85daf50c0b673c60','2025-07-23 19:05:07',0,NULL,515,NULL,1,'AnonymousSession',NULL),
('2024-07-23 15:11:41.737425','2024-07-23 15:11:41.000000','f0706412ee101a6cffad5613ba89637b9d94c7bcec4b106d3699d22d7a519cc3','2025-07-23 19:11:41',0,NULL,517,NULL,1,'AnonymousSession',NULL);

--
-- Table structure for table `shipping_line`
--

CREATE TABLE `shipping_line` (
  `createdAt` datetime(6) NOT NULL DEFAULT current_timestamp(6),
  `updatedAt` datetime(6) NOT NULL DEFAULT current_timestamp(6) ON UPDATE current_timestamp(6),
  `listPriceIncludesTax` tinyint(4) NOT NULL,
  `adjustments` text NOT NULL,
  `taxLines` text NOT NULL,
  `id` int(11) NOT NULL AUTO_INCREMENT,
  `shippingMethodId` int(11) NOT NULL,
  `listPrice` int(11) NOT NULL,
  `orderId` int(11) DEFAULT NULL,
  PRIMARY KEY (`id`),
  KEY `IDX_e2e7642e1e88167c1dfc827fdf` (`shippingMethodId`),
  KEY `IDX_c9f34a440d490d1b66f6829b86` (`orderId`),
  CONSTRAINT `FK_c9f34a440d490d1b66f6829b86c` FOREIGN KEY (`orderId`) REFERENCES `order` (`id`) ON DELETE CASCADE ON UPDATE NO ACTION,
  CONSTRAINT `FK_e2e7642e1e88167c1dfc827fdf3` FOREIGN KEY (`shippingMethodId`) REFERENCES `shipping_method` (`id`) ON DELETE NO ACTION ON UPDATE NO ACTION
) ENGINE=InnoDB AUTO_INCREMENT=34 DEFAULT CHARSET=utf8mb4 COLLATE=utf8mb4_general_ci;

--
-- Dumping data for table `shipping_line`
--

INSERT INTO `shipping_line` VALUES
('2024-06-03 14:07:48.796762','2024-06-03 14:07:48.000000',0,'[]','[{\"description\":\"shipping tax\",\"taxRate\":0}]',1,2,1000,2),
('2024-06-18 14:25:43.338696','2024-06-18 14:25:43.000000',0,'[]','[{\"description\":\"shipping tax\",\"taxRate\":0}]',3,2,1000,5),
('2024-07-10 10:45:37.094818','2024-07-10 10:45:37.000000',0,'[]','[{\"description\":\"shipping tax\",\"taxRate\":0}]',5,2,1000,11),
('2024-07-18 13:03:58.368706','2024-07-18 13:03:58.000000',0,'[]','[{\"description\":\"shipping tax\",\"taxRate\":0}]',6,2,1000,13),
('2024-07-18 13:16:58.632610','2024-07-19 09:57:25.000000',0,'[]','[{\"description\":\"shipping tax\",\"taxRate\":0}]',7,2,1000,NULL),
('2024-07-19 10:14:48.981725','2024-07-19 10:14:49.000000',0,'[]','[{\"description\":\"shipping tax\",\"taxRate\":0}]',8,2,1000,16),
('2024-07-19 10:31:52.249166','2024-07-19 10:36:29.000000',0,'[]','[{\"description\":\"shipping tax\",\"taxRate\":0}]',9,1,500,17),
('2024-07-19 11:08:08.927955','2024-07-19 11:08:08.000000',0,'[]','[{\"description\":\"shipping tax\",\"taxRate\":0}]',10,2,1000,18),
('2024-07-19 12:36:33.182772','2024-07-20 05:57:43.000000',0,'[]','[{\"description\":\"shipping tax\",\"taxRate\":0}]',11,2,1000,NULL),
('2024-07-20 06:51:05.326935','2024-07-20 06:51:05.000000',0,'[]','[{\"description\":\"shipping tax\",\"taxRate\":0}]',12,2,1000,21),
('2024-07-20 08:50:27.005598','2024-07-20 08:51:29.000000',0,'[]','[{\"description\":\"shipping tax\",\"taxRate\":0}]',13,1,500,NULL),
('2024-07-20 09:04:33.444895','2024-07-20 09:04:33.000000',0,'[]','[{\"description\":\"shipping tax\",\"taxRate\":0}]',14,2,1000,24),
('2024-07-20 09:08:21.906212','2024-07-20 09:08:21.000000',0,'[]','[{\"description\":\"shipping tax\",\"taxRate\":0}]',15,1,500,25),
('2024-07-20 09:23:29.847092','2024-07-20 09:23:29.000000',0,'[]','[{\"description\":\"shipping tax\",\"taxRate\":0}]',16,2,1000,26),
('2024-07-20 10:06:08.253012','2024-07-20 13:09:29.000000',0,'[]','[{\"description\":\"shipping tax\",\"taxRate\":0}]',17,2,1000,27),
('2024-07-20 13:13:34.970715','2024-07-20 13:13:35.000000',0,'[]','[{\"description\":\"shipping tax\",\"taxRate\":0}]',18,1,500,28),
('2024-07-20 13:15:08.682949','2024-07-20 13:15:08.000000',0,'[]','[{\"description\":\"shipping tax\",\"taxRate\":0}]',19,2,1000,29),
('2024-07-20 13:18:10.192976','2024-07-20 13:18:10.000000',0,'[]','[{\"description\":\"shipping tax\",\"taxRate\":0}]',20,1,500,30),
('2024-07-20 13:18:10.700408','2024-07-20 13:18:10.000000',0,'[]','[{\"description\":\"shipping tax\",\"taxRate\":0}]',22,1,500,30),
('2024-07-20 13:32:18.616776','2024-07-20 13:32:18.000000',0,'[]','[{\"description\":\"shipping tax\",\"taxRate\":0}]',23,2,1000,31),
('2024-07-20 13:39:12.815253','2024-07-20 13:39:12.000000',0,'[]','[{\"description\":\"shipping tax\",\"taxRate\":0}]',24,1,500,32),
('2024-07-20 13:45:25.594904','2024-07-20 14:15:18.000000',0,'[]','[{\"description\":\"shipping tax\",\"taxRate\":0}]',25,1,500,33),
('2024-07-20 14:21:03.799971','2024-07-20 14:21:03.000000',0,'[]','[{\"description\":\"shipping tax\",\"taxRate\":0}]',26,2,1000,34),
('2024-07-20 14:27:06.699250','2024-07-20 14:27:06.000000',0,'[]','[{\"description\":\"shipping tax\",\"taxRate\":0}]',27,2,1000,35),
('2024-07-20 19:34:08.811885','2024-07-20 19:34:08.000000',0,'[]','[{\"description\":\"shipping tax\",\"taxRate\":0}]',28,1,500,36),
('2024-07-20 19:51:15.496276','2024-07-20 19:52:38.000000',0,'[]','[{\"description\":\"shipping tax\",\"taxRate\":0}]',29,2,1000,37),
('2024-07-22 09:34:56.935592','2024-07-22 09:40:24.000000',0,'[]','[{\"description\":\"shipping tax\",\"taxRate\":0}]',30,2,1000,NULL),
('2024-07-23 08:44:36.889304','2024-07-23 08:50:48.000000',0,'[{\"adjustmentSource\":\"CANCEL_ORDER\",\"type\":\"OTHER\",\"description\":\"shipping cancellation\",\"amount\":-1000,\"data\":{}}]','[{\"description\":\"shipping tax\",\"taxRate\":0}]',31,2,1000,39),
('2024-07-23 08:53:02.468079','2024-07-23 08:53:02.000000',0,'[]','[{\"description\":\"shipping tax\",\"taxRate\":0}]',32,2,1000,40),
('2024-07-23 09:07:03.408630','2024-07-23 09:07:03.000000',0,'[]','[{\"description\":\"shipping tax\",\"taxRate\":0}]',33,2,1000,41);

--
-- Table structure for table `shipping_method`
--

CREATE TABLE `shipping_method` (
  `createdAt` datetime(6) NOT NULL DEFAULT current_timestamp(6),
  `updatedAt` datetime(6) NOT NULL DEFAULT current_timestamp(6) ON UPDATE current_timestamp(6),
  `deletedAt` datetime DEFAULT NULL,
  `code` varchar(255) NOT NULL,
  `checker` text NOT NULL,
  `calculator` text NOT NULL,
  `fulfillmentHandlerCode` varchar(255) NOT NULL,
  `id` int(11) NOT NULL AUTO_INCREMENT,
  PRIMARY KEY (`id`)
) ENGINE=InnoDB AUTO_INCREMENT=3 DEFAULT CHARSET=utf8mb4 COLLATE=utf8mb4_general_ci;

--
-- Dumping data for table `shipping_method`
--

INSERT INTO `shipping_method` VALUES
('2024-06-01 19:19:42.515393','2024-06-01 19:19:42.515393',NULL,'standard-shipping','{\"code\":\"default-shipping-eligibility-checker\",\"args\":[{\"name\":\"orderMinimum\",\"value\":\"0\"}]}','{\"code\":\"default-shipping-calculator\",\"args\":[{\"name\":\"rate\",\"value\":\"500\"},{\"name\":\"includesTax\",\"value\":\"auto\"},{\"name\":\"taxRate\",\"value\":\"0\"}]}','manual-fulfillment',1),
('2024-06-01 19:19:42.522227','2024-06-01 19:19:42.522227',NULL,'express-shipping','{\"code\":\"default-shipping-eligibility-checker\",\"args\":[{\"name\":\"orderMinimum\",\"value\":\"0\"}]}','{\"code\":\"default-shipping-calculator\",\"args\":[{\"name\":\"rate\",\"value\":\"1000\"},{\"name\":\"includesTax\",\"value\":\"auto\"},{\"name\":\"taxRate\",\"value\":\"0\"}]}','manual-fulfillment',2);

--
-- Table structure for table `shipping_method_channels_channel`
--

CREATE TABLE `shipping_method_channels_channel` (
  `shippingMethodId` int(11) NOT NULL,
  `channelId` int(11) NOT NULL,
  PRIMARY KEY (`shippingMethodId`,`channelId`),
  KEY `IDX_f0a17b94aa5a162f0d422920eb` (`shippingMethodId`),
  KEY `IDX_f2b98dfb56685147bed509acc3` (`channelId`),
  CONSTRAINT `FK_f0a17b94aa5a162f0d422920eb2` FOREIGN KEY (`shippingMethodId`) REFERENCES `shipping_method` (`id`) ON DELETE CASCADE ON UPDATE CASCADE,
  CONSTRAINT `FK_f2b98dfb56685147bed509acc3d` FOREIGN KEY (`channelId`) REFERENCES `channel` (`id`) ON DELETE CASCADE ON UPDATE NO ACTION
) ENGINE=InnoDB DEFAULT CHARSET=utf8mb4 COLLATE=utf8mb4_general_ci;

--
-- Dumping data for table `shipping_method_channels_channel`
--

INSERT INTO `shipping_method_channels_channel` VALUES
(1,1),
(2,1);

--
-- Table structure for table `shipping_method_translation`
--

CREATE TABLE `shipping_method_translation` (
  `createdAt` datetime(6) NOT NULL DEFAULT current_timestamp(6),
  `updatedAt` datetime(6) NOT NULL DEFAULT current_timestamp(6) ON UPDATE current_timestamp(6),
  `languageCode` varchar(255) NOT NULL,
  `name` varchar(255) NOT NULL DEFAULT '',
  `description` varchar(255) NOT NULL DEFAULT '',
  `id` int(11) NOT NULL AUTO_INCREMENT,
  `baseId` int(11) DEFAULT NULL,
  PRIMARY KEY (`id`),
  KEY `IDX_85ec26c71067ebc84adcd98d1a` (`baseId`),
  CONSTRAINT `FK_85ec26c71067ebc84adcd98d1a5` FOREIGN KEY (`baseId`) REFERENCES `shipping_method` (`id`) ON DELETE CASCADE ON UPDATE NO ACTION
) ENGINE=InnoDB AUTO_INCREMENT=3 DEFAULT CHARSET=utf8mb4 COLLATE=utf8mb4_general_ci;

--
-- Dumping data for table `shipping_method_translation`
--

INSERT INTO `shipping_method_translation` VALUES
('2024-06-01 19:19:42.511857','2024-06-01 19:19:42.000000','en','Standard Shipping','',1,1),
('2024-06-01 19:19:42.521672','2024-06-01 19:19:42.000000','en','Express Shipping','',2,2);

--
-- Table structure for table `stock_level`
--

CREATE TABLE `stock_level` (
  `createdAt` datetime(6) NOT NULL DEFAULT current_timestamp(6),
  `updatedAt` datetime(6) NOT NULL DEFAULT current_timestamp(6) ON UPDATE current_timestamp(6),
  `stockOnHand` int(11) NOT NULL,
  `stockAllocated` int(11) NOT NULL,
  `id` int(11) NOT NULL AUTO_INCREMENT,
  `productVariantId` int(11) NOT NULL,
  `stockLocationId` int(11) NOT NULL,
  PRIMARY KEY (`id`),
  UNIQUE KEY `IDX_7fc20486b8cfd33dc84c96e168` (`productVariantId`,`stockLocationId`),
  KEY `IDX_9950eae3180f39c71978748bd0` (`productVariantId`),
  KEY `IDX_984c48572468c69661a0b7b049` (`stockLocationId`),
  CONSTRAINT `FK_984c48572468c69661a0b7b0494` FOREIGN KEY (`stockLocationId`) REFERENCES `stock_location` (`id`) ON DELETE CASCADE ON UPDATE NO ACTION,
  CONSTRAINT `FK_9950eae3180f39c71978748bd08` FOREIGN KEY (`productVariantId`) REFERENCES `product_variant` (`id`) ON DELETE CASCADE ON UPDATE NO ACTION
) ENGINE=InnoDB AUTO_INCREMENT=107 DEFAULT CHARSET=utf8mb4 COLLATE=utf8mb4_general_ci;

--
-- Dumping data for table `stock_level`
--

INSERT INTO `stock_level` VALUES
('2024-06-01 23:33:48.518820','2024-06-01 23:37:13.000000',37,0,1,1,1),
('2024-06-01 23:39:39.331435','2024-07-10 10:45:41.000000',10,1,2,2,1),
('2024-06-01 23:51:56.787517','2024-06-01 23:51:56.000000',100,0,3,3,1),
('2024-06-01 23:55:07.832859','2024-06-01 23:55:07.000000',100,0,4,4,1),
('2024-06-02 06:11:47.685036','2024-06-02 06:11:47.000000',2,0,5,5,1),
('2024-06-02 06:23:19.283023','2024-06-02 06:23:19.000000',5,0,6,6,1),
('2024-06-02 06:28:37.365833','2024-06-02 06:28:37.000000',100,0,7,7,1),
('2024-06-02 06:32:48.713142','2024-06-02 06:32:48.000000',8,0,8,8,1),
('2024-06-02 06:37:32.854614','2024-06-02 06:37:32.000000',7,0,9,9,1),
('2024-06-02 06:41:52.271382','2024-06-02 06:41:52.000000',9,0,10,10,1),
('2024-06-02 06:45:00.100094','2024-06-02 06:55:43.000000',3,0,11,11,1),
('2024-06-02 06:50:52.515491','2024-06-02 06:50:52.000000',3,0,12,12,1),
('2024-06-02 06:54:10.727860','2024-06-02 06:54:10.000000',3,0,13,13,1),
('2024-06-02 06:56:39.638500','2024-06-02 06:56:39.000000',3,0,14,14,1),
('2024-06-02 07:01:21.150209','2024-06-02 07:01:21.000000',3,0,15,15,1),
('2024-06-02 07:05:08.751928','2024-06-02 07:05:08.000000',9,0,16,16,1),
('2024-06-02 07:07:09.870210','2024-06-02 07:07:09.000000',28,0,17,17,1),
('2024-06-02 07:11:03.400159','2024-06-03 14:07:59.000000',24,1,18,18,1),
('2024-06-02 07:16:09.300298','2024-06-26 15:49:46.000000',1000,0,19,19,1),
('2024-06-02 13:57:27.342335','2024-06-02 13:57:27.000000',12,0,20,20,1),
('2024-06-02 13:59:46.638106','2024-06-02 13:59:46.000000',6,0,21,21,1),
('2024-06-02 14:01:53.608474','2024-06-02 14:01:53.000000',6,0,22,22,1),
('2024-06-02 14:05:23.271606','2024-06-02 14:05:23.000000',4,0,23,23,1),
('2024-06-02 14:10:09.674419','2024-06-02 14:10:09.000000',31,0,24,24,1),
('2024-06-02 14:11:46.730396','2024-06-02 14:11:46.000000',6,0,25,25,1),
('2024-06-02 14:14:15.140286','2024-06-02 14:14:15.000000',2,0,26,26,1),
('2024-06-02 14:16:53.584459','2024-06-02 14:16:53.000000',6,0,27,27,1),
('2024-06-02 14:21:07.124449','2024-06-02 14:21:07.000000',6,0,28,28,1),
('2024-06-02 14:23:54.171991','2024-06-02 14:23:54.000000',2,0,29,29,1),
('2024-06-02 14:25:54.085192','2024-06-02 14:25:54.000000',8,0,30,30,1),
('2024-06-02 14:29:47.130864','2024-07-23 14:09:38.000000',1000,0,31,31,1),
('2024-06-02 14:33:45.364360','2024-07-23 14:38:22.000000',1000,1,32,32,1),
('2024-06-02 14:37:29.517393','2024-07-23 14:38:32.000000',1000,0,33,33,1),
('2024-06-02 14:40:46.920668','2024-07-22 11:25:39.000000',1000,1,34,34,1),
('2024-06-02 14:49:21.541833','2024-06-26 10:47:34.000000',1000,0,35,35,1),
('2024-06-02 14:52:23.006866','2024-06-02 14:52:23.000000',11,0,36,36,1),
('2024-06-02 14:57:34.050237','2024-07-23 08:50:48.000000',1000,0,37,37,1),
('2024-06-02 15:01:26.883065','2024-06-26 12:03:26.000000',1000,0,38,38,1),
('2024-06-02 15:03:28.260462','2024-07-22 13:32:49.000000',1000,0,39,39,1),
('2024-06-02 15:11:07.096774','2024-07-22 14:01:48.000000',1000,0,40,40,1),
('2024-06-02 15:13:33.520371','2024-07-20 07:50:05.000000',1000,0,41,41,1),
('2024-06-02 15:16:10.295755','2024-06-02 15:16:10.000000',1,0,42,42,1),
('2024-06-02 15:18:47.396452','2024-07-22 13:58:57.000000',1000,0,43,43,1),
('2024-06-02 15:19:55.294151','2024-06-02 15:19:55.000000',1,0,44,44,1),
('2024-06-02 15:21:54.111846','2024-06-02 15:21:54.000000',1,0,45,45,1),
('2024-06-02 15:24:41.600197','2024-06-02 15:24:41.000000',1,0,46,46,1),
('2024-06-02 15:27:49.380938','2024-06-02 15:27:49.000000',1,0,47,47,1),
('2024-06-02 19:00:07.159854','2024-06-02 19:00:07.000000',1,0,48,48,1),
('2024-06-02 19:02:36.645497','2024-06-02 19:02:36.000000',1,0,49,49,1),
('2024-06-02 19:04:55.808971','2024-06-02 19:04:55.000000',1,0,50,50,1),
('2024-06-02 19:06:53.532725','2024-06-02 19:06:53.000000',11,0,51,51,1),
('2024-06-02 19:08:47.564741','2024-06-02 19:08:47.000000',14,0,52,52,1),
('2024-06-02 19:10:53.843149','2024-06-02 19:10:53.000000',1,0,53,53,1),
('2024-06-02 19:16:17.479395','2024-06-02 19:16:17.000000',100,0,54,54,1),
('2024-06-02 19:18:12.190348','2024-06-02 19:18:12.000000',100,0,55,55,1),
('2024-06-02 19:20:23.698705','2024-06-02 19:20:23.000000',100,0,56,56,1),
('2024-06-02 19:23:11.362762','2024-06-02 19:23:11.000000',100,0,57,57,1),
('2024-06-02 19:24:48.174243','2024-06-02 19:24:48.000000',100,0,58,58,1),
('2024-06-02 19:26:34.926799','2024-06-02 19:26:34.000000',100,0,59,59,1),
('2024-06-14 14:43:12.134553','2024-06-25 13:05:43.000000',1000,0,60,60,1),
('2024-06-14 14:46:12.530510','2024-06-25 14:03:14.000000',1000,0,61,61,1),
('2024-06-14 14:47:59.869659','2024-06-25 14:04:16.000000',1000,0,62,62,1),
('2024-06-14 14:48:45.300963','2024-06-25 14:04:32.000000',1000,0,63,63,1),
('2024-06-14 15:06:58.075653','2024-06-25 14:50:56.000000',1000,0,64,64,1),
('2024-06-14 15:07:41.355019','2024-06-25 14:50:42.000000',1000,0,65,65,1),
('2024-06-14 15:08:24.033763','2024-07-04 10:02:05.000000',1000,0,66,66,1),
('2024-06-14 15:09:30.903593','2024-07-04 10:02:16.000000',1000,0,67,67,1),
('2024-06-14 16:07:18.330826','2024-06-14 16:07:18.330826',0,0,68,68,1),
('2024-06-18 12:53:30.918014','2024-06-18 12:53:30.918014',0,0,69,69,1),
('2024-06-18 12:54:37.518390','2024-06-18 12:54:37.518390',0,0,70,70,1),
('2024-06-18 12:55:33.102386','2024-06-18 12:55:33.102386',0,0,71,71,1),
('2024-06-18 12:56:02.736222','2024-06-18 12:56:02.736222',0,0,72,72,1),
('2024-06-18 12:57:17.643027','2024-06-18 12:57:17.643027',0,0,73,73,1),
('2024-06-18 13:04:09.911771','2024-06-18 13:04:09.911771',0,0,74,74,1),
('2024-06-18 13:09:50.064927','2024-06-18 13:09:50.064927',0,0,75,75,1),
('2024-06-18 13:11:10.564367','2024-06-18 13:11:10.564367',0,0,76,76,1),
('2024-06-18 13:11:45.197827','2024-06-18 13:11:45.197827',0,0,77,77,1),
('2024-06-18 13:16:18.215869','2024-06-18 13:16:18.215869',0,0,78,78,1),
('2024-06-18 13:16:47.048021','2024-06-18 13:16:47.048021',0,0,79,79,1),
('2024-06-18 13:17:19.627548','2024-06-18 13:17:19.627548',0,0,80,80,1),
('2024-06-18 13:18:06.370029','2024-06-18 13:18:06.370029',0,0,81,81,1),
('2024-06-18 13:18:51.109898','2024-06-18 13:18:51.109898',0,0,82,82,1),
('2024-06-18 13:19:11.916767','2024-06-18 13:19:11.916767',0,0,83,83,1),
('2024-06-25 14:25:04.393625','2024-06-25 14:25:04.393625',0,0,84,84,1),
('2024-06-26 11:07:59.259258','2024-06-26 11:07:59.000000',1000,0,85,85,1),
('2024-06-26 11:22:19.879359','2024-06-26 11:22:19.000000',1000,0,86,86,1),
('2024-06-26 11:22:47.586662','2024-06-26 11:22:47.000000',1000,0,87,87,1),
('2024-06-26 11:23:33.994864','2024-07-23 08:53:07.000000',1000,1,88,88,1),
('2024-06-26 11:23:46.192268','2024-06-26 11:23:46.000000',1000,0,89,89,1),
('2024-07-08 09:03:14.511171','2024-07-08 09:03:24.000000',1000,0,90,118,1),
('2024-07-08 09:04:07.918255','2024-07-08 09:04:07.918255',0,0,91,119,1),
('2024-07-08 09:04:43.819212','2024-07-08 09:05:00.000000',1000,0,92,120,1),
('2024-07-08 09:05:35.835147','2024-07-08 09:05:47.000000',1000,0,93,121,1),
('2024-07-08 09:06:07.662157','2024-07-08 09:06:17.000000',1000,0,94,122,1),
('2024-07-08 09:06:41.178368','2024-07-08 09:06:49.000000',1000,0,95,123,1),
('2024-07-22 13:33:20.569343','2024-07-22 13:33:20.000000',1000,0,96,107,1),
('2024-07-22 13:33:35.174634','2024-07-22 13:33:35.000000',1000,0,97,108,1),
('2024-07-22 13:33:44.530607','2024-07-22 13:33:44.000000',1000,0,98,109,1),
('2024-07-22 13:33:59.318678','2024-07-22 13:33:59.000000',1000,0,99,110,1),
('2024-07-22 13:34:14.434923','2024-07-22 13:34:14.000000',1000,0,100,111,1),
('2024-07-22 13:34:25.734278','2024-07-22 13:34:25.000000',1000,0,101,117,1),
('2024-07-22 13:34:39.278635','2024-07-22 13:34:39.000000',1000,0,102,116,1),
('2024-07-22 13:35:46.250836','2024-07-22 13:35:46.000000',1000,0,103,112,1),
('2024-07-22 13:35:56.207268','2024-07-22 13:35:56.000000',1000,0,104,113,1),
('2024-07-22 13:36:05.972866','2024-07-22 13:36:05.000000',1000,0,105,114,1),
('2024-07-22 13:36:16.306510','2024-07-22 13:36:16.000000',1000,0,106,115,1);

--
-- Table structure for table `stock_location`
--

CREATE TABLE `stock_location` (
  `createdAt` datetime(6) NOT NULL DEFAULT current_timestamp(6),
  `updatedAt` datetime(6) NOT NULL DEFAULT current_timestamp(6) ON UPDATE current_timestamp(6),
  `name` varchar(255) NOT NULL,
  `description` varchar(255) NOT NULL,
  `id` int(11) NOT NULL AUTO_INCREMENT,
  PRIMARY KEY (`id`)
) ENGINE=InnoDB AUTO_INCREMENT=2 DEFAULT CHARSET=utf8mb4 COLLATE=utf8mb4_general_ci;

--
-- Dumping data for table `stock_location`
--

INSERT INTO `stock_location` VALUES
('2024-06-01 19:19:41.509043','2024-06-01 19:19:41.509043','Default Stock Location','The default stock location',1);

--
-- Table structure for table `stock_location_channels_channel`
--

CREATE TABLE `stock_location_channels_channel` (
  `stockLocationId` int(11) NOT NULL,
  `channelId` int(11) NOT NULL,
  PRIMARY KEY (`stockLocationId`,`channelId`),
  KEY `IDX_39513fd02a573c848d23bee587` (`stockLocationId`),
  KEY `IDX_ff8150fe54e56a900d5712671a` (`channelId`),
  CONSTRAINT `FK_39513fd02a573c848d23bee587d` FOREIGN KEY (`stockLocationId`) REFERENCES `stock_location` (`id`) ON DELETE CASCADE ON UPDATE CASCADE,
  CONSTRAINT `FK_ff8150fe54e56a900d5712671a0` FOREIGN KEY (`channelId`) REFERENCES `channel` (`id`) ON DELETE CASCADE ON UPDATE NO ACTION
) ENGINE=InnoDB DEFAULT CHARSET=utf8mb4 COLLATE=utf8mb4_general_ci;

--
-- Dumping data for table `stock_location_channels_channel`
--

INSERT INTO `stock_location_channels_channel` VALUES
(1,1);

--
-- Table structure for table `stock_movement`
--

CREATE TABLE `stock_movement` (
  `createdAt` datetime(6) NOT NULL DEFAULT current_timestamp(6),
  `updatedAt` datetime(6) NOT NULL DEFAULT current_timestamp(6) ON UPDATE current_timestamp(6),
  `type` varchar(255) NOT NULL,
  `quantity` int(11) NOT NULL,
  `id` int(11) NOT NULL AUTO_INCREMENT,
  `stockLocationId` int(11) NOT NULL,
  `discriminator` varchar(255) NOT NULL,
  `productVariantId` int(11) DEFAULT NULL,
  `orderLineId` int(11) DEFAULT NULL,
  PRIMARY KEY (`id`),
  KEY `IDX_e65ba3882557cab4febb54809b` (`productVariantId`),
  KEY `IDX_a2fe7172eeae9f1cca86f8f573` (`stockLocationId`),
  KEY `IDX_d2c8d5fca981cc820131f81aa8` (`orderLineId`),
  KEY `IDX_94e15d5f12d355d117390131ac` (`discriminator`),
  CONSTRAINT `FK_a2fe7172eeae9f1cca86f8f573a` FOREIGN KEY (`stockLocationId`) REFERENCES `stock_location` (`id`) ON DELETE CASCADE ON UPDATE NO ACTION,
  CONSTRAINT `FK_d2c8d5fca981cc820131f81aa83` FOREIGN KEY (`orderLineId`) REFERENCES `order_line` (`id`) ON DELETE NO ACTION ON UPDATE NO ACTION,
  CONSTRAINT `FK_e65ba3882557cab4febb54809bb` FOREIGN KEY (`productVariantId`) REFERENCES `product_variant` (`id`) ON DELETE NO ACTION ON UPDATE NO ACTION
) ENGINE=InnoDB AUTO_INCREMENT=110 DEFAULT CHARSET=utf8mb4 COLLATE=utf8mb4_general_ci;

--
-- Dumping data for table `stock_movement`
--

INSERT INTO `stock_movement` VALUES
('2024-06-01 23:33:48.519784','2024-06-01 23:33:48.519784','ADJUSTMENT',100,1,1,'StockAdjustment',1,NULL),
('2024-06-01 23:37:13.752816','2024-06-01 23:37:13.752816','ADJUSTMENT',-63,2,1,'StockAdjustment',1,NULL),
('2024-06-01 23:39:39.332133','2024-06-01 23:39:39.332133','ADJUSTMENT',10,3,1,'StockAdjustment',2,NULL),
('2024-06-01 23:51:56.788340','2024-06-01 23:51:56.788340','ADJUSTMENT',100,4,1,'StockAdjustment',3,NULL),
('2024-06-01 23:55:07.834054','2024-06-01 23:55:07.834054','ADJUSTMENT',100,5,1,'StockAdjustment',4,NULL),
('2024-06-02 06:11:47.686581','2024-06-02 06:11:47.686581','ADJUSTMENT',2,6,1,'StockAdjustment',5,NULL),
('2024-06-02 06:23:19.284951','2024-06-02 06:23:19.284951','ADJUSTMENT',5,7,1,'StockAdjustment',6,NULL),
('2024-06-02 06:28:37.366672','2024-06-02 06:28:37.366672','ADJUSTMENT',100,8,1,'StockAdjustment',7,NULL),
('2024-06-02 06:32:48.713958','2024-06-02 06:32:48.713958','ADJUSTMENT',8,9,1,'StockAdjustment',8,NULL),
('2024-06-02 06:37:32.855219','2024-06-02 06:37:32.855219','ADJUSTMENT',7,10,1,'StockAdjustment',9,NULL),
('2024-06-02 06:41:52.272399','2024-06-02 06:41:52.272399','ADJUSTMENT',9,11,1,'StockAdjustment',10,NULL),
('2024-06-02 06:45:00.100821','2024-06-02 06:45:00.100821','ADJUSTMENT',100,12,1,'StockAdjustment',11,NULL),
('2024-06-02 06:50:52.515977','2024-06-02 06:50:52.515977','ADJUSTMENT',3,13,1,'StockAdjustment',12,NULL),
('2024-06-02 06:54:10.728509','2024-06-02 06:54:10.728509','ADJUSTMENT',3,14,1,'StockAdjustment',13,NULL),
('2024-06-02 06:55:43.714177','2024-06-02 06:55:43.714177','ADJUSTMENT',-97,15,1,'StockAdjustment',11,NULL),
('2024-06-02 06:56:39.639433','2024-06-02 06:56:39.639433','ADJUSTMENT',3,16,1,'StockAdjustment',14,NULL),
('2024-06-02 07:01:21.151390','2024-06-02 07:01:21.151390','ADJUSTMENT',3,17,1,'StockAdjustment',15,NULL),
('2024-06-02 07:05:08.752672','2024-06-02 07:05:08.752672','ADJUSTMENT',9,18,1,'StockAdjustment',16,NULL),
('2024-06-02 07:07:09.872297','2024-06-02 07:07:09.872297','ADJUSTMENT',28,19,1,'StockAdjustment',17,NULL),
('2024-06-02 07:11:03.400716','2024-06-02 07:11:03.400716','ADJUSTMENT',24,20,1,'StockAdjustment',18,NULL),
('2024-06-02 07:16:09.302116','2024-06-02 07:16:09.302116','ADJUSTMENT',37,21,1,'StockAdjustment',19,NULL),
('2024-06-02 13:57:27.343441','2024-06-02 13:57:27.343441','ADJUSTMENT',12,22,1,'StockAdjustment',20,NULL),
('2024-06-02 13:59:46.639089','2024-06-02 13:59:46.639089','ADJUSTMENT',6,23,1,'StockAdjustment',21,NULL),
('2024-06-02 14:01:53.609194','2024-06-02 14:01:53.609194','ADJUSTMENT',6,24,1,'StockAdjustment',22,NULL),
('2024-06-02 14:05:23.272392','2024-06-02 14:05:23.272392','ADJUSTMENT',4,25,1,'StockAdjustment',23,NULL),
('2024-06-02 14:10:09.675007','2024-06-02 14:10:09.675007','ADJUSTMENT',31,26,1,'StockAdjustment',24,NULL),
('2024-06-02 14:11:46.731279','2024-06-02 14:11:46.731279','ADJUSTMENT',6,27,1,'StockAdjustment',25,NULL),
('2024-06-02 14:14:15.155280','2024-06-02 14:14:15.155280','ADJUSTMENT',2,28,1,'StockAdjustment',26,NULL),
('2024-06-02 14:16:53.585400','2024-06-02 14:16:53.585400','ADJUSTMENT',6,29,1,'StockAdjustment',27,NULL),
('2024-06-02 14:21:07.125005','2024-06-02 14:21:07.125005','ADJUSTMENT',6,30,1,'StockAdjustment',28,NULL),
('2024-06-02 14:23:54.172971','2024-06-02 14:23:54.172971','ADJUSTMENT',2,31,1,'StockAdjustment',29,NULL),
('2024-06-02 14:25:54.087401','2024-06-02 14:25:54.087401','ADJUSTMENT',8,32,1,'StockAdjustment',30,NULL),
('2024-06-02 14:29:47.132432','2024-06-02 14:29:47.132432','ADJUSTMENT',1,33,1,'StockAdjustment',31,NULL),
('2024-06-02 14:33:45.365410','2024-06-02 14:33:45.365410','ADJUSTMENT',1,34,1,'StockAdjustment',32,NULL),
('2024-06-02 14:37:29.517839','2024-06-02 14:37:29.517839','ADJUSTMENT',1,35,1,'StockAdjustment',33,NULL),
('2024-06-02 14:40:46.921371','2024-06-02 14:40:46.921371','ADJUSTMENT',1,36,1,'StockAdjustment',34,NULL),
('2024-06-02 14:49:21.542811','2024-06-02 14:49:21.542811','ADJUSTMENT',41,37,1,'StockAdjustment',35,NULL),
('2024-06-02 14:52:23.007692','2024-06-02 14:52:23.007692','ADJUSTMENT',11,38,1,'StockAdjustment',36,NULL),
('2024-06-02 14:57:34.050658','2024-06-02 14:57:34.050658','ADJUSTMENT',1,39,1,'StockAdjustment',37,NULL),
('2024-06-02 15:01:26.883733','2024-06-02 15:01:26.883733','ADJUSTMENT',1,40,1,'StockAdjustment',38,NULL),
('2024-06-02 15:03:28.261425','2024-06-02 15:03:28.261425','ADJUSTMENT',1,41,1,'StockAdjustment',39,NULL),
('2024-06-02 15:11:07.100127','2024-06-02 15:11:07.100127','ADJUSTMENT',1,42,1,'StockAdjustment',40,NULL),
('2024-06-02 15:13:33.521015','2024-06-02 15:13:33.521015','ADJUSTMENT',1,43,1,'StockAdjustment',41,NULL),
('2024-06-02 15:16:10.296684','2024-06-02 15:16:10.296684','ADJUSTMENT',1,44,1,'StockAdjustment',42,NULL),
('2024-06-02 15:18:47.398009','2024-06-02 15:18:47.398009','ADJUSTMENT',1,45,1,'StockAdjustment',43,NULL),
('2024-06-02 15:19:55.294872','2024-06-02 15:19:55.294872','ADJUSTMENT',1,46,1,'StockAdjustment',44,NULL),
('2024-06-02 15:21:54.112766','2024-06-02 15:21:54.112766','ADJUSTMENT',1,47,1,'StockAdjustment',45,NULL),
('2024-06-02 15:24:41.600914','2024-06-02 15:24:41.600914','ADJUSTMENT',1,48,1,'StockAdjustment',46,NULL),
('2024-06-02 15:27:49.385750','2024-06-02 15:27:49.385750','ADJUSTMENT',1,49,1,'StockAdjustment',47,NULL),
('2024-06-02 19:00:07.161945','2024-06-02 19:00:07.161945','ADJUSTMENT',1,50,1,'StockAdjustment',48,NULL),
('2024-06-02 19:02:36.646112','2024-06-02 19:02:36.646112','ADJUSTMENT',1,51,1,'StockAdjustment',49,NULL),
('2024-06-02 19:04:55.810332','2024-06-02 19:04:55.810332','ADJUSTMENT',1,52,1,'StockAdjustment',50,NULL),
('2024-06-02 19:06:53.533359','2024-06-02 19:06:53.533359','ADJUSTMENT',11,53,1,'StockAdjustment',51,NULL),
('2024-06-02 19:08:47.565756','2024-06-02 19:08:47.565756','ADJUSTMENT',14,54,1,'StockAdjustment',52,NULL),
('2024-06-02 19:10:53.844150','2024-06-02 19:10:53.844150','ADJUSTMENT',1,55,1,'StockAdjustment',53,NULL),
('2024-06-02 19:16:17.480128','2024-06-02 19:16:17.480128','ADJUSTMENT',100,56,1,'StockAdjustment',54,NULL),
('2024-06-02 19:18:12.192172','2024-06-02 19:18:12.192172','ADJUSTMENT',100,57,1,'StockAdjustment',55,NULL),
('2024-06-02 19:20:23.699140','2024-06-02 19:20:23.699140','ADJUSTMENT',100,58,1,'StockAdjustment',56,NULL),
('2024-06-02 19:23:11.363435','2024-06-02 19:23:11.363435','ADJUSTMENT',100,59,1,'StockAdjustment',57,NULL),
('2024-06-02 19:24:48.174905','2024-06-02 19:24:48.174905','ADJUSTMENT',100,60,1,'StockAdjustment',58,NULL),
('2024-06-02 19:26:34.928188','2024-06-02 19:26:34.928188','ADJUSTMENT',100,61,1,'StockAdjustment',59,NULL),
('2024-06-03 14:07:59.456366','2024-06-03 14:07:59.456366','ALLOCATION',1,62,1,'Allocation',18,3),
('2024-06-25 13:05:43.774237','2024-06-25 13:05:43.774237','ADJUSTMENT',1000,63,1,'StockAdjustment',60,NULL),
('2024-06-25 14:03:14.335769','2024-06-25 14:03:14.335769','ADJUSTMENT',1000,64,1,'StockAdjustment',61,NULL),
('2024-06-25 14:04:16.423706','2024-06-25 14:04:16.423706','ADJUSTMENT',1000,65,1,'StockAdjustment',62,NULL),
('2024-06-25 14:04:32.945123','2024-06-25 14:04:32.945123','ADJUSTMENT',1000,66,1,'StockAdjustment',63,NULL),
('2024-06-25 14:50:42.474138','2024-06-25 14:50:42.474138','ADJUSTMENT',1000,67,1,'StockAdjustment',65,NULL),
('2024-06-25 14:50:56.170286','2024-06-25 14:50:56.170286','ADJUSTMENT',1000,68,1,'StockAdjustment',64,NULL),
('2024-06-26 10:47:34.659150','2024-06-26 10:47:34.659150','ADJUSTMENT',959,69,1,'StockAdjustment',35,NULL),
('2024-06-26 11:05:27.552735','2024-06-26 11:05:27.552735','ADJUSTMENT',999,70,1,'StockAdjustment',37,NULL),
('2024-06-26 11:07:59.263620','2024-06-26 11:07:59.263620','ADJUSTMENT',1000,71,1,'StockAdjustment',85,NULL),
('2024-06-26 11:22:19.886818','2024-06-26 11:22:19.886818','ADJUSTMENT',1000,72,1,'StockAdjustment',86,NULL),
('2024-06-26 11:22:47.588139','2024-06-26 11:22:47.588139','ADJUSTMENT',1000,73,1,'StockAdjustment',87,NULL),
('2024-06-26 11:23:33.996729','2024-06-26 11:23:33.996729','ADJUSTMENT',1000,74,1,'StockAdjustment',88,NULL),
('2024-06-26 11:23:46.193320','2024-06-26 11:23:46.193320','ADJUSTMENT',1000,75,1,'StockAdjustment',89,NULL),
('2024-06-26 12:03:26.286067','2024-06-26 12:03:26.286067','ADJUSTMENT',999,76,1,'StockAdjustment',38,NULL),
('2024-06-26 15:49:46.382623','2024-06-26 15:49:46.382623','ADJUSTMENT',963,77,1,'StockAdjustment',19,NULL),
('2024-07-04 10:02:05.434950','2024-07-04 10:02:05.434950','ADJUSTMENT',1000,78,1,'StockAdjustment',66,NULL),
('2024-07-04 10:02:16.397372','2024-07-04 10:02:16.397372','ADJUSTMENT',1000,79,1,'StockAdjustment',67,NULL),
('2024-07-08 09:03:24.518372','2024-07-08 09:03:24.518372','ADJUSTMENT',1000,80,1,'StockAdjustment',118,NULL),
('2024-07-08 09:05:00.845358','2024-07-08 09:05:00.845358','ADJUSTMENT',1000,81,1,'StockAdjustment',120,NULL),
('2024-07-08 09:05:47.033222','2024-07-08 09:05:47.033222','ADJUSTMENT',1000,82,1,'StockAdjustment',121,NULL),
('2024-07-08 09:06:17.856412','2024-07-08 09:06:17.856412','ADJUSTMENT',1000,83,1,'StockAdjustment',122,NULL),
('2024-07-08 09:06:49.034666','2024-07-08 09:06:49.034666','ADJUSTMENT',1000,84,1,'StockAdjustment',123,NULL),
('2024-07-10 10:45:41.672305','2024-07-10 10:45:41.672305','ALLOCATION',1,85,1,'Allocation',2,50),
('2024-07-20 06:51:08.359785','2024-07-20 06:51:08.359785','ALLOCATION',1,86,1,'Allocation',34,64),
('2024-07-20 07:50:05.257533','2024-07-20 07:50:05.257533','ADJUSTMENT',999,87,1,'StockAdjustment',41,NULL),
('2024-07-22 11:25:39.296761','2024-07-22 11:25:39.296761','ADJUSTMENT',999,88,1,'StockAdjustment',34,NULL),
('2024-07-22 13:32:49.248695','2024-07-22 13:32:49.248695','ADJUSTMENT',999,89,1,'StockAdjustment',39,NULL),
('2024-07-22 13:33:20.572301','2024-07-22 13:33:20.572301','ADJUSTMENT',1000,90,1,'StockAdjustment',107,NULL),
('2024-07-22 13:33:35.175820','2024-07-22 13:33:35.175820','ADJUSTMENT',1000,91,1,'StockAdjustment',108,NULL),
('2024-07-22 13:33:44.531599','2024-07-22 13:33:44.531599','ADJUSTMENT',1000,92,1,'StockAdjustment',109,NULL),
('2024-07-22 13:33:59.320540','2024-07-22 13:33:59.320540','ADJUSTMENT',1000,93,1,'StockAdjustment',110,NULL),
('2024-07-22 13:34:14.435794','2024-07-22 13:34:14.435794','ADJUSTMENT',1000,94,1,'StockAdjustment',111,NULL),
('2024-07-22 13:34:25.735366','2024-07-22 13:34:25.735366','ADJUSTMENT',1000,95,1,'StockAdjustment',117,NULL),
('2024-07-22 13:34:39.279674','2024-07-22 13:34:39.279674','ADJUSTMENT',1000,96,1,'StockAdjustment',116,NULL),
('2024-07-22 13:35:46.251723','2024-07-22 13:35:46.251723','ADJUSTMENT',1000,97,1,'StockAdjustment',112,NULL),
('2024-07-22 13:35:56.208538','2024-07-22 13:35:56.208538','ADJUSTMENT',1000,98,1,'StockAdjustment',113,NULL),
('2024-07-22 13:36:05.974032','2024-07-22 13:36:05.974032','ADJUSTMENT',1000,99,1,'StockAdjustment',114,NULL),
('2024-07-22 13:36:16.307647','2024-07-22 13:36:16.307647','ADJUSTMENT',1000,100,1,'StockAdjustment',115,NULL),
('2024-07-22 13:58:57.963679','2024-07-22 13:58:57.963679','ADJUSTMENT',999,101,1,'StockAdjustment',43,NULL),
('2024-07-22 14:01:48.992970','2024-07-22 14:01:48.992970','ADJUSTMENT',999,102,1,'StockAdjustment',40,NULL),
('2024-07-23 08:44:51.696644','2024-07-23 08:44:51.696644','ALLOCATION',1,103,1,'Allocation',37,83),
('2024-07-23 08:50:48.817838','2024-07-23 08:50:48.817838','RELEASE',1,104,1,'Release',37,83),
('2024-07-23 08:53:07.346445','2024-07-23 08:53:07.346445','ALLOCATION',1,105,1,'Allocation',88,84),
('2024-07-23 09:12:48.920839','2024-07-23 09:12:48.920839','ALLOCATION',1,106,1,'Allocation',32,85),
('2024-07-23 14:09:38.506665','2024-07-23 14:09:38.506665','ADJUSTMENT',999,107,1,'StockAdjustment',31,NULL),
('2024-07-23 14:38:22.403514','2024-07-23 14:38:22.403514','ADJUSTMENT',999,108,1,'StockAdjustment',32,NULL),
('2024-07-23 14:38:32.360810','2024-07-23 14:38:32.360810','ADJUSTMENT',999,109,1,'StockAdjustment',33,NULL);

--
-- Table structure for table `surcharge`
--

CREATE TABLE `surcharge` (
  `createdAt` datetime(6) NOT NULL DEFAULT current_timestamp(6),
  `updatedAt` datetime(6) NOT NULL DEFAULT current_timestamp(6) ON UPDATE current_timestamp(6),
  `description` varchar(255) NOT NULL,
  `listPriceIncludesTax` tinyint(4) NOT NULL,
  `sku` varchar(255) NOT NULL,
  `taxLines` text NOT NULL,
  `id` int(11) NOT NULL AUTO_INCREMENT,
  `listPrice` int(11) NOT NULL,
  `orderId` int(11) DEFAULT NULL,
  `orderModificationId` int(11) DEFAULT NULL,
  PRIMARY KEY (`id`),
  KEY `IDX_154eb685f9b629033bd266df7f` (`orderId`),
  KEY `IDX_a49c5271c39cc8174a0535c808` (`orderModificationId`),
  CONSTRAINT `FK_154eb685f9b629033bd266df7fa` FOREIGN KEY (`orderId`) REFERENCES `order` (`id`) ON DELETE CASCADE ON UPDATE NO ACTION,
  CONSTRAINT `FK_a49c5271c39cc8174a0535c8088` FOREIGN KEY (`orderModificationId`) REFERENCES `order_modification` (`id`) ON DELETE NO ACTION ON UPDATE NO ACTION
) ENGINE=InnoDB DEFAULT CHARSET=utf8mb4 COLLATE=utf8mb4_general_ci;

--
-- Dumping data for table `surcharge`
--


--
-- Table structure for table `tag`
--

CREATE TABLE `tag` (
  `createdAt` datetime(6) NOT NULL DEFAULT current_timestamp(6),
  `updatedAt` datetime(6) NOT NULL DEFAULT current_timestamp(6) ON UPDATE current_timestamp(6),
  `value` varchar(255) NOT NULL,
  `id` int(11) NOT NULL AUTO_INCREMENT,
  PRIMARY KEY (`id`)
) ENGINE=InnoDB DEFAULT CHARSET=utf8mb4 COLLATE=utf8mb4_general_ci;

--
-- Dumping data for table `tag`
--


--
-- Table structure for table `tax_category`
--

CREATE TABLE `tax_category` (
  `createdAt` datetime(6) NOT NULL DEFAULT current_timestamp(6),
  `updatedAt` datetime(6) NOT NULL DEFAULT current_timestamp(6) ON UPDATE current_timestamp(6),
  `name` varchar(255) NOT NULL,
  `isDefault` tinyint(4) NOT NULL DEFAULT 0,
  `id` int(11) NOT NULL AUTO_INCREMENT,
  PRIMARY KEY (`id`)
) ENGINE=InnoDB AUTO_INCREMENT=4 DEFAULT CHARSET=utf8mb4 COLLATE=utf8mb4_general_ci;

--
-- Dumping data for table `tax_category`
--

INSERT INTO `tax_category` VALUES
('2024-06-01 19:19:42.431431','2024-06-01 19:19:42.431431','Standard Tax',0,1),
('2024-06-01 19:19:42.444258','2024-06-01 19:19:42.444258','Reduced Tax',0,2),
('2024-06-01 19:19:42.475751','2024-06-01 19:19:42.475751','Zero Tax',0,3);

--
-- Table structure for table `tax_rate`
--

CREATE TABLE `tax_rate` (
  `createdAt` datetime(6) NOT NULL DEFAULT current_timestamp(6),
  `updatedAt` datetime(6) NOT NULL DEFAULT current_timestamp(6) ON UPDATE current_timestamp(6),
  `name` varchar(255) NOT NULL,
  `enabled` tinyint(4) NOT NULL,
  `value` decimal(5,2) NOT NULL,
  `id` int(11) NOT NULL AUTO_INCREMENT,
  `categoryId` int(11) DEFAULT NULL,
  `zoneId` int(11) DEFAULT NULL,
  `customerGroupId` int(11) DEFAULT NULL,
  PRIMARY KEY (`id`),
  KEY `IDX_7ee3306d7638aa85ca90d67219` (`categoryId`),
  KEY `IDX_9872fc7de2f4e532fd3230d191` (`zoneId`),
  KEY `IDX_8b5ab52fc8887c1a769b9276ca` (`customerGroupId`),
  CONSTRAINT `FK_7ee3306d7638aa85ca90d672198` FOREIGN KEY (`categoryId`) REFERENCES `tax_category` (`id`) ON DELETE NO ACTION ON UPDATE NO ACTION,
  CONSTRAINT `FK_8b5ab52fc8887c1a769b9276caf` FOREIGN KEY (`customerGroupId`) REFERENCES `customer_group` (`id`) ON DELETE NO ACTION ON UPDATE NO ACTION,
  CONSTRAINT `FK_9872fc7de2f4e532fd3230d1915` FOREIGN KEY (`zoneId`) REFERENCES `zone` (`id`) ON DELETE NO ACTION ON UPDATE NO ACTION
) ENGINE=InnoDB AUTO_INCREMENT=16 DEFAULT CHARSET=utf8mb4 COLLATE=utf8mb4_general_ci;

--
-- Dumping data for table `tax_rate`
--

INSERT INTO `tax_rate` VALUES
('2024-06-01 19:19:42.433312','2024-06-01 19:19:42.433312','Standard Tax Asia',1,20.00,1,1,1,NULL),
('2024-06-01 19:19:42.436498','2024-06-01 19:19:42.436498','Standard Tax Europe',1,20.00,2,1,2,NULL),
('2024-06-01 19:19:42.438491','2024-06-03 13:47:42.000000','Standard Tax Africa',1,15.00,3,3,3,NULL),
('2024-06-01 19:19:42.440655','2024-06-01 19:19:42.440655','Standard Tax Oceania',1,20.00,4,1,4,NULL),
('2024-06-01 19:19:42.442629','2024-06-01 19:19:42.442629','Standard Tax Americas',1,20.00,5,1,5,NULL),
('2024-06-01 19:19:42.446121','2024-06-01 19:19:42.446121','Reduced Tax Asia',1,10.00,6,2,1,NULL),
('2024-06-01 19:19:42.453473','2024-06-01 19:19:42.453473','Reduced Tax Europe',1,10.00,7,2,2,NULL),
('2024-06-01 19:19:42.459083','2024-06-01 19:19:42.459083','Reduced Tax Africa',1,10.00,8,2,3,NULL),
('2024-06-01 19:19:42.464569','2024-06-01 19:19:42.464569','Reduced Tax Oceania',1,10.00,9,2,4,NULL),
('2024-06-01 19:19:42.471535','2024-06-01 19:19:42.471535','Reduced Tax Americas',1,10.00,10,2,5,NULL),
('2024-06-01 19:19:42.480955','2024-06-01 19:19:42.480955','Zero Tax Asia',1,0.00,11,3,1,NULL),
('2024-06-01 19:19:42.488266','2024-06-01 19:19:42.488266','Zero Tax Europe',1,0.00,12,3,2,NULL),
('2024-06-01 19:19:42.496078','2024-06-01 19:19:42.496078','Zero Tax Africa',1,0.00,13,3,3,NULL),
('2024-06-01 19:19:42.501197','2024-06-01 19:19:42.501197','Zero Tax Oceania',1,0.00,14,3,4,NULL),
('2024-06-01 19:19:42.506099','2024-06-01 19:19:42.506099','Zero Tax Americas',1,0.00,15,3,5,NULL);

--
-- Table structure for table `user`
--

CREATE TABLE `user` (
  `createdAt` datetime(6) NOT NULL DEFAULT current_timestamp(6),
  `updatedAt` datetime(6) NOT NULL DEFAULT current_timestamp(6) ON UPDATE current_timestamp(6),
  `deletedAt` datetime DEFAULT NULL,
  `identifier` varchar(255) NOT NULL,
  `verified` tinyint(4) NOT NULL DEFAULT 0,
  `lastLogin` datetime DEFAULT NULL,
  `id` int(11) NOT NULL AUTO_INCREMENT,
  PRIMARY KEY (`id`)
) ENGINE=InnoDB AUTO_INCREMENT=47 DEFAULT CHARSET=utf8mb4 COLLATE=utf8mb4_general_ci;

--
-- Dumping data for table `user`
--

INSERT INTO `user` VALUES
('2024-06-01 19:19:41.487713','2024-07-23 14:37:39.000000',NULL,'superadmin',1,'2024-07-23 12:37:39',1),
('2024-06-03 04:53:20.512480','2024-06-06 11:52:30.000000','2024-06-06 09:52:30','japhet@tdmc.co.za',1,'2024-06-06 07:18:39',2),
('2024-06-06 11:50:18.354755','2024-06-07 11:10:56.000000',NULL,'noufal@tdmc.co.za',1,'2024-06-07 09:10:56',3),
('2024-06-06 11:54:02.520800','2024-06-06 12:54:07.000000','2024-06-06 10:54:07','japhet@tdmc.co.za',1,NULL,4),
('2024-06-06 12:54:44.014042','2024-06-06 13:00:59.000000','2024-06-06 11:00:59','japhet@tdmc.co.za',0,NULL,5),
('2024-06-06 13:05:30.383567','2024-06-06 13:11:02.000000','2024-06-06 11:11:02','japhet@tdmc.co.za',0,NULL,6),
('2024-06-06 13:12:10.706140','2024-06-06 14:05:00.000000','2024-06-06 12:05:00','japhet@tdmc.co.za',0,NULL,7),
('2024-06-06 14:05:48.374175','2024-06-06 14:14:52.000000','2024-06-06 12:14:52','japhet@tdmc.co.za',0,NULL,8),
('2024-06-06 14:15:51.452815','2024-06-06 15:22:33.000000','2024-06-06 13:22:33','japhet@tdmc.co.za',0,NULL,9),
('2024-06-06 15:24:08.779094','2024-06-06 15:25:21.000000','2024-06-06 13:25:21','japhet@tdmc.co.za',0,NULL,10),
('2024-06-06 15:26:29.473319','2024-06-07 08:01:36.000000','2024-06-07 06:01:36','japhet@tdmc.co.za',1,'2024-06-06 13:27:32',11),
('2024-06-07 08:03:04.202669','2024-06-07 10:06:44.000000','2024-06-07 08:06:44','japhet@tdmc.co.za',1,'2024-06-07 06:04:56',12),
('2024-06-07 10:17:13.145194','2024-06-07 10:18:02.000000','2024-06-07 08:18:02','japhet@tdmc.co.za',1,'2024-06-07 08:17:29',13),
('2024-06-07 13:22:37.823115','2024-06-10 09:47:53.000000','2024-06-10 07:47:53','japhet@tdmc.co.za',1,'2024-06-10 07:01:54',14),
('2024-06-11 04:50:01.831971','2024-06-11 05:11:26.000000','2024-06-11 03:11:26','john.doe@example.com',0,NULL,15),
('2024-06-11 05:10:08.734885','2024-06-11 05:11:26.000000','2024-06-11 03:11:26','japhet@tdmc.co.za',0,NULL,16),
('2024-06-11 05:14:23.159536','2024-06-11 05:25:26.000000','2024-06-11 03:25:26','japhet@tdmc.co.za',0,NULL,17),
('2024-06-11 05:25:51.979847','2024-06-11 05:31:59.000000','2024-06-11 03:31:59','japhet@tdmc.co.za',0,NULL,18),
('2024-06-11 06:20:21.152923','2024-06-11 06:23:00.000000','2024-06-11 04:23:00','japhet@tdmc.co.za',0,NULL,19),
('2024-06-11 06:23:17.526985','2024-06-11 06:39:01.000000','2024-06-11 04:39:01','japhet@tdmc.co.za',0,NULL,20),
('2024-06-11 06:48:19.893223','2024-06-11 09:32:37.000000','2024-06-11 07:32:37','japhet@tdmc.co.za',0,NULL,21),
('2024-06-11 09:34:17.169181','2024-06-11 09:43:54.000000','2024-06-11 07:43:54','japhet@tdmc.co.za',0,NULL,22),
('2024-06-12 08:50:28.581392','2024-06-12 08:54:30.000000','2024-06-12 06:54:30','japhet@tdmc.co.za',0,NULL,23),
('2024-06-12 08:54:42.034097','2024-06-12 08:55:40.000000','2024-06-12 06:55:40','japhet@tdmc.co.za',0,NULL,24),
('2024-06-12 08:56:00.487522','2024-06-12 08:56:24.000000','2024-06-12 06:56:24','japhet@tdmc.co.za',0,NULL,25),
('2024-06-12 08:56:28.706952','2024-06-12 08:56:35.000000','2024-06-12 06:56:35','japhet@tdmc.co.za',0,NULL,26),
('2024-06-12 08:56:38.451833','2024-06-12 08:56:45.000000','2024-06-12 06:56:45','japhet@tdmc.co.za',0,NULL,27),
('2024-06-12 08:56:54.547068','2024-06-12 08:57:03.000000','2024-06-12 06:57:03','japhet@tdmc.co.za',0,NULL,28),
('2024-06-12 08:57:16.282388','2024-06-12 08:57:22.000000','2024-06-12 06:57:22','japhet@tdmc.co.za',0,NULL,29),
('2024-06-12 09:02:54.813514','2024-06-12 09:05:06.000000','2024-06-12 07:05:06','japhet@tdmc.co.za',0,NULL,30),
('2024-06-12 09:05:26.801211','2024-06-12 09:18:31.000000','2024-06-12 07:18:31','japhet@tdmc.co.za',0,NULL,31),
('2024-06-12 09:19:34.093816','2024-06-12 10:31:17.000000','2024-06-12 08:31:17','japhet@tdmc.co.za',0,NULL,32),
('2024-06-12 10:31:45.812442','2024-06-12 17:22:23.000000','2024-06-12 15:22:23','japhet@tdmc.co.za',1,'2024-06-12 08:35:07',33),
('2024-06-13 12:10:19.935464','2024-06-13 12:27:55.000000','2024-06-13 10:27:55','japhet@tdmc.co.za',0,NULL,34),
('2024-06-13 12:29:49.293713','2024-06-13 14:24:59.000000','2024-06-13 12:24:59','japhet@tdmc.co.za',0,NULL,35),
('2024-06-13 14:25:31.913411','2024-06-18 16:05:58.000000','2024-06-18 14:05:58','japhet@tdmc.co.za',1,'2024-06-18 12:19:08',36),
('2024-06-18 16:06:34.831864','2024-06-19 09:43:14.000000','2024-06-19 07:43:14','japhet@tdmc.co.za',1,'2024-06-19 06:56:45',37),
('2024-06-19 09:44:04.322254','2024-06-19 13:04:01.000000','2024-06-19 11:04:01','japhet@tdmc.co.za',1,'2024-06-19 11:03:37',38),
('2024-06-24 11:57:38.264599','2024-06-24 12:04:39.000000','2024-06-24 10:04:39','japhet@tdmc.co.za',1,NULL,39),
('2024-06-24 12:08:40.735768','2024-07-01 15:53:00.000000','2024-07-01 13:53:00','japhet@tdmc.co.za',1,'2024-07-01 13:29:28',40),
('2024-07-01 15:53:33.270699','2024-07-01 16:01:44.000000','2024-07-01 14:01:44','japhet@tdmc.co.za',1,NULL,41),
('2024-07-01 16:02:24.518187','2024-07-01 16:09:17.000000','2024-07-01 14:09:17','japhet@tdmc.co.za',1,NULL,42),
('2024-07-01 16:09:53.039868','2024-07-05 09:18:55.000000','2024-07-05 07:18:55','japhet@tdmc.co.za',1,'2024-07-04 06:24:15',43),
('2024-07-05 09:29:00.471339','2024-07-05 09:50:08.000000','2024-07-05 07:50:08','japhet@tdmc.co.za',1,'2024-07-05 07:42:18',44),
('2024-07-05 09:51:09.485037','2024-07-23 15:05:59.000000',NULL,'japhet@tdmc.co.za',1,'2024-07-23 13:05:59',45),
('2024-07-18 12:19:59.650490','2024-07-18 12:19:59.650490',NULL,'vannjaphet@gmail.com',1,NULL,46);

--
-- Table structure for table `user_roles_role`
--

CREATE TABLE `user_roles_role` (
  `userId` int(11) NOT NULL,
  `roleId` int(11) NOT NULL,
  PRIMARY KEY (`userId`,`roleId`),
  KEY `IDX_5f9286e6c25594c6b88c108db7` (`userId`),
  KEY `IDX_4be2f7adf862634f5f803d246b` (`roleId`),
  CONSTRAINT `FK_4be2f7adf862634f5f803d246b8` FOREIGN KEY (`roleId`) REFERENCES `role` (`id`) ON DELETE CASCADE ON UPDATE CASCADE,
  CONSTRAINT `FK_5f9286e6c25594c6b88c108db77` FOREIGN KEY (`userId`) REFERENCES `user` (`id`) ON DELETE CASCADE ON UPDATE CASCADE
) ENGINE=InnoDB DEFAULT CHARSET=utf8mb4 COLLATE=utf8mb4_general_ci;

--
-- Dumping data for table `user_roles_role`
--

INSERT INTO `user_roles_role` VALUES
(1,1),
(2,2),
(3,2),
(4,2),
(5,2),
(6,2),
(7,2),
(8,2),
(9,2),
(10,2),
(11,2),
(12,2),
(13,2),
(14,2),
(15,2),
(16,2),
(17,2),
(18,2),
(19,2),
(20,2),
(21,2),
(22,2),
(23,2),
(24,2),
(25,2),
(26,2),
(27,2),
(28,2),
(29,2),
(30,2),
(31,2),
(32,2),
(33,2),
(34,2),
(35,2),
(36,2),
(37,2),
(38,2),
(39,2),
(40,2),
(41,2),
(42,2),
(43,2),
(44,2),
(45,2),
(46,1);

--
-- Table structure for table `zone`
--

CREATE TABLE `zone` (
  `createdAt` datetime(6) NOT NULL DEFAULT current_timestamp(6),
  `updatedAt` datetime(6) NOT NULL DEFAULT current_timestamp(6) ON UPDATE current_timestamp(6),
  `name` varchar(255) NOT NULL,
  `id` int(11) NOT NULL AUTO_INCREMENT,
  PRIMARY KEY (`id`)
) ENGINE=InnoDB AUTO_INCREMENT=6 DEFAULT CHARSET=utf8mb4 COLLATE=utf8mb4_general_ci;

--
-- Dumping data for table `zone`
--

INSERT INTO `zone` VALUES
('2024-06-01 19:19:41.758909','2024-06-01 19:19:41.758909','Asia',1),
('2024-06-01 19:19:41.768957','2024-06-01 19:19:41.768957','Europe',2),
('2024-06-01 19:19:41.783756','2024-06-01 19:19:41.783756','Africa',3),
('2024-06-01 19:19:41.792225','2024-06-01 19:19:41.792225','Oceania',4),
('2024-06-01 19:19:41.807271','2024-06-01 19:19:41.807271','Americas',5);

--
-- Table structure for table `zone_members_region`
--

CREATE TABLE `zone_members_region` (
  `zoneId` int(11) NOT NULL,
  `regionId` int(11) NOT NULL,
  PRIMARY KEY (`zoneId`,`regionId`),
  KEY `IDX_433f45158e4e2b2a2f344714b2` (`zoneId`),
  KEY `IDX_b45b65256486a15a104e17d495` (`regionId`),
  CONSTRAINT `FK_433f45158e4e2b2a2f344714b22` FOREIGN KEY (`zoneId`) REFERENCES `zone` (`id`) ON DELETE CASCADE ON UPDATE CASCADE,
  CONSTRAINT `FK_b45b65256486a15a104e17d495c` FOREIGN KEY (`regionId`) REFERENCES `region` (`id`) ON DELETE CASCADE ON UPDATE CASCADE
) ENGINE=InnoDB DEFAULT CHARSET=utf8mb4 COLLATE=utf8mb4_general_ci;

--
-- Dumping data for table `zone_members_region`
--

INSERT INTO `zone_members_region` VALUES
(1,1),
(1,11),
(1,15),
(1,17),
(1,18),
(1,25),
(1,33),
(1,38),
(1,45),
(1,58),
(1,82),
(1,100),
(1,103),
(1,104),
(1,105),
(1,106),
(1,109),
(1,112),
(1,114),
(1,115),
(1,118),
(1,119),
(1,120),
(1,121),
(1,122),
(1,124),
(1,131),
(1,135),
(1,136),
(1,148),
(1,153),
(1,156),
(1,167),
(1,168),
(1,170),
(1,175),
(1,180),
(1,195),
(1,200),
(1,210),
(1,216),
(1,217),
(1,218),
(1,220),
(1,221),
(1,227),
(1,228),
(1,233),
(1,238),
(1,241),
(1,246),
(2,2),
(2,3),
(2,6),
(2,14),
(2,20),
(2,21),
(2,28),
(2,34),
(2,55),
(2,59),
(2,60),
(2,69),
(2,73),
(2,75),
(2,76),
(2,83),
(2,85),
(2,86),
(2,92),
(2,98),
(2,101),
(2,102),
(2,107),
(2,108),
(2,110),
(2,113),
(2,123),
(2,128),
(2,129),
(2,130),
(2,132),
(2,138),
(2,146),
(2,147),
(2,149),
(2,157),
(2,166),
(2,177),
(2,178),
(2,182),
(2,183),
(2,193),
(2,197),
(2,202),
(2,203),
(2,209),
(2,213),
(2,214),
(2,215),
(2,232),
(2,234),
(3,4),
(3,7),
(3,23),
(3,29),
(3,32),
(3,35),
(3,36),
(3,37),
(3,39),
(3,42),
(3,43),
(3,49),
(3,50),
(3,51),
(3,54),
(3,61),
(3,65),
(3,67),
(3,68),
(3,70),
(3,71),
(3,79),
(3,80),
(3,81),
(3,84),
(3,93),
(3,94),
(3,116),
(3,125),
(3,126),
(3,127),
(3,133),
(3,134),
(3,137),
(3,141),
(3,142),
(3,143),
(3,151),
(3,152),
(3,154),
(3,161),
(3,162),
(3,181),
(3,184),
(3,186),
(3,194),
(3,196),
(3,198),
(3,199),
(3,205),
(3,206),
(3,208),
(3,211),
(3,219),
(3,222),
(3,226),
(3,231),
(3,245),
(3,247),
(3,248),
(4,5),
(4,13),
(4,46),
(4,47),
(4,52),
(4,74),
(4,78),
(4,90),
(4,97),
(4,117),
(4,139),
(4,145),
(4,155),
(4,158),
(4,159),
(4,163),
(4,164),
(4,165),
(4,169),
(4,172),
(4,176),
(4,192),
(4,204),
(4,223),
(4,224),
(4,230),
(4,236),
(4,239),
(4,244),
(5,8),
(5,9),
(5,10),
(5,12),
(5,16),
(5,19),
(5,22),
(5,24),
(5,26),
(5,27),
(5,30),
(5,31),
(5,40),
(5,41),
(5,44),
(5,48),
(5,53),
(5,56),
(5,57),
(5,62),
(5,63),
(5,64),
(5,66),
(5,72),
(5,77),
(5,87),
(5,88),
(5,89),
(5,91),
(5,95),
(5,96),
(5,99),
(5,111),
(5,140),
(5,144),
(5,150),
(5,160),
(5,171),
(5,173),
(5,174),
(5,179),
(5,185),
(5,187),
(5,188),
(5,189),
(5,190),
(5,191),
(5,201),
(5,207),
(5,212),
(5,225),
(5,229),
(5,235),
(5,237),
(5,240),
(5,242),
(5,243);

--
-- Dumping routines for database 'danshop_latest_5june'
--


